000
CXUS53 KPAH 010639
CLMEVV
CLIMATE REPORT
NATIONAL WEATHER SERVICE PADUCAH KY
1239 AM CST FRI DEC 01 2023
...................................
...THE EVANSVILLE IN CLIMATE SUMMARY FOR THE MONTH OF NOVEMBER 2023...
CLIMATE NORMAL PERIOD 1991 TO 2020
CLIMATE RECORD PERIOD 1896 TO 2023
WEATHER OBSERVED NORMAL DEPART LAST YEAR`S
VALUE DATE(S) VALUE FROM VALUE DATE(S)
NORMAL
................................................................
TEMPERATURE (F)
RECORD
HIGH 86 11/01/2016
LOW -3 11/25/1950
HIGHEST 82 11/08 79 11/04
LOWEST 22 11/28 16 11/19
11/29
AVG. MAXIMUM 60.2 56.2 4.0 57.2
AVG. MINIMUM 37.0 36.5 0.5 35.1
MEAN 48.6 46.3 2.3 46.2
DAYS MAX >= 90 0 0.0 0.0 0
DAYS MAX <= 32 0 0.4 -0.4 0
DAYS MIN <= 32 10 12.0 -2.0 15
DAYS MIN <= 0 0 0.0 0.0 0
PRECIPITATION (INCHES)
RECORD
MAXIMUM 9.24 1921
MINIMUM 0.20 1904
TOTALS 0.76 4.11 -3.35 1.16
DAILY AVG. 0.03 0.14 -0.11 0.04
DAYS >= .01 4 9.6 -5.6 8
DAYS >= .10 3 6.4 -3.4 5
DAYS >= .50 0 2.8 -2.8 0
DAYS >= 1.00 0 1.2 -1.2 0
GREATEST
24 HR. TOTAL 0.47 11/20 TO 11/21
SNOWFALL (INCHES)
RECORDS
TOTAL 7.1 1936
TOTALS 0.0 0.2 -0.2 2.5
SINCE 7/1 0.0 0.4 -0.4 MM
SNOWDEPTH AVG. 0 0
DAYS >= TRACE 0
DAYS >= 1.0 0 0.1 -0.1 1
GREATEST
SNOW DEPTH 0 2 11/12
24 HR TOTAL MM
STORM TOTAL 0.0
(MM/DD(HH))
DEGREE DAYS
HEATING TOTAL 494 562 -68 560
SINCE 7/1 695 832 -137 MM
COOLING TOTAL 8 2 6 0
SINCE 1/1 1543 1525 18 MM
FREEZE DATES
EARLIEST 10/31
LATEST 04/24
................................................................
WIND (MPH)
AVERAGE WIND SPEED 5.7
HIGHEST WIND SPEED/DIRECTION 26/200 DATE 11/08
HIGHEST GUST SPEED/DIRECTION 37/210 DATE 11/08
37/210 11/30
SKY COVER
POSSIBLE SUNSHINE (PERCENT) MM
AVERAGE SKY COVER 0.25
NUMBER OF DAYS FAIR 21
NUMBER OF DAYS PC 5
NUMBER OF DAYS CLOUDY 4
AVERAGE RH (PERCENT) 64
WEATHER CONDITIONS. NUMBER OF DAYS WITH
THUNDERSTORM 0 MIXED PRECIP 0
HEAVY RAIN 0 RAIN 2
LIGHT RAIN 6 FREEZING RAIN 0
LT FREEZING RAIN 0 HAIL 0
HEAVY SNOW 0 SNOW 0
LIGHT SNOW 0 SLEET 0
FOG 6 FOG W/VIS <= 1/4 MILE 0
HAZE 2
- INDICATES NEGATIVE NUMBERS.
R INDICATES RECORD WAS SET OR TIED.
MM INDICATES DATA IS MISSING.
T INDICATES TRACE AMOUNT.
[REMARKS:] 6TH DRIEST NOVEMBER AT EVANSVILLE
$$