000
CXUS56 KSLC 310809
CF6EVW
PRELIMINARY LOCAL CLIMATOLOGICAL DATA (WS FORM: F-6)
STATION: EVANSTON WY
MONTH: MARCH
YEAR: 2021
LATITUDE: 41 16 N
LONGITUDE: 111 2 W
TEMPERATURE IN F: :PCPN: SNOW: WIND :SUNSHINE: SKY :PK WND
================================================================================
1 2 3 4 5 6A 6B 7 8 9 10 11 12 13 14 15 16 17 18
12Z AVG MX 2MIN
DY MAX MIN AVG DEP HDD CDD WTR SNW DPTH SPD SPD DIR MIN PSBL S-S WX SPD DR
================================================================================
1 32 5 19 -7 46 0 0.00 M M 4.5 10 170 M M 0 11 280
2 42 20 31 5 34 0 0.00 M M 5.8 13 240 M M 0 14 250
3 42 22 32 5 33 0 0.00 M M 6.7 15 70 M M 0 26 200
4 42 25 34 7 31 0 0.00 M M 6.9 16 260 M M 5 19 260
5 47 23 35 8 30 0 0.00 M M 4.5 9 150 M M 0 10 160
6 50 28 39 11 26 0 0.00 0.0 M 9.1 30 240 M M 1 37 240
7 49 25 37 9 28 0 0.00 0.0 M 4.9 12 280 M M 0 14 280
8 52 33 43 15 22 0 0.00 0.0 M 14.2 31 220 M M 2 39 210
9 40 23 32 3 33 0 0.02 M M 9.5 16 290 M M 8 18 20 320
10 33 18 26 -3 39 0 0.03 M M 7.5 16 260 M M 7 18 19 220
11 29 21 25 -4 40 0 T T M 9.5 21 80 M M 9 1 26 70
12 33 22 28 -2 37 0 0.00 M M 12.8 22 80 M M 9 28 80
13 34 25 30 0 35 0 0.01 M M 11.2 31 70 M M 10 18 42 70
14 42 26 34 4 31 0 0.15 M M 8.2 20 360 M M 4 12 22 350
15 49 24 37 6 28 0 0.00 M M 5.6 14 80 M M 4 8 16 80
16 39 28 34 3 31 0 T M M 9.7 22 80 M M 4 26 60
17 45 24 35 4 30 0 0.00 M M 5.0 12 260 M M 5 16 260
18 52 29 41 9 24 0 0.00 M M 6.5 18 240 M M 4 23 220
19 58 34 46 14 19 0 0.00 M M 9.0 22 200 M M 1 28 200
20 45 26 36 4 29 0 0.22 M M 13.8 31 210 M M 7 12 39 200
21 30 16 23 -9 42 0 0.01 M M 6.4 17 300 M M 6 128 20 290
22 30 12 21 -12 44 0 0.00 M M 10.1 17 240 M M 6 128 24 230
23 35 19 27 -6 38 0 0.05 M M 8.8 21 60 M M 7 128 28 70
24 35 15 25 -8 40 0 0.00 M M 8.4 17 260 M M 3 23 260
25 34 22 28 -6 37 0 0.01 M M 8.6 21 220 M M 10 18 26 220
26 36 23 30 -4 35 0 T M M 9.8 18 300 M M 8 18 27 280
27 43 21 32 -2 33 0 0.00 M M 10.1 16 280 M M 2 22 270
28 54 26 40 6 25 0 0.00 M M 16.2 26 230 M M 0 33 250
29 45 16 31 -4 34 0 T M M 18.2 37 250 M M 3 46 250
30 32 10 21 -14 44 0 0.00 M M 11.5 22 250 M M 3 34 270
================================================================================
SM 1229 661 998 0 0.50 T 273.0 M 128
================================================================================
AV 41.0 22.0 9.1 FASTST M M 4 MAX(MPH)
MISC ----> 37 250 46 250
================================================================================
NOTES:
# LAST OF SEVERAL OCCURRENCES
COLUMN 17 PEAK WIND IN M.P.H.
PRELIMINARY LOCAL CLIMATOLOGICAL DATA (WS FORM: F-6) , PAGE 2
STATION: EVANSTON WY
MONTH: MARCH
YEAR: 2021
LATITUDE: 41 16 N
LONGITUDE: 111 2 W
[TEMPERATURE DATA] [PRECIPITATION DATA] SYMBOLS USED IN COLUMN 16
AVERAGE MONTHLY: 31.5 TOTAL FOR MONTH: 0.50 1 = FOG OR MIST
DPTR FM NORMAL: 0.8 DPTR FM NORMAL: -0.32 2 = FOG REDUCING VISIBILITY
HIGHEST: 58 ON 19 GRTST 24HR 0.22 ON 20-20 TO 1/4 MILE OR LESS
LOWEST: 5 ON 1 3 = THUNDER
SNOW, ICE PELLETS, HAIL 4 = ICE PELLETS
TOTAL MONTH: T 5 = HAIL
GRTST 24HR T ON 11-11 6 = FREEZING RAIN OR DRIZZLE
GRTST DEPTH: M ON M 7 = DUSTSTORM OR SANDSTORM:
VSBY 1/2 MILE OR LESS
8 = SMOKE OR HAZE
[NO. OF DAYS WITH] [WEATHER - DAYS WITH] 9 = BLOWING SNOW
X = TORNADO
MAX 32 OR BELOW: 5 0.01 INCH OR MORE: 8
MAX 90 OR ABOVE: 0 0.10 INCH OR MORE: 2
MIN 32 OR BELOW: 28 0.50 INCH OR MORE: 0
MIN 0 OR BELOW: 0 1.00 INCH OR MORE: 0
[HDD (BASE 65) ]
TOTAL THIS MO. 998 CLEAR (SCALE 0-3) 13
DPTR FM NORMAL -32 PTCLDY (SCALE 4-7) 12
TOTAL FM JUL 1 6467 CLOUDY (SCALE 8-10) 5
DPTR FM NORMAL -571
[CDD (BASE 65) ]
TOTAL THIS MO. 0
DPTR FM NORMAL 0 [PRESSURE DATA]
TOTAL FM JAN 1 0 HIGHEST SLP M ON M
DPTR FM NORMAL 0 LOWEST SLP 29.56 ON 25
[REMARKS]