000
CXUS51 KOKX 010910
CF6EWR
PRELIMINARY LOCAL CLIMATOLOGICAL DATA (WS FORM: F-6)
STATION: NEWARK NJ
MONTH: MAY
YEAR: 2021
LATITUDE: 40 42 N
LONGITUDE: 74 10 W
TEMPERATURE IN F: :PCPN: SNOW: WIND :SUNSHINE: SKY :PK WND
================================================================================
1 2 3 4 5 6A 6B 7 8 9 10 11 12 13 14 15 16 17 18
12Z AVG MX 2MIN
DY MAX MIN AVG DEP HDD CDD WTR SNW DPTH SPD SPD DIR MIN PSBL S-S WX SPD DR
================================================================================
1 68 43 56 -3 9 0 0.00 0.0 0 15.3 29 300 M M 5 37 310
2 86 56 71 12 0 6 T 0.0 M 13.7 26 240 M M 7 30 240
3 71 55 63 3 2 0 0.47 0.0 0 6.8 12 360 M M 10 13 14 40
4 75 54 65 5 0 0 0.30 0.0 0 7.8 17 120 M M 9 1 25 100
5 64 53 59 -1 6 0 0.26 0.0 0 6.6 22 300 M M 9 1 27 310
6 69 50 60 0 5 0 0.00 0.0 0 12.1 26 330 M M 5 33 350
7 66 48 57 -4 8 0 0.00 0.0 0 8.0 14 160 M M 8 19 140
8 55 48 52 -9 13 0 0.15 0.0 0 6.1 14 110 M M 9 8 18 110
9 65 43 54 -7 11 0 0.38 0.0 0 8.7 20 240 M M 7 1 26 230
10 63 49 56 -6 9 0 0.01 0.0 0 9.2 17 310 M M 8 1 25 310
11 70 50 60 -2 5 0 0.00 0.0 0 11.8 25 260 M M 6 31 260
12 71 47 59 -3 6 0 0.00 0.0 0 14.2 24 320 M M 4 8 32 320
13 74 50 62 0 3 0 0.00 0.0 0 7.8 16 350 M M 2 21 310
14 78 49 64 1 1 0 0.00 0.0 0 7.1 16 210 M M 1 23 220
15 79 54 67 4 0 2 0.00 0.0 0 6.5 14 340 M M 5 17 160
16 76 58 67 4 0 2 0.00 0.0 0 6.0 18 350 M M 8 3 24 230
17 80 54 67 3 0 2 0.00 0.0 0 6.7 12 130 M M 4 18 160
18 85 55 70 6 0 5 0.00 0.0 0 9.2 20 230 M M 3 26 240
19 91 57 74 10 0 9 0.00 0.0 0 6.2 16 360 M M 3 20 360
20 76 60 68 4 0 3 0.00 0.0 0 6.6 15 140 M M 6 20 150
21 83 57 70 5 0 5 0.00 0.0 0 5.5 14 120 M M 4 18 120
22 96 64 80 15 0 15 0.00 0.0 0 8.3 20 280 M M 9 26 290
23 94 68 81 16 0 16 0.00 0.0 0 14.5 25 20 M M 7 33 350
24 68 60 64 -2 1 0 0.00 0.0 0 11.3 22 10 M M 8 26 360
25 81 58 70 4 0 5 0.00 0.0 0 9.7 18 230 M M 8 22 230
26 94 66 80 14 0 15 0.09 0.0 M 12.1 45 260 M M 7 38 55 260
27 87 66 77 11 0 12 0.01 0.0 0 12.3 21 340 M M 6 3 28 300
28 71 52 62 -5 3 0 1.15 0.0 0 13.5 24 50 M M 9 1 33 70
29 52 49 51 -16 14 0 0.58 0.0 0 16.2 25 30 M M 10 1 35 50
30 53 48 51 -16 14 0 1.15 0.0 0 13.7 20 360 M M 10 1 23 20
31 76 51 64 -4 1 0 T 0.0 0 9.1 20 300 M M 8 28 320
================================================================================
SM 2317 1672 111 97 4.55 0.0 302.6 M 205
================================================================================
AV 74.7 53.9 9.8 FASTST M M 7 MAX(MPH)
MISC ----> 45 260 55 260
================================================================================
NOTES:
# LAST OF SEVERAL OCCURRENCES
COLUMN 17 PEAK WIND IN M.P.H.
PRELIMINARY LOCAL CLIMATOLOGICAL DATA (WS FORM: F-6) , PAGE 2
STATION: NEWARK NJ
MONTH: MAY
YEAR: 2021
LATITUDE: 40 42 N
LONGITUDE: 74 10 W
[TEMPERATURE DATA] [PRECIPITATION DATA] SYMBOLS USED IN COLUMN 16
AVERAGE MONTHLY: 64.3 TOTAL FOR MONTH: 4.55 1 = FOG OR MIST
DPTR FM NORMAL: 1.0 DPTR FM NORMAL: 0.58 2 = FOG REDUCING VISIBILITY
HIGHEST: 96 ON 22 GRTST 24HR 1.70 ON 28-29 TO 1/4 MILE OR LESS
LOWEST: 43 ON 9, 1 3 = THUNDER
SNOW, ICE PELLETS, HAIL 4 = ICE PELLETS
TOTAL MONTH: 0.0 INCH 5 = HAIL
GRTST 24HR 0.0 6 = FREEZING RAIN OR DRIZZLE
GRTST DEPTH: 0 7 = DUSTSTORM OR SANDSTORM:
VSBY 1/2 MILE OR LESS
8 = SMOKE OR HAZE
[NO. OF DAYS WITH] [WEATHER - DAYS WITH] 9 = BLOWING SNOW
X = TORNADO
MAX 32 OR BELOW: 0 0.01 INCH OR MORE: 11
MAX 90 OR ABOVE: 4 0.10 INCH OR MORE: 8
MIN 32 OR BELOW: 0 0.50 INCH OR MORE: 3
MIN 0 OR BELOW: 0 1.00 INCH OR MORE: 2
[HDD (BASE 65) ]
TOTAL THIS MO. 111 CLEAR (SCALE 0-3) 4
DPTR FM NORMAL -13 PTCLDY (SCALE 4-7) 16
TOTAL FM JUL 1 4336 CLOUDY (SCALE 8-10) 11
DPTR FM NORMAL -351
[CDD (BASE 65) ]
TOTAL THIS MO. 97
DPTR FM NORMAL 28 [PRESSURE DATA]
TOTAL FM JAN 1 110 HIGHEST SLP M ON M
DPTR FM NORMAL 26 LOWEST SLP 29.64 ON 5
[REMARKS]
#FINAL-05-21#