000
CXUS51 KOKX 010702
CF6EWR
PRELIMINARY LOCAL CLIMATOLOGICAL DATA (WS FORM: F-6)
STATION: NEWARK NJ
MONTH: APRIL
YEAR: 2020
LATITUDE: 40 42 N
LONGITUDE: 74 10 W
TEMPERATURE IN F: :PCPN: SNOW: WIND :SUNSHINE: SKY :PK WND
================================================================================
1 2 3 4 5 6A 6B 7 8 9 10 11 12 13 14 15 16 17 18
12Z AVG MX 2MIN
DY MAX MIN AVG DEP HDD CDD WTR SNW DPTH SPD SPD DIR MIN PSBL S-S WX SPD DR
================================================================================
1 57 39 48 0 17 0 0.00 0.0 0 12.3 21 320 M M 7 29 300
2 60 38 49 1 16 0 0.00 0.0 0 19.5 32 330 M M 4 41 310
3 56 45 51 3 14 0 0.05 0.0 0 17.6 29 340 M M 10 36 330
4 61 46 54 5 11 0 T 0.0 0 8.3 20 10 M M 9 1 23 20
5 64 44 54 5 11 0 0.00 0.0 0 2.9 15 140 M M 8 18 140
6 68 48 58 9 7 0 0.06 M 0 9.0 20 310 M M 5 23 300
7 68 52 60 10 5 0 0.00 0.0 0 6.6 17 210 M M 8 22 230
8 69 49 59 9 6 0 0.22 0.0 0 9.0 21 340 M M 7 1 27 300
9 64 40 52 1 13 0 0.06 0.0 0 12.6 37 300 M M 7 38 48 300
10 50 37 44 -7 21 0 T T 0 22.0 35 290 M M 7 49 280
11 56 37 47 -4 18 0 0.00 0.0 0 13.7 24 290 M M 2 40 280
12 65 37 51 -1 14 0 T 0.0 0 8.1 21 180 M M 6 29 180
13 69 55 62 10 3 0 1.69 0.0 0 17.3 32 170 M M 8 1 48 180
14 60 47 54 2 11 0 T 0.0 0 11.1 23 280 M M 7 34 290
15 54 42 48 -5 17 0 T 0.0 0 12.4 22 290 M M 4 29 280
16 51 37 44 -9 21 0 0.00 0.0 0 15.5 30 280 M M 5 37 270
17 51 32 42 -12 23 0 0.07 0.0 0 8.8 24 270 M M 7 1 30 230
18 47 40 44 -10 21 0 0.16 0.0 0 9.6 23 330 M M 8 1 30 310
19 63 33 48 -6 17 0 0.00 0.0 0 12.7 28 230 M M 5 35 220
20 56 42 49 -5 16 0 0.00 0.0 0 9.2 18 10 M M 8 22 360
21 62 40 51 -4 14 0 0.17 0.0 0 13.3 37 240 M M 5 38 45 240
22 53 36 45 -10 20 0 0.00 0.0 0 15.1 30 260 M M 3 46 270
23 52 40 46 -10 19 0 0.14 T 0 5.7 14 340 M M 9 14 17 340
24 50 42 46 -10 19 0 0.59 0.0 0 11.2 18 20 M M 9 1 23 10
25 64 41 53 -3 12 0 0.00 0.0 0 5.0 15 150 M M 8 1 19 160
26 51 42 47 -9 18 0 0.11 0.0 0 12.7 24 40 M M 10 1 31 40
27 52 40 46 -11 19 0 T 0.0 0 14.2 28 350 M M 10 1 32 340
28 68 40 54 -3 11 0 0.00 0.0 0 7.7 18 300 M M 4 26 310
29 56 49 53 -5 12 0 0.01 0.0 0 9.2 17 100 M M 8 1 26 120
30 59 50 55 -3 10 0 0.47 0.0 0 14.3 31 140 M M 10 18 44 140
================================================================================
SM 1756 1260 436 0 3.80 T 346.6 M 208
================================================================================
AV 58.5 42.0 11.6 FASTST M M 7 MAX(MPH)
MISC ----> # 37 300 # 49 280
================================================================================
NOTES:
# LAST OF SEVERAL OCCURRENCES
COLUMN 17 PEAK WIND IN M.P.H.
PRELIMINARY LOCAL CLIMATOLOGICAL DATA (WS FORM: F-6) , PAGE 2
STATION: NEWARK NJ
MONTH: APRIL
YEAR: 2020
LATITUDE: 40 42 N
LONGITUDE: 74 10 W
[TEMPERATURE DATA] [PRECIPITATION DATA] SYMBOLS USED IN COLUMN 16
AVERAGE MONTHLY: 50.3 TOTAL FOR MONTH: 3.80 1 = FOG OR MIST
DPTR FM NORMAL: -2.5 DPTR FM NORMAL: -0.40 2 = FOG REDUCING VISIBILITY
HIGHEST: 69 ON 13, 8 GRTST 24HR 1.69 ON 13-13 TO 1/4 MILE OR LESS
LOWEST: 32 ON 17 3 = THUNDER
SNOW, ICE PELLETS, HAIL 4 = ICE PELLETS
TOTAL MONTH: T 5 = HAIL
GRTST 24HR T ON 23-23 6 = FREEZING RAIN OR DRIZZLE
GRTST DEPTH: 0 7 = DUSTSTORM OR SANDSTORM:
VSBY 1/2 MILE OR LESS
8 = SMOKE OR HAZE
[NO. OF DAYS WITH] [WEATHER - DAYS WITH] 9 = BLOWING SNOW
X = TORNADO
MAX 32 OR BELOW: 0 0.01 INCH OR MORE: 13
MAX 90 OR ABOVE: 0 0.10 INCH OR MORE: 8
MIN 32 OR BELOW: 1 0.50 INCH OR MORE: 2
MIN 0 OR BELOW: 0 1.00 INCH OR MORE: 1
[HDD (BASE 65) ]
TOTAL THIS MO. 436 CLEAR (SCALE 0-3) 2
DPTR FM NORMAL 60 PTCLDY (SCALE 4-7) 18
TOTAL FM JUL 1 4160 CLOUDY (SCALE 8-10) 10
DPTR FM NORMAL -560
[CDD (BASE 65) ]
TOTAL THIS MO. 0
DPTR FM NORMAL -11 [PRESSURE DATA]
TOTAL FM JAN 1 0 HIGHEST SLP M ON M
DPTR FM NORMAL -12 LOWEST SLP 29.14 ON 9
[REMARKS]
#FINAL-04-20#