000
CXUS53 KIND 011726
CLMEYE
CLIMATE REPORT
NATIONAL WEATHER SERVICE INDIANAPOLIS IN
1226 PM EST FRI DEC 01 2023
...................................
...THE INDIANAPOLIS EAGLE CREEK IN CLIMATE SUMMARY FOR THE MONTH OF NOVEMBER 2023...
CLIMATE NORMAL PERIOD 1991 TO 2020
CLIMATE RECORD PERIOD 9999 TO 9999
WEATHER OBSERVED NORMAL DEPART LAST YEAR`S
VALUE DATE(S) VALUE FROM VALUE DATE(S)
NORMAL
................................................................
TEMPERATURE (F)
HIGHEST 78 11/08 77 11/04
LOWEST 18 11/28 15 11/20
AVG. MAXIMUM 55.4 52.0 3.4 53.9
AVG. MINIMUM 34.1 34.8 -0.7 34.0
MEAN 44.7 43.4 1.3 44.0
DAYS MAX >= 90 0 0.0 0.0 0
DAYS MAX <= 32 1 1.0 0.0 2
DAYS MIN <= 32 14 13.0 1.0 16
DAYS MIN <= 0 0 0.0 0.0 0
PRECIPITATION (INCHES)
TOTALS 0.89R 3.25 -2.36 1.45
DAILY AVG. 0.03 0.11 -0.08 0.05
DAYS >= .01 6 10.2 -4.2 8
DAYS >= .10 4 5.8 -1.8 2
DAYS >= .50 0 2.0 -2.0 1
DAYS >= 1.00 0 0.6 -0.6 1
GREATEST
24 HR. TOTAL 0.42 11/17 TO 11/17
DEGREE DAYS
HEATING TOTAL 602 648 -46 624
SINCE 7/1 877 1022 -145 MM
COOLING TOTAL 0 0 0 0
SINCE 1/1 1105 1128 -23 MM
................................................................
WIND (MPH)
AVERAGE WIND SPEED 6.3
HIGHEST WIND SPEED/DIRECTION 26/300 DATE 11/26
HIGHEST GUST SPEED/DIRECTION 38/270 DATE 11/26
SKY COVER
AVERAGE SKY COVER 0.27
AVERAGE RH (PERCENT) 65
WEATHER CONDITIONS. NUMBER OF DAYS WITH
THUNDERSTORM 0 MIXED PRECIP 0
HEAVY RAIN 1 RAIN 7
LIGHT RAIN 7 FREEZING RAIN 0
LT FREEZING RAIN 0 HAIL 0
HEAVY SNOW 0 SNOW 1
LIGHT SNOW 2 SLEET 0
FOG 8 FOG W/VIS <= 1/4 MILE 1
HAZE 1
- INDICATES NEGATIVE NUMBERS.
R INDICATES RECORD WAS SET OR TIED.
MM INDICATES DATA IS MISSING.
T INDICATES TRACE AMOUNT.
$$