498
CXUS52 KKEY 010742 CCA
CF6EYW
PRELIMINARY LOCAL CLIMATOLOGICAL DATA (WS FORM: F-6)...CORRECTED
STATION: KEY WEST
MONTH: JULY
YEAR: 2020
LATITUDE: 24 32 N
LONGITUDE: 81 45 W
TEMPERATURE IN F: :PCPN: SNOW: WIND :SUNSHINE: SKY :PK WND
================================================================================
1 2 3 4 5 6A 6B 7 8 9 10 11 12 13 14 15 16 17 18
12Z AVG MX 2MIN
DY MAX MIN AVG DEP HDD CDD WTR SNW DPTH SPD SPD DIR MIN PSBL S-S WX SPD DR
================================================================================
1 91 84 88 4 0 23 0.00 0.0 0 6.0 10 130 M M 1 16 160
2 91 84 88 4 0 23 0.00 0.0 0 6.1 12 130 M M 1 17 150
3 91 85 88 4 0 23 0.00 0.0 0 4.8 10 210 M M 3 15 170
4 92 83 88 4 0 23 0.00 0.0 0 5.3 12 340 M M 2 3 15 280
5 91 86 89 5 0 24 T 0.0 0 5.7 10 200 M M 1 3 18 210
6 92 83 88 4 0 23 T 0.0 0 7.3 13 290 M M 1 3 17 50
7 92 80 86 2 0 21 0.19 0.0 0 6.4 14 60 M M 2 21 60
8 93 82 88 4 0 23 0.02 0.0 0 5.5 13 90 M M 3 3 16 90
9 93 82 88 4 0 23 0.67 0.0 0 3.3 13 110 M M 4 13 16 110
10 94 82 88 4 0 23 0.09 0.0 0 5.6 14 310 M M 2 3 18 300
11 93 85 89 5 0 24 T 0.0 0 9.4 17 300 M M 2 23 300
12 91 80 86 1 0 21 0.05 0.0 0 10.0 17 240 M M 3 3 21 250
13 92 84 88 3 0 23 0.00 0.0 0 9.5 15 240 M M 1 19 250
14 94 85 90 5 0 25 0.00 0.0 0 4.7 10 240 M M 2 15 250
15 94 78 86 1 0 21 0.10 0.0 0 5.3 18 70 M M 4 13 26 70
16 90 78 84 -1 0 19 0.39 0.0 0 6.8 21 130 M M 3 138 29 40
17 89 79 84 -1 0 19 0.10 0.0 0 10.9 31 100 M M 3 13 39 90
18 88 77 83 -2 0 18 0.37 0.0 0 10.0 22 100 M M 2 138 26 90
19 89 79 84 -1 0 19 0.12 0.0 0 6.9 23 150 M M 4 3 32 150
20 89 80 85 0 0 20 0.21 0.0 0 10.9 28 130 M M 4 38 35 100
21 84 76 80 -5 0 15 2.35 0.0 0 18.0 38 150 M M 7 123 45 150
22 87 76 82 -3 0 17 0.81 0.0 0 9.6 31 180 M M 2 13 39 170
23 86 76 81 -4 0 16 0.58 0.0 0 12.6 29 110 M M 4 138 37 110
24 89 79 84 -1 0 19 0.14 0.0 0 13.0 25 120 M M 3 38 32 130
25 89 81 85 0 0 20 T 0.0 0 11.5 23 100 M M 1 3 29 100
26 89 80 85 0 0 20 T 0.0 0 11.5 26 180 M M 3 3 33 170
27 90 82 86 1 0 21 0.00 0.0 0 9.5 15 110 M M 2 19 140
28 90 84 87 2 0 22 0.00 0.0 0 12.0 16 110 M M 2 24 120
29 91 83 87 2 0 22 T 0.0 0 10.6 18 120 M M 1 23 130
30 91 84 88 3 0 23 0.00 0.0 0 10.2 16 110 M M 1 21 100
31 93 83 88 3 0 23 0.00 0.0 0 12.9 21 100 M M 2 29 80
================================================================================
SM 2808 2520 0 656 6.19 0.0 271.8 M 76
================================================================================
AV 90.6 81.3 8.8 FASTST M M 2 MAX(MPH)
MISC ----> # 38 150 # 45 150
================================================================================
NOTES:
# LAST OF SEVERAL OCCURRENCES
COLUMN 17 PEAK WIND IN M.P.H.
PRELIMINARY LOCAL CLIMATOLOGICAL DATA (WS FORM: F-6) , PAGE 2
STATION: KEY WEST
MONTH: JULY
YEAR: 2020
LATITUDE: 24 32 N
LONGITUDE: 81 45 W
[TEMPERATURE DATA] [PRECIPITATION DATA] SYMBOLS USED IN COLUMN 16
AVERAGE MONTHLY: 85.9 TOTAL FOR MONTH: 6.19 1 = FOG OR MIST
DPTR FM NORMAL: 1.4 DPTR FM NORMAL: 2.64 2 = FOG REDUCING VISIBILITY
HIGHEST: 94 ON 15,14 GRTST 24HR 2.35 ON 21-21 TO 1/4 MILE OR LESS
LOWEST: 76 ON 23,22 3 = THUNDER
SNOW, ICE PELLETS, HAIL 4 = ICE PELLETS
TOTAL MONTH: 0.0 INCH 5 = HAIL
GRTST 24HR 0.0 6 = FREEZING RAIN OR DRIZZLE
GRTST DEPTH: 0 7 = DUSTSTORM OR SANDSTORM:
VSBY 1/2 MILE OR LESS
8 = SMOKE OR HAZE
[NO. OF DAYS WITH] [WEATHER - DAYS WITH] 9 = BLOWING SNOW
X = TORNADO
MAX 32 OR BELOW: 0 0.01 INCH OR MORE: 15
MAX 90 OR ABOVE: 21 0.10 INCH OR MORE: 12
MIN 32 OR BELOW: 0 0.50 INCH OR MORE: 4
MIN 0 OR BELOW: 0 1.00 INCH OR MORE: 1
[HDD (BASE 65) ]
TOTAL THIS MO. 0 CLEAR (SCALE 0-3) 25
DPTR FM NORMAL 0 PTCLDY (SCALE 4-7) 6
TOTAL FM JUL 1 0 CLOUDY (SCALE 8-10) 0
DPTR FM NORMAL 0
[CDD (BASE 65) ]
TOTAL THIS MO. 656
DPTR FM NORMAL 50 [PRESSURE DATA]
TOTAL FM JAN 1 3184 HIGHEST SLP M ON M
DPTR FM NORMAL 599 LOWEST SLP 29.91 ON M
[REMARKS]
#FINAL-07-20#
CORRECTED DAILY AVERAGE DEPARTURE FROM NORMAL VALUES ON JULY 12, 13, AND 14.
CORRECTED DAYS WITH CLEAR AND PARTLY CLOUDY (PTCLDY) SKIES.
ROSS