000
CXUS56 KHNX 030957
CLMFAT
CLIMATE REPORT
NATIONAL WEATHER SERVICE
257 AM PDT SAT JUN 03 2023
...................................
...THE FRESNO CA CLIMATE SUMMARY FOR THE MONTH OF MAY 2023...
CLIMATE NORMAL PERIOD 1991 TO 2020
CLIMATE RECORD PERIOD 1887 TO 2023
WEATHER OBSERVED NORMAL DEPART LAST YEAR`S
VALUE DATE(S) VALUE FROM VALUE DATE(S)
NORMAL
................................................................
TEMPERATURE (F)
RECORD
HIGH 110 05/31/1910
LOW 36 05/05/1975
05/07/1965
HIGHEST 99 05/14 MM 103 05/25
LOWEST 50 05/03 MM 45 05/11
05/07
05/01
MEAN 70.7 70.2 0.5 71.5
DAYS MAX >= 90 11 8.8 2.2 10
DAYS MIN <= 32 0 0.0 0.0 0
PRECIPITATION (INCHES)
RECORD
MAXIMUM 2.88 1906
MINIMUM 0.00 2022
TOTALS 0.35 0.42 -0.07
DAYS >= .01 2 2.7 -0.7 0
DAYS >= .10 1 1.3 -0.3 0
DAYS >= .50 0 0.1 -0.1 0
DAYS >= 1.00 0 0.0 0.0 0
SNOWFALL (INCHES)
RECORDS
TOTAL T 2015
TOTALS 0.0 0.0
DEGREE DAYS
HEATING TOTAL 35 32 3 29
SINCE 7/1 2378 2182 196 MM
COOLING TOTAL 218 191 27 238
SINCE 1/1 310 245 65 MM
................................................................
WIND (MPH)
AVERAGE WIND SPEED 8.4
HIGHEST WIND SPEED/DIRECTION 21/310 DATE 05/09
21/310 05/17
HIGHEST GUST SPEED/DIRECTION 27/270 DATE 05/01
AVERAGE RH (PERCENT) 51
WEATHER CONDITIONS. NUMBER OF DAYS WITH
THUNDERSTORM 0 RAIN 1
HAIL 0 FOG 1
FOG W/VIS <= 1/4 MILE 0 HAZE 0
- INDICATES NEGATIVE NUMBERS.
R INDICATES RECORD WAS SET OR TIED.
MM INDICATES DATA IS MISSING.
T INDICATES TRACE AMOUNT.
$$