000
CXUS54 KOUN 010810
CF6FDR
PRELIMINARY LOCAL CLIMATOLOGICAL DATA (WS FORM: F-6)
STATION: FREDERICK MUNICIPAL
MONTH: JUNE
YEAR: 2022
LATITUDE: 34 21 N
LONGITUDE: 98 59 W
TEMPERATURE IN F: :PCPN: SNOW: WIND :SUNSHINE: SKY :PK WND
================================================================================
1 2 3 4 5 6A 6B 7 8 9 10 11 12 13 14 15 16 17 18
12Z AVG MX 2MIN
DY MAX MIN AVG DEP HDD CDD WTR SNW DPTH SPD SPD DIR MIN PSBL S-S WX SPD DR
================================================================================
1 M M M M M M M M M M M M M M M M M
2 -99 -99 -99-177 164 0 M M M 11.5 12 350 M M 10 M M
3 77 65 71 -8 0 6 0.27 M M 8.1 25 150 M M 0 1 31 140
4 86 64 75 -4 0 10 0.00 M M 9.3 18 130 M M 3 12 22 130
5 95 69 82 3 0 17 0.00 M M 16.1 28 160 M M 0 1 35 140
6 92 72 82 3 0 17 0.00 M M 12.9 22 170 M M 0 29 170
7 89 73 81 1 0 16 0.00 M M 13.5 25 40 M M 3 30 40
8 86 68 77 -3 0 12 0.13 M M 14.6 46 360 M M 2 13 56 340
9 91 67 79 -1 0 14 0.39 M M 10.6 37 300 M M 3 138 52 300
10 97 67 82 2 0 17 0.70 M M 6.9 22 310 M M 1 13 30 310
11 105 73 89 9 0 24 0.00 M M 10.7 21 190 M M 0 1 32 170
12 107 73 90 9 0 25 0.00 M M 15.9 28 190 M M 0 32 190
13 104 72 88 7 0 23 0.00 M M 18.0 30 170 M M 0 40 160
14 100 78 89 8 0 24 0.00 M M 21.4 30 170 M M 0 37 190
15 102 79 91 10 0 26 0.00 M M 20.7 32 200 M M 0 39 200
16 101 75 88 7 0 23 0.00 M M 11.8 20 200 M M 0 23 210
17 101 71 86 4 0 21 0.00 M M 9.5 20 110 M M 0 24 130
18 99 74 87 5 0 22 0.00 M M 10.4 33 170 M M 1 38 43 170
19 99 73 86 4 0 21 0.00 M M 13.1 22 140 M M 1 27 120
20 103 76 90 8 0 25 0.00 0.0 M 13.8 24 180 M M 0 34 200
21 102 74 88 6 0 23 0.00 0.0 M 9.6 22 120 M M 0 27 130
22 101 73 87 5 0 22 0.00 0.0 M 7.9 17 110 M M 0 24 120
23 103 73 88 6 0 23 0.00 M M 10.2 17 150 M M 0 27 160
24 106 75 91 9 0 26 0.00 M M 14.1 23 240 M M 0 29 180
25 106 76 91 8 0 26 0.00 M M 10.4 20 220 M M 0 24 200
26 93 72 83 0 0 18 0.00 M M 17.8 29 10 M M 0 36 20
27 91 65 78 -5 0 13 0.00 M M 9.9 17 60 M M 0 23 50
28 86 70 78 -5 0 13 T M M 10.1 17 50 M M 3 21 40
29 92 65 79 -4 0 14 M M M 7.1 16 140 M M 0 22 130
30 101 65 83 0 0 18 0.00 0.0 0 9.6 21 160 M M 0 24 160
================================================================================
SM 2616 1898 164 539 1.49 0.0 355.5 M 27
================================================================================
AV 90.2 65.4 12.3 FASTST M M 1 MAX(MPH)
MISC ----> 46 360 56 340
================================================================================
NOTES:
# LAST OF SEVERAL OCCURRENCES
COLUMN 17 PEAK WIND IN M.P.H.
PRELIMINARY LOCAL CLIMATOLOGICAL DATA (WS FORM: F-6) , PAGE 2
STATION: FREDERICK MUNICIPAL
MONTH: JUNE
YEAR: 2022
LATITUDE: 34 21 N
LONGITUDE: 98 59 W
[TEMPERATURE DATA] [PRECIPITATION DATA] SYMBOLS USED IN COLUMN 16
AVERAGE MONTHLY: 77.8 TOTAL FOR MONTH: 1.49 1 = FOG OR MIST
DPTR FM NORMAL: -3.3 DPTR FM NORMAL: M 2 = FOG REDUCING VISIBILITY
HIGHEST: 107 ON 12 GRTST 24HR 0.70 ON 10-10 TO 1/4 MILE OR LESS
LOWEST: -99 ON 2 3 = THUNDER
SNOW, ICE PELLETS, HAIL 4 = ICE PELLETS
TOTAL MONTH: 0.0 INCH 5 = HAIL
GRTST 24HR 0.0 6 = FREEZING RAIN OR DRIZZLE
GRTST DEPTH: 0 7 = DUSTSTORM OR SANDSTORM:
VSBY 1/2 MILE OR LESS
8 = SMOKE OR HAZE
[NO. OF DAYS WITH] [WEATHER - DAYS WITH] 9 = BLOWING SNOW
X = TORNADO
MAX 32 OR BELOW: 1 0.01 INCH OR MORE: 4
MAX 90 OR ABOVE: 23 0.10 INCH OR MORE: 4
MIN 32 OR BELOW: 1 0.50 INCH OR MORE: 1
MIN 0 OR BELOW: 1 1.00 INCH OR MORE: 0
[HDD (BASE 65) ]
TOTAL THIS MO. 164 CLEAR (SCALE 0-3) 25
DPTR FM NORMAL 164 PTCLDY (SCALE 4-7) 3
TOTAL FM JUL 1 2725 CLOUDY (SCALE 8-10) 2
DPTR FM NORMAL -251
[CDD (BASE 65) ]
TOTAL THIS MO. 539
DPTR FM NORMAL 58 [PRESSURE DATA]
TOTAL FM JAN 1 1078 HIGHEST SLP M ON M
DPTR FM NORMAL 258 LOWEST SLP 28.46 ON 4
[REMARKS]
#FINAL-06-22#