000
CXUS52 KFFC 011010
CF6FFC
PRELIMINARY LOCAL CLIMATOLOGICAL DATA (WS FORM: F-6)
STATION: PEACHTREE CITY
MONTH: AUGUST
YEAR: 2021
LATITUDE: 33 20 N
LONGITUDE: 84 34 W
TEMPERATURE IN F: :PCPN: SNOW: WIND :SUNSHINE: SKY :PK WND
================================================================================
1 2 3 4 5 6A 6B 7 8 9 10 11 12 13 14 15 16 17 18
12Z AVG MX 2MIN
DY MAX MIN AVG DEP HDD CDD WTR SNW DPTH SPD SPD DIR MIN PSBL S-S WX SPD DR
================================================================================
1 90 73 82 1 0 17 0.00 M M 5.0 15 310 M M 1 13 21 320
2 91 72 82 1 0 17 0.06 M M 3.9 13 360 M M 2 18 18 340
3 86 70 78 -3 0 13 0.33 M M 4.0 12 350 M M 9 18 17 330
4 86 68 77 -4 0 12 0.00 M M 2.3 10 120 M M 5 18 15 90
5 87 66 77 -4 0 12 0.00 M M 3.2 12 120 M M 3 1 17 120
6 89 66 78 -3 0 13 0.00 M M 2.0 9 90 M M 2 1 14 70
7 91 70 81 0 0 16 0.00 0.0 M 1.6 18 320 M M 3 25 330
8 91 68 80 -1 0 15 0.00 M M 0.7 10 300 M M 1 1 15 310
9 92 69 81 0 0 16 0.02 M M 1.1 9 320 M M 1 138 16 30
10 93 70 82 1 0 17 0.04 M M 1.0 17 150 M M 1 138 28 130
11 92 70 81 1 0 16 1.07 M M 2.3 17 210 M M 2 1238 30 230
12 92 70 81 1 0 16 0.00 M M 2.1 13 310 M M 1 13 17 300
13 93 70 82 2 0 17 0.00 M M 1.4 7 250 M M 0 11 290
14 96 71 84 4 0 19 0.39 M M 3.3 24 130 M M 2 138 34 140
15 87 73 80 0 0 15 0.02 M M 4.5 17 120 M M 5 3 21 130
16 84 73 79 -1 0 14 0.81 M M 5.5 14 110 M M 5 1 19 120
17 80 71 76 -4 0 11 M M M 6.3 15 130 M M 3 1 29 120
18 91 69 80 0 0 15 0.00 M M 1.0 8 210 M M 2 3 15 220
19 91 73 82 2 0 17 0.05 M M 2.3 18 350 M M 1 13 25 350
20 87 72 80 0 0 15 T M M 2.9 10 320 M M 4 3 15 290
21 87 74 81 2 0 16 0.00 M M 3.7 9 280 M M 4 14 300
22 89 74 82 3 0 17 0.04 M M 4.8 16 290 M M 5 18 24 290
23 94 73 84 5 0 19 0.00 M M 1.1 8 80 M M 2 1 11 50
24 95 72 84 5 0 19 0.00 M M 1.9 9 130 M M 0 1 17 110
25 92 73 83 4 0 18 0.00 M M 3.4 13 170 M M 1 138 23 180
26 90 71 81 2 0 16 0.00 M M 2.1 9 130 M M 3 12 15 130
27 91 71 81 3 0 16 0.00 M M 4.2 18 140 M M 2 1 28 140
28 89 73 81 3 0 16 0.40 M M 4.4 30 120 M M 4 1238 40 130
29 89 74 82 4 0 17 0.00 M M 4.2 13 130 M M 5 1 19 90
30 87 72 80 2 0 15 0.08 M M 2.9 15 140 M M 3 13 22 150
31 80 73 77 -1 0 12 0.22 M M 8.6 17 140 M M 8 18 33 180
================================================================================
SM 2772 2204 0 484 3.53 0.0 97.7 M 90
================================================================================
AV 89.4 71.1 3.2 FASTST M M 3 MAX(MPH)
MISC ----> 30 120 40 130
================================================================================
NOTES:
# LAST OF SEVERAL OCCURRENCES
COLUMN 17 PEAK WIND IN M.P.H.
PRELIMINARY LOCAL CLIMATOLOGICAL DATA (WS FORM: F-6) , PAGE 2
STATION: PEACHTREE CITY
MONTH: AUGUST
YEAR: 2021
LATITUDE: 33 20 N
LONGITUDE: 84 34 W
[TEMPERATURE DATA] [PRECIPITATION DATA] SYMBOLS USED IN COLUMN 16
AVERAGE MONTHLY: 80.3 TOTAL FOR MONTH: 3.53 1 = FOG OR MIST
DPTR FM NORMAL: 0.5 DPTR FM NORMAL: -0.43 2 = FOG REDUCING VISIBILITY
HIGHEST: 96 ON 14 GRTST 24HR 2.53 ON 16-17 TO 1/4 MILE OR LESS
LOWEST: 66 ON 6, 5 3 = THUNDER
SNOW, ICE PELLETS, HAIL 4 = ICE PELLETS
TOTAL MONTH: 0.0 INCH 5 = HAIL
GRTST 24HR 0.0 6 = FREEZING RAIN OR DRIZZLE
GRTST DEPTH: M ON M 7 = DUSTSTORM OR SANDSTORM:
VSBY 1/2 MILE OR LESS
8 = SMOKE OR HAZE
[NO. OF DAYS WITH] [WEATHER - DAYS WITH] 9 = BLOWING SNOW
X = TORNADO
MAX 32 OR BELOW: 0 0.01 INCH OR MORE: 13
MAX 90 OR ABOVE: 17 0.10 INCH OR MORE: 6
MIN 32 OR BELOW: 0 0.50 INCH OR MORE: 2
MIN 0 OR BELOW: 0 1.00 INCH OR MORE: 1
[HDD (BASE 65) ]
TOTAL THIS MO. 0 CLEAR (SCALE 0-3) 19
DPTR FM NORMAL 0 PTCLDY (SCALE 4-7) 11
TOTAL FM JUL 1 0 CLOUDY (SCALE 8-10) 1
DPTR FM NORMAL 0
[CDD (BASE 65) ]
TOTAL THIS MO. 484
DPTR FM NORMAL 25 [PRESSURE DATA]
TOTAL FM JAN 1 1447 HIGHEST SLP 30.23 ON 10
DPTR FM NORMAL -137 LOWEST SLP 29.64 ON 31
[REMARKS]
#FINAL-08-21#