000
CXUS53 KMKX 010810
CF6FLD
PRELIMINARY LOCAL CLIMATOLOGICAL DATA (WS FORM: F-6)
STATION: FOND_DU_LAC WI
MONTH: JUNE
YEAR: 2023
LATITUDE: 43 46 N
LONGITUDE: 88 29 W
TEMPERATURE IN F: :PCPN: SNOW: WIND :SUNSHINE: SKY :PK WND
================================================================================
1 2 3 4 5 6A 6B 7 8 9 10 11 12 13 14 15 16 17 18
12Z AVG MX 2MIN
DY MAX MIN AVG DEP HDD CDD WTR SNW DPTH SPD SPD DIR MIN PSBL S-S WX SPD DR
================================================================================
1 88 59 74 11 0 9 T M M 6.0 15 120 M M 1 1 21 130
2 89 60 75 11 0 10 T M M 5.1 17 70 M M 0 138 24 60
3 89 57 73 9 0 8 0.00 M M 5.8 17 70 M M 0 18 23 100
4 79 55 67 3 0 2 0.00 M M 5.0 12 140 M M 0 8 15 130
5 86 53 70 5 0 5 0.00 M M 3.3 13 110 M M 0 8 17 50
6 77 59 68 3 0 3 0.21 M M 7.8 18 10 M M 4 13 24 10
7 75 51 63 -2 2 0 0.00 M M 8.3 21 20 M M 0 26 30
8 76 42 59 -7 6 0 T M M 4.6 16 40 M M 0 26 40
9 83 43 63 -3 2 0 0.00 M M 4.6 15 40 M M 0 20 40
10 80 56 68 2 0 3 0.28 M M 8.4 22 40 M M 5 1 31 40
11 57 42 50 -16 15 0 0.69 M M 13.0 24 30 M M 8 1 33 30
12 71 42 57 -10 8 0 0.00 M M 8.0 16 300 M M 5 23 300
13 62 53 58 -9 7 0 1.06 M M 10.3 21 330 M M 10 1 30 320
14 77 59 68 1 0 3 T M M 4.0 9 20 M M 5 1 13 20
15 65 56 61 -7 4 0 T M M 11.3 20 20 M M 9 1 26 360
16 71 54 63 -5 2 0 0.00 M M 6.2 14 20 M M 4 18 19 20
17 80 52 66 -2 0 1 M M M 4.4 8 150 M M 0 128 M M
18 80 55 68 0 0 3 0.00 M M 8.3 17 130 M M 1 24 130
19 85 60 73 4 0 8 0.00 M M 6.2 14 120 M M 1 19 110
20 85 55 70 1 0 5 0.00 0.0 0 6.4 18 60 M M 0 26 50
21 86 62 74 5 0 9 0.00 0.0 0 6.6 15 140 M M 0 21 140
22 86 58 72 3 0 7 0.00 M M 4.6 13 90 M M 1 17 70
23 88 57 73 4 0 8 0.00 M M 4.3 10 20 M M 0 18 18 40
24 90 58 74 4 0 9 0.12 M M 7.2 22 80 M M 1 1 26 70
25 80 64 72 2 0 7 0.12 M M 7.2 17 240 M M 6 3 26 230
26 75 64 70 0 0 5 0.04 M M 13.0 22 330 M M 10 18 33 340
27 78 59 69 -1 0 4 0.00 M M 8.5 15 40 M M 5 8 22 10
28 84 55 70 0 0 5 0.00 M M 9.2 18 150 M M 1 8 26 160
29 89 65 77 7 0 12 0.00 M M 5.4 12 310 M M 2 8 19 300
30 89 62 76 6 0 11 0.00 M M 6.0 17 270 M M 1 1 24 300
================================================================================
SM 2400 1667 46 137 2.52 0.0 209.0 M 80
================================================================================
AV 80.0 55.6 7.0 FASTST M M 3 MAX(MPH)
MISC ----> 24 30 # 33 30
================================================================================
NOTES:
# LAST OF SEVERAL OCCURRENCES
COLUMN 17 PEAK WIND IN M.P.H.
PRELIMINARY LOCAL CLIMATOLOGICAL DATA (WS FORM: F-6) , PAGE 2
STATION: FOND_DU_LAC WI
MONTH: JUNE
YEAR: 2023
LATITUDE: 43 46 N
LONGITUDE: 88 29 W
[TEMPERATURE DATA] [PRECIPITATION DATA] SYMBOLS USED IN COLUMN 16
AVERAGE MONTHLY: 67.8 TOTAL FOR MONTH: 2.52 1 = FOG OR MIST
DPTR FM NORMAL: 0.4 DPTR FM NORMAL: -1.62 2 = FOG REDUCING VISIBILITY
HIGHEST: 90 ON 24 GRTST 24HR 1.06 ON 13-13 TO 1/4 MILE OR LESS
LOWEST: 42 ON 12,11 3 = THUNDER
SNOW, ICE PELLETS, HAIL 4 = ICE PELLETS
TOTAL MONTH: 0.0 INCH 5 = HAIL
GRTST 24HR 0.0 6 = FREEZING RAIN OR DRIZZLE
GRTST DEPTH: 0 7 = DUSTSTORM OR SANDSTORM:
VSBY 1/2 MILE OR LESS
8 = SMOKE OR HAZE
[NO. OF DAYS WITH] [WEATHER - DAYS WITH] 9 = BLOWING SNOW
X = TORNADO
MAX 32 OR BELOW: 0 0.01 INCH OR MORE: 7
MAX 90 OR ABOVE: 1 0.10 INCH OR MORE: 6
MIN 32 OR BELOW: 0 0.50 INCH OR MORE: 2
MIN 0 OR BELOW: 0 1.00 INCH OR MORE: 1
[HDD (BASE 65) ]
TOTAL THIS MO. 46 CLEAR (SCALE 0-3) 19
DPTR FM NORMAL -4 PTCLDY (SCALE 4-7) 7
TOTAL FM JUL 1 6571 CLOUDY (SCALE 8-10) 4
DPTR FM NORMAL -708
[CDD (BASE 65) ]
TOTAL THIS MO. 137
DPTR FM NORMAL 13 [PRESSURE DATA]
TOTAL FM JAN 1 176 HIGHEST SLP M ON M
DPTR FM NORMAL 18 LOWEST SLP 29.50 ON 25
[REMARKS]
#FINAL-06-23#