000
CXUS52 KMFL 081804
CF6FLL
PRELIMINARY LOCAL CLIMATOLOGICAL DATA (WS FORM: F-6)
STATION: FORT LAUDERDALE
MONTH: JULY
YEAR: 2022
LATITUDE: 26 4 N
LONGITUDE: 80 9 W
TEMPERATURE IN F: :PCPN: SNOW: WIND :SUNSHINE: SKY :PK WND
================================================================================
1 2 3 4 5 6A 6B 7 8 9 10 11 12 13 14 15 16 17 18
12Z AVG MX 2MIN
DY MAX MIN AVG DEP HDD CDD WTR SNW DPTH SPD SPD DIR MIN PSBL S-S WX SPD DR
================================================================================
1 90 80 85 2 0 20 0.05 0.0 0 M M M M M M M M
2 89 76 83 0 0 18 0.56 0.0 0 11.8 22 130 M M 5 1 30 140
3 89 82 86 3 0 21 0.00 0.0 0 11.9 17 120 M M 4 22 100
4 89 82 86 3 0 21 0.00 0.0 0 10.2 17 90 M M 4 24 80
5 89 80 85 1 0 20 T 0.0 0 9.8 18 100 M M 6 1 22 100
6 90 80 85 1 0 20 0.01 0.0 0 8.5 20 130 M M 5 24 140
7 90 79 85 1 0 20 0.00 0.0 0 9.7 18 130 M M 5 24 130
8 89 80 85 1 0 20 0.15 0.0 0 11.4 22 120 M M 4 18 28 150
9 91 81 86 2 0 21 T 0.0 0 10.1 23 140 M M 4 31 140
10 92 79 86 2 0 21 T 0.0 0 6.3 21 260 M M 4 18 25 260
11 92 80 86 2 0 21 0.00 0.0 M 7.5 20 130 M M 3 3 24 140
12 92 81 87 3 0 22 0.00 0.0 0 8.1 18 140 M M 4 24 130
13 92 82 87 3 0 22 0.00 0.0 0 6.8 20 120 M M 4 24 140
14 91 77 84 0 0 19 T 0.0 0 7.9 24 110 M M 4 138 27 120
15 88 77 83 -1 0 18 T 0.0 0 13.0 33 110 M M 6 38 41 120
16 90 76 83 -1 0 18 0.00 0.0 0 9.3 18 130 M M 6 138 24 150
17 91 77 84 0 0 19 0.15 M M 10.2 22 130 M M 7 13 28 130
18 91 82 87 3 0 22 0.13 0.0 0 11.0 22 140 M M 3 1 27 130
19 90 81 86 2 0 21 0.00 0.0 0 9.2 17 130 M M 3 22 130
20 90 83 87 3 0 22 0.00 0.0 0 10.9 17 110 M M 2 23 130
21 90 82 86 2 0 21 0.00 0.0 0 10.8 18 110 M M 4 22 110
22 91 76 84 0 0 19 0.33 0.0 0 9.9 31 120 M M 7 138 35 120
23 90 77 84 0 0 19 T 0.0 0 11.6 22 120 M M 5 26 120
24 90 83 87 3 0 22 T 0.0 0 13.0 28 110 M M 5 32 120
25 90 79 85 1 0 20 0.10 0.0 0 13.7 26 90 M M 6 13 29 90
26 88 74 81 -3 0 16 0.55 0.0 0 11.6 32 130 M M 9 13 41 130
27 90 74 82 -2 0 17 0.10 0.0 0 9.0 26 200 M M 6 13 37 150
28 89 82 86 2 0 21 0.00 0.0 0 10.7 16 100 M M 3 25 350
29 90 82 86 2 0 21 0.00 0.0 0 12.9 18 120 M M 3 24 100
30 90 83 87 3 0 22 0.00 0.0 0 13.8 20 100 M M 3 23 90
31 90 83 87 3 0 22 0.00 0.0 0 13.8 18 100 M M 5 27 130
================================================================================
SM 2793 2470 0 626 2.13 0.0 314.4 M 139
================================================================================
AV 90.1 79.7 10.5 FASTST M M 5 MAX(MPH)
MISC ----> 33 110 # 41 120
================================================================================
NOTES:
# LAST OF SEVERAL OCCURRENCES
COLUMN 17 PEAK WIND IN M.P.H.
PRELIMINARY LOCAL CLIMATOLOGICAL DATA (WS FORM: F-6) , PAGE 2
STATION: FORT LAUDERDALE
MONTH: JULY
YEAR: 2022
LATITUDE: 26 4 N
LONGITUDE: 80 9 W
[TEMPERATURE DATA] [PRECIPITATION DATA] SYMBOLS USED IN COLUMN 16
AVERAGE MONTHLY: 84.9 TOTAL FOR MONTH: 2.13 1 = FOG OR MIST
DPTR FM NORMAL: 1.1 DPTR FM NORMAL: -3.28 2 = FOG REDUCING VISIBILITY
HIGHEST: 92 ON 13,12 GRTST 24HR 0.56 ON 2- 2 TO 1/4 MILE OR LESS
LOWEST: 74 ON 26,27 3 = THUNDER
SNOW, ICE PELLETS, HAIL 4 = ICE PELLETS
TOTAL MONTH: 0.0 INCH 5 = HAIL
GRTST 24HR 0.0 6 = FREEZING RAIN OR DRIZZLE
GRTST DEPTH: 0 7 = DUSTSTORM OR SANDSTORM:
VSBY 1/2 MILE OR LESS
8 = SMOKE OR HAZE
[NO. OF DAYS WITH] [WEATHER - DAYS WITH] 9 = BLOWING SNOW
X = TORNADO
MAX 32 OR BELOW: 0 0.01 INCH OR MORE: 10
MAX 90 OR ABOVE: 23 0.10 INCH OR MORE: 8
MIN 32 OR BELOW: 0 0.50 INCH OR MORE: 2
MIN 0 OR BELOW: 0 1.00 INCH OR MORE: 0
[HDD (BASE 65) ]
TOTAL THIS MO. 0 CLEAR (SCALE 0-3) 3
DPTR FM NORMAL 0 PTCLDY (SCALE 4-7) 26
TOTAL FM JUL 1 0 CLOUDY (SCALE 8-10) 2
DPTR FM NORMAL 0
[CDD (BASE 65) ]
TOTAL THIS MO. 626
DPTR FM NORMAL 43 [PRESSURE DATA]
TOTAL FM JAN 1 2759 HIGHEST SLP 30.19 ON 31
DPTR FM NORMAL 278 LOWEST SLP 29.91 ON 11
[REMARKS]
#FINAL-07-22#