000
CXUS52 KILM 011100
CF6FLO
PRELIMINARY LOCAL CLIMATOLOGICAL DATA (WS FORM: F-6)
STATION: FLORENCE SOUTH CAROLINA
MONTH: JANUARY
YEAR: 2024
LATITUDE: 34 10 N
LONGITUDE: 79 43 W
TEMPERATURE IN F: :PCPN: SNOW: WIND :SUNSHINE: SKY :PK WND
================================================================================
1 2 3 4 5 6A 6B 7 8 9 10 11 12 13 14 15 16 17 18
12Z AVG MX 2MIN
DY MAX MIN AVG DEP HDD CDD WTR SNW DPTH SPD SPD DIR MIN PSBL S-S WX SPD DR
================================================================================
1 61 38 50 3 15 0 0.00 M M 8.3 17 360 M M 2 25 10
2 53 31 42 -5 23 0 0.00 M M 6.1 15 10 M M 0 20 10
3 53 25 39 -8 26 0 0.02 M M 3.8 14 210 M M 2 17 210
4 54 32 43 -4 22 0 T M M 8.1 23 340 M M 2 1 33 340
5 50 23 37 -10 28 0 0.00 M M 6.3 14 100 M M 1 16 100
6 72 42 57 11 8 0 0.61 M M 10.3 25 280 M M 9 1 35 250
7 59 34 47 1 18 0 0.00 M M 9.7 18 310 M M 1 27 280
8 51 34 43 -3 22 0 0.00 M M 8.6 15 60 M M 1 20 60
9 70 42 56 10 9 0 1.50 M M 16.2 39 230 M M 8 13 63 220
10 53 34 44 -2 21 0 0.02 M M 13.4 30 270 M M 2 54 270
11 60 35 48 2 17 0 0.00 M M 4.9 13 260 M M 0 17 240
12 69 30 50 4 15 0 0.32 M M 9.7 26 170 M M 5 13 42 180
13 69 40 55 9 10 0 0.02 M M 12.8 26 280 M M 2 1 42 260
14 61 32 47 1 18 0 0.00 M M 7.8 22 270 M M 0 32 280
15 65 40 53 7 12 0 0.00 M M 4.6 17 210 M M 2 25 200
16 52 35 44 -2 21 0 0.08 M M 6.3 18 350 M M 8 1 27 330
17 42 23 33 -13 32 0 0.00 M M 4.8 16 350 M M 2 22 340
18 58 21 40 -6 25 0 0.00 M M 3.4 14 210 M M 2 21 210
19 61 33 47 1 18 0 0.00 M M 12.1 25 310 M M 3 37 350
20 38 25 32 -14 33 0 0.00 M M 10.2 20 330 M M 0 27 350
21 42 16 29 -17 36 0 0.00 M M 4.9 17 340 M M 0 24 330
22 52 18 35 -11 30 0 0.00 M M 1.9 9 110 M M 1 8 14 120
23 60 41 51 5 14 0 T M M 3.3 8 50 M M 8 10 110
24 73 53 63 16 2 0 0.01 M M 7.4 17 150 M M 7 18 25 140
25 73 65 69 22 0 4 0.05 M M 6.4 12 170 M M 8 1 16 170
26 82 62 72 25 0 7 0.00 M M 8.2 17 190 M M 4 24 180
27 76 58 67 20 0 2 T M M 6.3 18 170 M M 5 1 25 170
28 70 49 60 13 5 0 0.01 M M 14.7 26 250 M M 5 1 39 250
29 62 38 50 3 15 0 0.00 M M 9.0 18 350 M M 0 26 360
30 61 33 47 0 18 0 0.00 M M 5.5 14 110 M M 1 17 100
31 50 34 42 -5 23 0 0.10 M M 7.1 16 10 M M 8 18 25 320
================================================================================
SM 1852 1116 536 13 2.74 M 242.1 M 99
================================================================================
AV 59.7 36.0 7.8 FASTST M M 3 MAX(MPH)
MISC ----> 39 230 63 220
================================================================================
NOTES:
# LAST OF SEVERAL OCCURRENCES
COLUMN 17 PEAK WIND IN M.P.H.
PRELIMINARY LOCAL CLIMATOLOGICAL DATA (WS FORM: F-6) , PAGE 2
STATION: FLORENCE SOUTH CAROLINA
MONTH: JANUARY
YEAR: 2024
LATITUDE: 34 10 N
LONGITUDE: 79 43 W
[TEMPERATURE DATA] [PRECIPITATION DATA] SYMBOLS USED IN COLUMN 16
AVERAGE MONTHLY: 47.9 TOTAL FOR MONTH: 2.74 1 = FOG OR MIST
DPTR FM NORMAL: 1.3 DPTR FM NORMAL: -0.34 2 = FOG REDUCING VISIBILITY
HIGHEST: 82 ON 26 GRTST 24HR 1.50 ON 9- 9 TO 1/4 MILE OR LESS
LOWEST: 16 ON 21 3 = THUNDER
SNOW, ICE PELLETS, HAIL 4 = ICE PELLETS
TOTAL MONTH: M 5 = HAIL
GRTST 24HR M ON M 6 = FREEZING RAIN OR DRIZZLE
GRTST DEPTH: M ON M 7 = DUSTSTORM OR SANDSTORM:
VSBY 1/2 MILE OR LESS
8 = SMOKE OR HAZE
[NO. OF DAYS WITH] [WEATHER - DAYS WITH] 9 = BLOWING SNOW
X = TORNADO
MAX 32 OR BELOW: 0 0.01 INCH OR MORE: 11
MAX 90 OR ABOVE: 0 0.10 INCH OR MORE: 4
MIN 32 OR BELOW: 11 0.50 INCH OR MORE: 2
MIN 0 OR BELOW: 0 1.00 INCH OR MORE: 1
[HDD (BASE 65) ]
TOTAL THIS MO. 536 CLEAR (SCALE 0-3) 19
DPTR FM NORMAL -39 PTCLDY (SCALE 4-7) 11
TOTAL FM JUL 1 1379 CLOUDY (SCALE 8-10) 1
DPTR FM NORMAL -107
[CDD (BASE 65) ]
TOTAL THIS MO. 13
DPTR FM NORMAL 10 [PRESSURE DATA]
TOTAL FM JAN 1 13 HIGHEST SLP 30.69 ON 22
DPTR FM NORMAL 10 LOWEST SLP 29.30 ON 9
[REMARKS]
#FINAL-01-24#