000
CXUS54 KLZK 011130
CF6FLP
PRELIMINARY LOCAL CLIMATOLOGICAL DATA (WS FORM: F-6)
STATION: FLIPPIN
MONTH: MARCH
YEAR: 2022
LATITUDE: 36 17 N
LONGITUDE: 92 28 W
TEMPERATURE IN F: :PCPN: SNOW: WIND :SUNSHINE: SKY :PK WND
================================================================================
1 2 3 4 5 6A 6B 7 8 9 10 11 12 13 14 15 16 17 18
12Z AVG MX 2MIN
DY MAX MIN AVG DEP HDD CDD WTR SNW DPTH SPD SPD DIR MIN PSBL S-S WX SPD DR
================================================================================
1 76 30 53 M 12 0 0.00 M M 4.2 13 230 M M 0 20 250
2 81 34 58 M 7 0 0.00 M M 3.6 12 250 M M 0 M M
3 81 37 59 M 6 0 0.00 M M 4.2 10 120 M M 0 M M
4 75 43 59 M 6 0 0.00 M M 5.8 10 160 M M 0 18 160
5 68 51 60 M 5 0 T M M 7.0 16 190 M M 7 26 170
6 72 46 59 M 6 0 0.53 M M 6.9 27 290 M M 6 13 37 320
7 46 33 40 M 25 0 0.08 M M 11.2 17 310 M M 10 28 310
8 44 30 37 M 28 0 0.00 M M 2.8 8 120 M M 8 M M
9 55 31 43 M 22 0 0.00 M M 3.6 10 20 M M 1 M M
10 60 27 44 M 21 0 0.00 M M 3.9 9 70 M M 0 M M
11 42 28 35 M 30 0 0.04 M M 7.5 13 350 M M 9 12 22 340
12 41 18 30 M 35 0 0.00 M M 6.0 10 340 M M 0 18 340
13 66 27 47 M 18 0 0.00 M M 5.8 15 220 M M 0 22 220
14 56 44 50 M 15 0 T M M 5.9 14 180 M M 7 23 190
15 68 46 57 M 8 0 T M M 1.7 6 360 M M 7 M M
16 76 37 57 M 8 0 0.00 M M 2.1 6 190 M M 1 12 M M
17 76 43 60 M 5 0 0.06 M M 5.0 13 150 M M 1 1 21 150
18 59 44 52 M 13 0 0.30 M M 10.0 21 250 M M 9 13 33 260
19 66 42 54 M 11 0 0.00 M M 9.7 20 300 M M 1 8 30 320
20 77 34 56 M 9 0 0.00 M M 2.2 7 190 M M 0 8 M M
21 69 47 58 M 7 0 0.90 M M 5.9 17 150 M M 4 13 33 250
22 60 46 53 M 12 0 0.26 M M 8.4 17 110 M M 9 1 30 120
23 46 41 44 M 21 0 T M M 12.3 21 280 M M 10 31 280
24 48 39 44 M 21 0 T M M 7.1 15 250 M M 10 4 M M
25 62 39 51 M 14 0 0.00 M M 8.9 15 320 M M 4 22 300
26 64 35 50 M 15 0 0.00 M M 5.9 12 280 M M 0 20 310
27 60 35 48 M 17 0 0.00 M M 4.4 10 80 M M 0 M M
28 64 37 51 M 14 0 0.00 M M 7.2 14 100 M M 0 20 100
29 75 44 60 M 5 0 0.00 M M 9.5 18 170 M M 2 33 180
30 70 40 55 M 10 0 2.02 M M 9.4 20 310 M M 9 1 26 300
31 45 31 38 M 27 0 0.01 M M 10.3 20 260 M M 8 30 260
================================================================================
SM 1948 1159 453 0 4.20 M 198.5 M 123
================================================================================
AV 62.8 37.4 6.4 FASTST M M 4 MAX(MPH)
MISC ----> 27 290 37 320
================================================================================
NOTES:
# LAST OF SEVERAL OCCURRENCES
COLUMN 17 PEAK WIND IN M.P.H.
PRELIMINARY LOCAL CLIMATOLOGICAL DATA (WS FORM: F-6) , PAGE 2
STATION: FLIPPIN
MONTH: MARCH
YEAR: 2022
LATITUDE: 36 17 N
LONGITUDE: 92 28 W
[TEMPERATURE DATA] [PRECIPITATION DATA] SYMBOLS USED IN COLUMN 16
AVERAGE MONTHLY: 50.1 TOTAL FOR MONTH: 4.20 1 = FOG OR MIST
DPTR FM NORMAL: 0.0 DPTR FM NORMAL: M 2 = FOG REDUCING VISIBILITY
HIGHEST: 81 ON 3, 2 GRTST 24HR 2.02 ON 30-30 TO 1/4 MILE OR LESS
LOWEST: 18 ON 12 3 = THUNDER
SNOW, ICE PELLETS, HAIL 4 = ICE PELLETS
TOTAL MONTH: M 5 = HAIL
GRTST 24HR M ON M 6 = FREEZING RAIN OR DRIZZLE
GRTST DEPTH: M ON M 7 = DUSTSTORM OR SANDSTORM:
VSBY 1/2 MILE OR LESS
8 = SMOKE OR HAZE
[NO. OF DAYS WITH] [WEATHER - DAYS WITH] 9 = BLOWING SNOW
X = TORNADO
MAX 32 OR BELOW: 0 0.01 INCH OR MORE: 9
MAX 90 OR ABOVE: 0 0.10 INCH OR MORE: 5
MIN 32 OR BELOW: 8 0.50 INCH OR MORE: 3
MIN 0 OR BELOW: 0 1.00 INCH OR MORE: 1
[HDD (BASE 65) ]
TOTAL THIS MO. 453 CLEAR (SCALE 0-3) 16
DPTR FM NORMAL M PTCLDY (SCALE 4-7) 8
TOTAL FM JUL 1 3184 CLOUDY (SCALE 8-10) 7
DPTR FM NORMAL M
[CDD (BASE 65) ]
TOTAL THIS MO. 0
DPTR FM NORMAL M [PRESSURE DATA]
TOTAL FM JAN 1 0 HIGHEST SLP 30.48 ON 12
DPTR FM NORMAL M LOWEST SLP 29.27 ON 30
[REMARKS]
#FINAL-03-22#