000
CXUS53 KOAX 011030
CF6FNB
PRELIMINARY LOCAL CLIMATOLOGICAL DATA (WS FORM: F-6)
STATION: FALLS CITY NE
MONTH: JANUARY
YEAR: 2023
LATITUDE: 40 4 N
LONGITUDE: 95 35 W
TEMPERATURE IN F: :PCPN: SNOW: WIND :SUNSHINE: SKY :PK WND
================================================================================
1 2 3 4 5 6A 6B 7 8 9 10 11 12 13 14 15 16 17 18
12Z AVG MX 2MIN
DY MAX MIN AVG DEP HDD CDD WTR SNW DPTH SPD SPD DIR MIN PSBL S-S WX SPD DR
================================================================================
1 50 27 39 12 26 0 0.00 M M 4.4 14 30 M M 0 19 20
2 44 36 40 13 25 0 0.92 M M 8.8 20 80 M M 8 13 27 80
3 40 31 36 9 29 0 T M M 11.3 23 260 M M 10 12 30 270
4 36 31 34 7 31 0 T M M 14.4 22 300 M M 10 29 280
5 41 25 33 6 32 0 0.00 M M 12.3 20 300 M M 5 26 310
6 46 20 33 7 32 0 0.00 M M 4.8 14 70 M M 0 19 80
7 35 25 30 4 35 0 0.00 M M 6.0 12 30 M M 8 16 10
8 47 18 33 7 32 0 0.00 M M 3.9 10 200 M M 0 1 16 190
9 54 25 40 14 25 0 0.00 M M 7.7 16 200 M M 0 23 190
10 53 26 40 14 25 0 0.00 M M 4.2 10 120 M M 0 14 130
11 47 28 38 12 27 0 0.00 M M 8.4 20 340 M M 1 8 29 350
12 30 23 27 1 38 0 0.00 M M 15.1 24 350 M M 10 1 36 350
13 31 19 25 -1 40 0 0.00 M M 6.2 16 320 M M 6 23 340
14 47 18 33 7 32 0 0.00 M M 12.1 21 170 M M 0 29 170
15 55 34 45 19 20 0 0.00 M M 13.9 25 160 M M 1 36 170
16 58 32 45 19 20 0 0.00 M M 13.6 25 280 M M 4 1 34 220
17 42 31 37 11 28 0 0.00 M M 7.2 17 280 M M 7 21 300
18 35 31 33 7 32 0 0.59 M M 11.7 25 80 M M 8 16 32 80
19 33 27 30 4 35 0 0.11 M M 14.3 26 300 M M 10 1 35 300
20 36 26 31 5 34 0 0.00 M M 5.4 15 320 M M 7 1 21 310
21 33 24 29 3 36 0 0.39 M M 2.1 7 360 M M 9 12 9 20
22 30 21 26 0 39 0 0.00 M M 5.9 12 320 M M 10 12 15 340
23 32 6 19 -7 46 0 0.00 M M 4.7 13 250 M M 5 128 18 230
24 37 30 34 8 31 0 T M M 2.2 8 160 M M 8 18 10 170
25 33 15 24 -2 41 0 T M M 13.4 25 320 M M 7 1 35 320
26 29 11 20 -7 45 0 0.00 M M 9.5 16 200 M M 3 24 180
27 44 28 36 9 29 0 0.00 M M 10.3 24 240 M M 3 31 220
28 33 12 23 -4 42 0 T M M 14.6 25 360 M M 7 1 37 350
29 14 6 10 -17 55 0 T M M 14.1 22 360 M M 9 32 10
30 15 8 12 -15 53 0 0.00 M M 8.9 16 360 M M 9 21 360
31 25 3 14 -13 51 0 0.00 M M 4.2 13 260 M M 0 17 220
================================================================================
SM 1185 697 1066 0 2.01 M 275.6 M 165
================================================================================
AV 38.2 22.5 8.9 FASTST M M 5 MAX(MPH)
MISC ----> 26 300 37 350
================================================================================
NOTES:
# LAST OF SEVERAL OCCURRENCES
COLUMN 17 PEAK WIND IN M.P.H.
PRELIMINARY LOCAL CLIMATOLOGICAL DATA (WS FORM: F-6) , PAGE 2
STATION: FALLS CITY NE
MONTH: JANUARY
YEAR: 2023
LATITUDE: 40 4 N
LONGITUDE: 95 35 W
[TEMPERATURE DATA] [PRECIPITATION DATA] SYMBOLS USED IN COLUMN 16
AVERAGE MONTHLY: 30.4 TOTAL FOR MONTH: 2.01 1 = FOG OR MIST
DPTR FM NORMAL: 4.0 DPTR FM NORMAL: 1.39 2 = FOG REDUCING VISIBILITY
HIGHEST: 58 ON 16 GRTST 24HR 0.92 ON 2- 2 TO 1/4 MILE OR LESS
LOWEST: 3 ON 31 3 = THUNDER
SNOW, ICE PELLETS, HAIL 4 = ICE PELLETS
TOTAL MONTH: M 5 = HAIL
GRTST 24HR M ON M 6 = FREEZING RAIN OR DRIZZLE
GRTST DEPTH: M ON M 7 = DUSTSTORM OR SANDSTORM:
VSBY 1/2 MILE OR LESS
8 = SMOKE OR HAZE
[NO. OF DAYS WITH] [WEATHER - DAYS WITH] 9 = BLOWING SNOW
X = TORNADO
MAX 32 OR BELOW: 8 0.01 INCH OR MORE: 4
MAX 90 OR ABOVE: 0 0.10 INCH OR MORE: 4
MIN 32 OR BELOW: 29 0.50 INCH OR MORE: 2
MIN 0 OR BELOW: 0 1.00 INCH OR MORE: 0
[HDD (BASE 65) ]
TOTAL THIS MO. 1066 CLEAR (SCALE 0-3) 9
DPTR FM NORMAL -129 PTCLDY (SCALE 4-7) 13
TOTAL FM JUL 1 3293 CLOUDY (SCALE 8-10) 9
DPTR FM NORMAL -107
[CDD (BASE 65) ]
TOTAL THIS MO. 0
DPTR FM NORMAL 0 [PRESSURE DATA]
TOTAL FM JAN 1 0 HIGHEST SLP 30.60 ON 30
DPTR FM NORMAL 0 LOWEST SLP 29.29 ON 16
[REMARKS]
#FINAL-01-23#