000
CXUS54 KMAF 012022
CF6FST
PRELIMINARY LOCAL CLIMATOLOGICAL DATA (WS FORM: F-6)
STATION: FORT STOCKTON
MONTH: AUGUST
YEAR: 2022
LATITUDE: 30 55 N
LONGITUDE: 102 55 W
TEMPERATURE IN F: :PCPN: SNOW: WIND :SUNSHINE: SKY :PK WND
================================================================================
1 2 3 4 5 6A 6B 7 8 9 10 11 12 13 14 15 16 17 18
12Z AVG MX 2MIN
DY MAX MIN AVG DEP HDD CDD WTR SNW DPTH SPD SPD DIR MIN PSBL S-S WX SPD DR
================================================================================
1 99 75 87 4 0 22 0.00 M M 12.4 22 120 M M 0 27 120
2 101 75 88 5 0 23 0.00 M M 11.9 21 150 M M 0 28 140
3 106 78 92 9 0 27 0.00 M M 12.3 21 110 M M 0 27 130
4 99 78 89 6 0 24 0.00 M M 11.0 18 130 M M 0 27 120
5 98 77 88 5 0 23 0.00 M M 11.7 22 120 M M 0 26 130
6 96 74 85 2 0 20 0.00 M M 12.7 23 130 M M 0 31 110
7 95 73 84 1 0 19 0.00 M M 14.2 22 120 M M 1 30 110
8 96 75 86 3 0 21 M M M 12.1 16 100 M M 0 28 100
9 96 73 85 2 0 20 0.00 M M 11.5 21 120 M M 1 26 110
10 97 74 86 3 0 21 0.00 M M 11.4 28 70 M M 1 32 70
11 93 68 81 -2 0 16 1.14 M M 7.3 24 290 M M 2 13 29 290
12 94 70 82 -1 0 17 0.00 M M 5.6 15 50 M M 1 1 21 50
13 96 73 85 2 0 20 0.00 M M 9.0 17 90 M M 2 22 80
14 97 73 85 2 0 20 0.00 M M 8.8 21 140 M M 0 27 140
15 89 70 80 -2 0 15 T M M 14.2 23 130 M M 2 30 90
16 79 67 73 -9 0 8 1.22 M M 13.2 23 120 M M 7 13 29 120
17 89 71 80 -2 0 15 0.00 M M 9.5 18 110 M M 2 23 130
18 92 72 82 0 0 17 0.00 M M 7.3 16 250 M M 2 3 21 260
19 87 69 78 -4 0 13 T M M 7.7 31 160 M M 2 38 39 160
20 90 71 81 -1 0 16 0.02 M M 11.1 21 150 M M 3 3 27 150
21 88 69 79 -3 0 14 0.00 M M 6.2 15 330 M M 2 19 340
22 85 70 78 -3 0 13 0.04 M M 9.8 22 30 M M 6 13 30 20
23 86 69 78 -3 0 13 0.00 M M 7.2 15 80 M M 8 20 10
24 89 69 79 -2 0 14 0.00 M M 5.8 16 30 M M 4 24 40
25 89 70 80 -1 0 15 0.00 M M 7.1 20 80 M M 4 3 26 90
26 90 71 81 1 0 16 0.00 M M 7.8 16 110 M M 5 22 130
27 93 69 81 1 0 16 0.00 M M 8.6 16 150 M M 0 21 150
28 97 73 85 5 0 20 0.05 M M 9.9 24 180 M M 1 3 29 170
29 94 65 80 0 0 15 0.33 M M 11.6 47 30 M M 1 138 60 30
30 82 65 74 -6 0 9 T M M 7.6 21 30 M M 6 27 110
31 76 68 72 -7 0 7 0.24 M M 7.3 15 100 M M 8 1 21 110
================================================================================
SM 2858 2214 0 529 3.04 M 303.8 M 71
================================================================================
AV 92.2 71.4 9.8 FASTST M M 2 MAX(MPH)
MISC ----> 47 30 60 30
================================================================================
NOTES:
# LAST OF SEVERAL OCCURRENCES
COLUMN 17 PEAK WIND IN M.P.H.
PRELIMINARY LOCAL CLIMATOLOGICAL DATA (WS FORM: F-6) , PAGE 2
STATION: FORT STOCKTON
MONTH: AUGUST
YEAR: 2022
LATITUDE: 30 55 N
LONGITUDE: 102 55 W
[TEMPERATURE DATA] [PRECIPITATION DATA] SYMBOLS USED IN COLUMN 16
AVERAGE MONTHLY: 81.8 TOTAL FOR MONTH: 3.04 1 = FOG OR MIST
DPTR FM NORMAL: -0.2 DPTR FM NORMAL: 1.59 2 = FOG REDUCING VISIBILITY
HIGHEST: 106 ON 3 GRTST 24HR 1.22 ON 15-16 TO 1/4 MILE OR LESS
LOWEST: 65 ON 30,29 3 = THUNDER
SNOW, ICE PELLETS, HAIL 4 = ICE PELLETS
TOTAL MONTH: 0.0 INCH 5 = HAIL
GRTST 24HR M ON M 6 = FREEZING RAIN OR DRIZZLE
GRTST DEPTH: 0 7 = DUSTSTORM OR SANDSTORM:
VSBY 1/2 MILE OR LESS
8 = SMOKE OR HAZE
[NO. OF DAYS WITH] [WEATHER - DAYS WITH] 9 = BLOWING SNOW
X = TORNADO
MAX 32 OR BELOW: 0 0.01 INCH OR MORE: 7
MAX 90 OR ABOVE: 20 0.10 INCH OR MORE: 4
MIN 32 OR BELOW: 0 0.50 INCH OR MORE: 2
MIN 0 OR BELOW: 0 1.00 INCH OR MORE: 2
[HDD (BASE 65) ]
TOTAL THIS MO. 0 CLEAR (SCALE 0-3) 23
DPTR FM NORMAL 0 PTCLDY (SCALE 4-7) 7
TOTAL FM JUL 1 0 CLOUDY (SCALE 8-10) 1
DPTR FM NORMAL 0
[CDD (BASE 65) ]
TOTAL THIS MO. 529
DPTR FM NORMAL 4 [PRESSURE DATA]
TOTAL FM JAN 1 2585 HIGHEST SLP 30.06 ON 31
DPTR FM NORMAL 475 LOWEST SLP 29.64 ON 28
[REMARKS]
#FINAL-08-22#