000
CXUS54 KMAF 011722
CF6FST
PRELIMINARY LOCAL CLIMATOLOGICAL DATA (WS FORM: F-6)
STATION: FORT STOCKTON
MONTH: JANUARY
YEAR: 2022
LATITUDE: 30 55 N
LONGITUDE: 102 55 W
TEMPERATURE IN F: :PCPN: SNOW: WIND :SUNSHINE: SKY :PK WND
================================================================================
1 2 3 4 5 6A 6B 7 8 9 10 11 12 13 14 15 16 17 18
12Z AVG MX 2MIN
DY MAX MIN AVG DEP HDD CDD WTR SNW DPTH SPD SPD DIR MIN PSBL S-S WX SPD DR
================================================================================
1 74 33 54 6 11 0 T M M 15.1 39 320 M M 1 47 310
2 47 17 32 -16 33 0 0.00 M M 8.7 25 340 M M 0 32 340
3 62 21 42 -6 23 0 0.00 M M 7.7 18 150 M M 0 23 160
4 77 32 55 7 10 0 0.00 M M 12.9 26 290 M M 0 36 280
5 67 43 55 7 10 0 0.00 M M 8.2 16 230 M M 0 21 220
6 54 30 42 -6 23 0 0.00 M M 10.6 20 10 M M 0 24 240
7 63 22 43 -5 22 0 0.00 M M 6.8 14 130 M M 0 19 130
8 79 37 58 10 7 0 0.00 M M 9.9 16 170 M M 0 23 270
9 58 41 50 2 15 0 0.00 M M 9.9 20 340 M M 0 26 340
10 46 37 42 -6 23 0 0.00 M M 3.5 10 50 M M 2 12 40
11 58 39 49 1 16 0 0.00 M M 8.6 16 150 M M 4 21 150
12 67 39 53 5 12 0 0.00 M M 8.4 14 320 M M 0 19 310
13 70 40 55 7 10 0 0.00 M M 8.3 16 210 M M 0 8 19 210
14 78 45 62 14 3 0 0.00 M M 16.8 30 20 M M 1 8 39 30
15 51 33 42 -6 23 0 0.00 M M 15.7 30 360 M M 2 8 38 360
16 71 33 52 4 13 0 0.00 M M 11.7 18 230 M M 0 24 230
17 71 37 54 6 11 0 0.00 M M 8.2 17 210 M M 0 19 220
18 74 49 62 14 3 0 0.00 M M 13.0 28 270 M M 0 35 310
19 68 35 52 3 13 0 T M M 13.8 26 10 M M 3 35 10
20 35 26 31 -18 34 0 T M M 7.0 16 10 M M 8 20 20
21 59 26 43 -6 22 0 0.00 M M 9.3 24 160 M M 3 32 160
22 44 28 36 -13 29 0 0.00 M M 9.8 24 160 M M 3 30 160
23 45 29 37 -12 28 0 0.00 M M 4.6 13 210 M M 7 15 220
24 64 34 49 0 16 0 T M M 13.0 25 290 M M 1 31 280
25 68 38 53 3 12 0 0.00 M M 9.8 21 120 M M 0 26 110
26 50 29 40 -10 25 0 0.01 M M 9.0 23 110 M M 9 126 30 120
27 43 30 37 -13 28 0 0.00 M M 2.5 16 10 M M 9 128 19 20
28 48 27 38 -12 27 0 0.00 M M 5.7 16 30 M M 2 21 20
29 64 28 46 -4 19 0 0.00 M M 7.1 14 40 M M 0 16 40
30 72 38 55 5 10 0 0.01 M M 8.7 26 170 M M 2 33 160
31 66 41 54 4 11 0 0.00 M M 10.7 16 340 M M 0 23 290
================================================================================
SM 1893 1037 542 0 0.02 M 295.0 M 57
================================================================================
AV 61.1 33.5 9.5 FASTST M M 2 MAX(MPH)
MISC ----> 39 320 47 310
================================================================================
NOTES:
# LAST OF SEVERAL OCCURRENCES
COLUMN 17 PEAK WIND IN M.P.H.
PRELIMINARY LOCAL CLIMATOLOGICAL DATA (WS FORM: F-6) , PAGE 2
STATION: FORT STOCKTON
MONTH: JANUARY
YEAR: 2022
LATITUDE: 30 55 N
LONGITUDE: 102 55 W
[TEMPERATURE DATA] [PRECIPITATION DATA] SYMBOLS USED IN COLUMN 16
AVERAGE MONTHLY: 47.3 TOTAL FOR MONTH: 0.02 1 = FOG OR MIST
DPTR FM NORMAL: -1.3 DPTR FM NORMAL: -0.62 2 = FOG REDUCING VISIBILITY
HIGHEST: 79 ON 8 GRTST 24HR 0.07 ON 31- 1 TO 1/4 MILE OR LESS
LOWEST: 17 ON 2 3 = THUNDER
SNOW, ICE PELLETS, HAIL 4 = ICE PELLETS
TOTAL MONTH: M 5 = HAIL
GRTST 24HR M ON M 6 = FREEZING RAIN OR DRIZZLE
GRTST DEPTH: M ON M 7 = DUSTSTORM OR SANDSTORM:
VSBY 1/2 MILE OR LESS
8 = SMOKE OR HAZE
[NO. OF DAYS WITH] [WEATHER - DAYS WITH] 9 = BLOWING SNOW
X = TORNADO
MAX 32 OR BELOW: 0 0.01 INCH OR MORE: 2
MAX 90 OR ABOVE: 0 0.10 INCH OR MORE: 0
MIN 32 OR BELOW: 13 0.50 INCH OR MORE: 0
MIN 0 OR BELOW: 0 1.00 INCH OR MORE: 0
[HDD (BASE 65) ]
TOTAL THIS MO. 542 CLEAR (SCALE 0-3) 25
DPTR FM NORMAL 30 PTCLDY (SCALE 4-7) 4
TOTAL FM JUL 1 903 CLOUDY (SCALE 8-10) 2
DPTR FM NORMAL -448
[CDD (BASE 65) ]
TOTAL THIS MO. 0
DPTR FM NORMAL -2 [PRESSURE DATA]
TOTAL FM JAN 1 0 HIGHEST SLP 30.69 ON 10
DPTR FM NORMAL -2 LOWEST SLP 29.57 ON 1
[REMARKS]
#FINAL-01-22#