397
CXUS54 KFWD 010830
CF6FTW
PRELIMINARY LOCAL CLIMATOLOGICAL DATA (WS FORM: F-6)
STATION: FORT WORTH MEACHAM
MONTH: JANUARY
YEAR: 2021
LATITUDE: 32 49 N
LONGITUDE: 97 21 W
TEMPERATURE IN F: :PCPN: SNOW: WIND :SUNSHINE: SKY :PK WND
================================================================================
1 2 3 4 5 6A 6B 7 8 9 10 11 12 13 14 15 16 17 18
12Z AVG MX 2MIN
DY MAX MIN AVG DEP HDD CDD WTR SNW DPTH SPD SPD DIR MIN PSBL S-S WX SPD DR
================================================================================
1 38 33 36 -9 29 0 0.02 M M 13.2 21 310 M M 10 1 29 310
2 56 33 45 0 20 0 0.00 M M 6.5 16 330 M M 5 23 340
3 64 36 50 5 15 0 0.00 M M 8.0 18 250 M M 0 8 26 260
4 65 36 51 6 14 0 0.00 M M 4.4 13 350 M M 0 17 360
5 66 36 51 6 14 0 0.00 M M 8.0 18 160 M M 1 24 150
6 58 46 52 7 13 0 T M M 15.0 26 310 M M 9 37 300
7 49 41 45 0 20 0 0.00 M M 14.7 25 310 M M 10 34 310
8 51 34 43 -2 22 0 0.00 M M 8.8 15 350 M M 6 20 310
9 48 26 37 -8 28 0 0.00 M M 5.2 12 50 M M 0 18 16 50
10 39 33 36 -9 29 0 0.05 M M 9.0 17 350 M M 10 1 23 330
11 48 32 40 -5 25 0 0.00 M M 6.9 14 360 M M 4 19 330
12 52 29 41 -4 24 0 0.00 M M 5.1 16 190 M M 0 26 200
13 64 29 47 2 18 0 0.00 M M 6.9 17 190 M M 0 26 180
14 63 40 52 6 13 0 0.00 M M 12.8 35 350 M M 0 8 46 360
15 53 39 46 0 19 0 0.00 M M 17.2 33 300 M M 2 47 300
16 57 31 44 -2 21 0 0.00 M M 5.8 14 300 M M 0 19 300
17 60 38 49 3 16 0 0.00 M M 7.0 15 300 M M 0 22 340
18 68 35 52 6 13 0 0.00 M M 8.1 23 170 M M 2 33 160
19 58 48 53 7 12 0 T M M 13.2 21 10 M M 10 28 30
20 48 41 45 -1 20 0 0.51 M M 5.0 15 190 M M 10 1 20 180
21 55 44 50 4 15 0 0.05 M M 4.7 13 150 M M 4 12 16 180
22 51 46 49 3 16 0 0.00 M M 7.1 14 20 M M 10 12 18 20
23 52 47 50 4 15 0 0.02 M M 6.8 13 110 M M 10 12 17 110
24 61 52 57 11 8 0 0.08 M M 6.5 16 100 M M 10 12 21 110
25 67 45 56 10 9 0 0.10 M M 10.0 30 280 M M 2 13 40 280
26 56 35 46 0 19 0 T M M 9.7 21 330 M M 2 31 340
27 49 33 41 -6 24 0 T M M 10.4 24 350 M M 2 31 360
28 49 27 38 -9 27 0 0.00 M M 5.2 10 120 M M 0 13 350
29 62 36 49 2 16 0 0.00 M M 10.3 22 160 M M 0 29 160
30 73 51 62 15 3 0 0.04 M M 18.4 37 260 M M 5 138 51 230
31 56 39 48 1 17 0 0.00 M M 14.0 24 320 M M 0 38 330
================================================================================
SM 1736 1171 554 0 0.87 M 283.9 M 124
================================================================================
AV 56.0 37.8 9.2 FASTST M M 4 MAX(MPH)
MISC ----> 37 260 51 230
================================================================================
NOTES:
# LAST OF SEVERAL OCCURRENCES
COLUMN 17 PEAK WIND IN M.P.H.
PRELIMINARY LOCAL CLIMATOLOGICAL DATA (WS FORM: F-6) , PAGE 2
STATION: FORT WORTH MEACHAM
MONTH: JANUARY
YEAR: 2021
LATITUDE: 32 49 N
LONGITUDE: 97 21 W
[TEMPERATURE DATA] [PRECIPITATION DATA] SYMBOLS USED IN COLUMN 16
AVERAGE MONTHLY: 46.9 TOTAL FOR MONTH: 0.87 1 = FOG OR MIST
DPTR FM NORMAL: 1.2 DPTR FM NORMAL: -0.87 2 = FOG REDUCING VISIBILITY
HIGHEST: 73 ON 30 GRTST 24HR 0.64 ON 31- 1 TO 1/4 MILE OR LESS
LOWEST: 26 ON 9 3 = THUNDER
SNOW, ICE PELLETS, HAIL 4 = ICE PELLETS
TOTAL MONTH: M 5 = HAIL
GRTST 24HR M ON M 6 = FREEZING RAIN OR DRIZZLE
GRTST DEPTH: M ON M 7 = DUSTSTORM OR SANDSTORM:
VSBY 1/2 MILE OR LESS
8 = SMOKE OR HAZE
[NO. OF DAYS WITH] [WEATHER - DAYS WITH] 9 = BLOWING SNOW
X = TORNADO
MAX 32 OR BELOW: 0 0.01 INCH OR MORE: 8
MAX 90 OR ABOVE: 0 0.10 INCH OR MORE: 2
MIN 32 OR BELOW: 6 0.50 INCH OR MORE: 1
MIN 0 OR BELOW: 0 1.00 INCH OR MORE: 0
[HDD (BASE 65) ]
TOTAL THIS MO. 554 CLEAR (SCALE 0-3) 17
DPTR FM NORMAL -44 PTCLDY (SCALE 4-7) 5
TOTAL FM JUL 1 1392 CLOUDY (SCALE 8-10) 9
DPTR FM NORMAL -153
[CDD (BASE 65) ]
TOTAL THIS MO. 0
DPTR FM NORMAL -2 [PRESSURE DATA]
TOTAL FM JAN 1 0 HIGHEST SLP 30.63 ON 28
DPTR FM NORMAL -2 LOWEST SLP 29.56 ON 25
[REMARKS]
#FINAL-01-21#