000
CXUS54 KFWD 010731
CF6FTW
PRELIMINARY LOCAL CLIMATOLOGICAL DATA (WS FORM: F-6)
STATION: FORT WORTH MEACHAM
MONTH: AUGUST
YEAR: 2020
LATITUDE: 32 49 N
LONGITUDE: 97 21 W
TEMPERATURE IN F: :PCPN: SNOW: WIND :SUNSHINE: SKY :PK WND
================================================================================
1 2 3 4 5 6A 6B 7 8 9 10 11 12 13 14 15 16 17 18
12Z AVG MX 2MIN
DY MAX MIN AVG DEP HDD CDD WTR SNW DPTH SPD SPD DIR MIN PSBL S-S WX SPD DR
================================================================================
1 92 68 80 -6 0 15 0.00 0.0 0 4.3 12 40 M M 1 17 10
2 95 69 82 -4 0 17 0.00 0.0 0 4.8 16 360 M M 0 23 350
3 94 71 83 -3 0 18 0.00 0.0 0 6.3 15 40 M M 0 21 40
4 94 73 84 -2 0 19 0.00 0.0 0 7.9 15 100 M M 1 22 110
5 91 76 84 -2 0 19 0.00 0.0 0 9.9 17 110 M M 2 24 80
6 99 75 87 1 0 22 0.00 0.0 0 11.9 21 160 M M 1 32 180
7 98 78 88 2 0 23 0.00 0.0 0 14.0 22 140 M M 0 33 140
8 99 79 89 3 0 24 0.00 0.0 0 12.8 22 150 M M 0 28 150
9 99 79 89 3 0 24 0.00 0.0 0 13.2 23 160 M M 0 33 150
10 99 79 89 3 0 24 0.00 0.0 0 14.3 23 150 M M 0 31 160
11 100 80 90 4 0 25 0.00 0.0 0 12.8 20 170 M M 0 28 160
12 102 80 91 5 0 26 0.00 0.0 0 11.0 18 190 M M 0 27 140
13 105 80 93 7 0 28 0.00 0.0 0 12.2 17 150 M M 0 29 160
14 106 80 93 7 0 28 0.00 0.0 0 11.5 18 190 M M 0 28 170
15 104 80 92 6 0 27 0.00 0.0 0 9.5 17 150 M M 0 26 150
16 104 71 88 2 0 23 0.49 0.0 0 8.0 40 20 M M 0 138 56 60
17 92 71 82 -3 0 17 T 0.0 0 2.8 10 270 M M 0 15 240
18 97 73 85 0 0 20 0.00 0.0 0 7.1 17 10 M M 0 24 30
19 93 66 80 -5 0 15 0.00 0.0 0 6.2 16 20 M M 0 22 350
20 93 69 81 -4 0 16 0.00 0.0 0 5.9 12 100 M M 0 16 110
21 95 70 83 -2 0 18 T 0.0 0 6.3 14 110 M M 0 20 160
22 96 73 85 0 0 20 0.00 0.0 0 6.8 16 150 M M 1 21 160
23 95 72 84 0 0 19 0.00 0.0 0 6.4 14 120 M M 1 18 120
24 97 74 86 2 0 21 0.00 0.0 0 5.2 13 70 M M 1 26 110
25 96 73 85 1 0 20 0.06 0.0 0 5.5 20 80 M M 3 3 26 90
26 95 76 86 2 0 21 T 0.0 0 7.7 24 40 M M 2 3 32 50
27 95 72 84 0 0 19 0.00 0.0 0 5.6 28 10 M M 2 38 38 10
28 106 77 92 8 0 27 0.00 0.0 0 9.2 22 140 M M 2 30 150
29 107 78 93 10 0 28 M 0.0 0 11.1 31 30 M M 1 3 43 290
30 99 73 86 3 0 21 0.02 0.0 0 11.7 25 350 M M 3 3 36 320
31 100 80 90 7 0 25 0.00 0.0 0 12.8 23 150 M M 1 33 150
================================================================================
SM 3037 2315 0 669 0.57 0.0 274.7 M 22
================================================================================
AV 98.0 74.7 8.9 FASTST M M 1 MAX(MPH)
MISC ----> # 40 20 # 56 60
================================================================================
NOTES:
# LAST OF SEVERAL OCCURRENCES
COLUMN 17 PEAK WIND IN M.P.H.
PRELIMINARY LOCAL CLIMATOLOGICAL DATA (WS FORM: F-6) , PAGE 2
STATION: FORT WORTH MEACHAM
MONTH: AUGUST
YEAR: 2020
LATITUDE: 32 49 N
LONGITUDE: 97 21 W
[TEMPERATURE DATA] [PRECIPITATION DATA] SYMBOLS USED IN COLUMN 16
AVERAGE MONTHLY: 86.3 TOTAL FOR MONTH: 0.57 1 = FOG OR MIST
DPTR FM NORMAL: 1.2 DPTR FM NORMAL: -1.27 2 = FOG REDUCING VISIBILITY
HIGHEST: 107 ON 29 GRTST 24HR 0.49 ON 16-16 TO 1/4 MILE OR LESS
LOWEST: 66 ON 19 3 = THUNDER
SNOW, ICE PELLETS, HAIL 4 = ICE PELLETS
TOTAL MONTH: 0.0 INCH 5 = HAIL
GRTST 24HR 0.0 6 = FREEZING RAIN OR DRIZZLE
GRTST DEPTH: 0 7 = DUSTSTORM OR SANDSTORM:
VSBY 1/2 MILE OR LESS
8 = SMOKE OR HAZE
[NO. OF DAYS WITH] [WEATHER - DAYS WITH] 9 = BLOWING SNOW
X = TORNADO
MAX 32 OR BELOW: 0 0.01 INCH OR MORE: 3
MAX 90 OR ABOVE: 31 0.10 INCH OR MORE: 1
MIN 32 OR BELOW: 0 0.50 INCH OR MORE: 0
MIN 0 OR BELOW: 0 1.00 INCH OR MORE: 0
[HDD (BASE 65) ]
TOTAL THIS MO. 0 CLEAR (SCALE 0-3) 31
DPTR FM NORMAL 0 PTCLDY (SCALE 4-7) 0
TOTAL FM JUL 1 0 CLOUDY (SCALE 8-10) 0
DPTR FM NORMAL 0
[CDD (BASE 65) ]
TOTAL THIS MO. 669
DPTR FM NORMAL 48 [PRESSURE DATA]
TOTAL FM JAN 1 2183 HIGHEST SLP M ON M
DPTR FM NORMAL 78 LOWEST SLP 29.63 ON 30
[REMARKS]
#FINAL-08-20#