000
CXUS53 KDDC 011405
CF6GCK
PRELIMINARY LOCAL CLIMATOLOGICAL DATA (WS FORM: F-6)
STATION: GARDEN CITY REGIONAL ARPT KS
MONTH: JULY
YEAR: 2023
LATITUDE: 37 55 N
LONGITUDE: 100 43 W
TEMPERATURE IN F: :PCPN: SNOW: WIND :SUNSHINE: SKY :PK WND
================================================================================
1 2 3 4 5 6A 6B 7 8 9 10 11 12 13 14 15 16 17 18
12Z AVG MX 2MIN
DY MAX MIN AVG DEP HDD CDD WTR SNW DPTH SPD SPD DIR MIN PSBL S-S WX SPD DR
================================================================================
1 85 56 71 -6 0 6 0.00 M M 10.8 20 310 M M 1 1 33 300
2 87 55 71 -6 0 6 0.16 M M 7.6 43 300 M M 1 13 56 300
3 87 58 73 -5 0 8 0.00 M M 9.6 17 180 M M 0 23 140
4 94 63 79 1 0 14 0.04 M M 12.2 23 350 M M 1 138 31 350
5 79 64 72 -6 0 7 0.46 M M 13.6 32 10 M M 8 13 43 10
6 76 63 70 -8 0 5 0.63 M M 8.6 38 140 M M 5 13 48 150
7 80 63 72 -6 0 7 0.29 M M 7.9 37 150 M M 7 13 50 150
8 77 57 67 -11 0 2 0.32 M M 12.5 41 50 M M 6 13 55 50
9 77 53 65 -13 0 0 0.00 M M 7.0 17 100 M M 0 22 100
10 84 59 72 -6 0 7 0.00 M M 12.0 21 50 M M 3 18 29 190
11 90 62 76 -2 0 11 0.00 M M 10.0 18 100 M M 0 24 110
12 96 71 84 6 0 19 0.00 M M 8.1 17 50 M M 1 1 22 30
13 89 71 80 2 0 15 T M M 10.8 21 130 M M 2 13 26 120
14 92 65 79 0 0 14 0.00 M M 10.9 30 50 M M 2 12 38 50
15 89 60 75 -4 0 10 T M M 5.6 13 180 M M 0 1 18 180
16 93 63 78 -1 0 13 0.00 M M 8.1 21 50 M M 0 8 27 50
17 101 65 83 4 0 18 0.00 M M 9.2 25 100 M M 0 34 100
18 95 66 81 2 0 16 0.00 M M 10.2 26 60 M M 0 35 60
19 94 71 83 4 0 18 T M M 11.1 31 310 M M 3 13 40 300
20 89 64 77 -2 0 12 2.64 M M 13.3 46 360 M M 5 13 65 30
21 78 63 71 -8 0 6 T M M 8.1 26 70 M M 7 1 37 70
22 86 61 74 -5 0 9 0.00 M M 7.8 37 30 M M 0 13 49 30
23 93 65 79 0 0 14 0.00 M M 8.3 15 180 M M 0 25 150
24 97 68 83 4 0 18 0.29 M M 8.7 28 30 M M 0 35 20
25 96 64 80 1 0 15 0.00 M M 8.3 17 310 M M 0 23 320
26 95 72 84 5 0 19 T M M 7.6 20 290 M M 0 3 26 290
27 95 68 82 3 0 17 T M M 7.2 21 50 M M 0 3 31 50
28 96 67 82 3 0 17 0.00 M M 6.8 15 310 M M 0 21 320
29 92 71 82 4 0 17 0.00 M M 11.5 25 50 M M 0 33 40
30 97 66 82 4 0 17 0.00 M M 9.3 22 190 M M 0 29 190
31 97 65 81 3 0 16 0.00 M M 10.0 21 210 M M 0 28 220
================================================================================
SM 2776 1979 0 373 4.83 M 292.7 M 52
================================================================================
AV 89.5 63.8 9.4 FASTST M M 2 MAX(MPH)
MISC ----> 46 360 65 30
================================================================================
NOTES:
# LAST OF SEVERAL OCCURRENCES
COLUMN 17 PEAK WIND IN M.P.H.
PRELIMINARY LOCAL CLIMATOLOGICAL DATA (WS FORM: F-6) , PAGE 2
STATION: GARDEN CITY REGIONAL ARPT KS
MONTH: JULY
YEAR: 2023
LATITUDE: 37 55 N
LONGITUDE: 100 43 W
[TEMPERATURE DATA] [PRECIPITATION DATA] SYMBOLS USED IN COLUMN 16
AVERAGE MONTHLY: 76.7 TOTAL FOR MONTH: 4.83 1 = FOG OR MIST
DPTR FM NORMAL: -1.7 DPTR FM NORMAL: 1.40 2 = FOG REDUCING VISIBILITY
HIGHEST: 101 ON 17 GRTST 24HR 2.64 ON 20-20 TO 1/4 MILE OR LESS
LOWEST: 53 ON 9 3 = THUNDER
4 = ICE PELLETS
5 = HAIL
6 = FREEZING RAIN OR DRIZZLE
7 = DUSTSTORM OR SANDSTORM:
VSBY 1/2 MILE OR LESS
8 = SMOKE OR HAZE
[NO. OF DAYS WITH] [WEATHER - DAYS WITH] 9 = BLOWING SNOW
X = TORNADO
MAX 32 OR BELOW: 0 0.01 INCH OR MORE: 8
MAX 90 OR ABOVE: 17 0.10 INCH OR MORE: 7
MIN 32 OR BELOW: 0 0.50 INCH OR MORE: 2
MIN 0 OR BELOW: 0 1.00 INCH OR MORE: 1
[HDD (BASE 65) ]
TOTAL THIS MO. 0 CLEAR (SCALE 0-3) 24
DPTR FM NORMAL -1 PTCLDY (SCALE 4-7) 6
TOTAL FM JUL 1 0 CLOUDY (SCALE 8-10) 1
DPTR FM NORMAL 0
[CDD (BASE 65) ]
TOTAL THIS MO. 373
DPTR FM NORMAL -42 [PRESSURE DATA]
TOTAL FM JAN 1 637 HIGHEST SLP 30.16 ON 20
DPTR FM NORMAL -150 LOWEST SLP 29.70 ON 12
[REMARKS]
#FINAL-07-23#