000
CXUS54 KMAF 011110
CF6GDP
PRELIMINARY LOCAL CLIMATOLOGICAL DATA (WS FORM: F-6)
STATION: GUADALUPE PASS
MONTH: APRIL
YEAR: 2020
LATITUDE: 31 49 N
LONGITUDE: 104 48 W
TEMPERATURE IN F: :PCPN: SNOW: WIND :SUNSHINE: SKY :PK WND
================================================================================
1 2 3 4 5 6A 6B 7 8 9 10 11 12 13 14 15 16 17 18
12Z AVG MX 2MIN
DY MAX MIN AVG DEP HDD CDD WTR SNW DPTH SPD SPD DIR MIN PSBL S-S WX SPD DR
================================================================================
1 75 51 63 7 2 0 0.00 M M 25.1 44 250 M M 4 50 240
2 72 53 63 6 2 0 0.00 M M 28.9 41 240 M M 1 53 250
3 57 42 50 -7 15 0 0.00 M M 28.0 39 60 M M 0 8 42 50
4 67 34 51 -6 14 0 0.00 M M 21.0 38 50 M M 0 1 40 50
5 72 47 60 2 5 0 0.00 M M 14.1 33 230 M M 0 40 230
6 72 53 63 5 2 0 T 0.0 0 19.2 39 250 M M 2 49 240
7 74 48 61 3 4 0 0.00 0.0 0 19.7 33 240 M M 1 39 230
8 74 51 63 5 2 0 0.00 0.0 0 17.1 36 240 M M 0 42 240
9 71 54 63 5 2 0 0.00 M M 16.4 33 260 M M 3 39 250
10 60 46 53 -6 12 0 T M M 20.8 31 70 M M 5 128 33 80
11 71 49 60 1 5 0 0.00 M M 21.1 41 260 M M 0 53 250
12 65 39 52 -7 13 0 0.00 M M 35.6 54 250 M M 2 8 66 250
13 68 29 49 -11 16 0 0.00 M M 30.3 51 250 M M 2 60 240
14 51 28 40 -20 25 0 0.00 0.0 0 28.2 39 60 M M 2 8 42 60
15 66 32 49 -11 16 0 0.00 M M 20.9 37 50 M M 1 42 250
16 74 48 61 1 4 0 0.00 0.0 0 25.4 46 250 M M 0 56 250
17 61 38 50 -10 15 0 0.00 0.0 0 22.2 32 70 M M 0 36 250
18 74 41 58 -3 7 0 0.00 0.0 0 22.5 49 250 M M 0 58 250
19 71 47 59 -2 6 0 0.00 0.0 0 26.1 47 250 M M 0 53 250
20 76 48 62 1 3 0 0.00 0.0 0 20.9 41 240 M M 0 48 250
21 78 50 64 2 1 0 0.00 0.0 0 21.9 40 240 M M 0 46 240
22 73 50 62 0 3 0 0.00 0.0 0 25.8 44 250 M M 0 54 260
23 77 53 65 3 0 0 0.00 M M 20.9 44 250 M M 0 51 250
24 82 55 69 7 0 4 0.00 M M 16.3 40 40 M M 0 48 260
25 68 46 57 -6 8 0 0.00 M M 25.8 46 50 M M 0 52 40
26 86 53 70 7 0 5 0.00 M M 15.2 35 240 M M 0 40 240
27 88 65 77 14 0 12 0.00 M M 14.9 32 250 M M 0 37 250
28 87 60 74 10 0 9 0.00 M M 15.8 33 250 M M 0 40 250
29 73 54 64 0 1 0 0.00 M M 28.0 55 50 M M 0 8 62 50
30 85 56 71 7 0 6 0.00 M M 14.6 28 240 M M 0 33 240
================================================================================
SM 2168 1420 183 36 T 0.0 662.7 M 23
================================================================================
AV 72.3 47.3 22.1 FASTST M M 1 MAX(MPH)
MISC ----> 55 50 66 250
================================================================================
NOTES:
# LAST OF SEVERAL OCCURRENCES
COLUMN 17 PEAK WIND IN M.P.H.
PRELIMINARY LOCAL CLIMATOLOGICAL DATA (WS FORM: F-6) , PAGE 2
STATION: GUADALUPE PASS
MONTH: APRIL
YEAR: 2020
LATITUDE: 31 49 N
LONGITUDE: 104 48 W
[TEMPERATURE DATA] [PRECIPITATION DATA] SYMBOLS USED IN COLUMN 16
AVERAGE MONTHLY: 59.8 TOTAL FOR MONTH: T 1 = FOG OR MIST
DPTR FM NORMAL: -0.4 DPTR FM NORMAL: -0.56 2 = FOG REDUCING VISIBILITY
HIGHEST: 88 ON 27 GRTST 24HR T ON 6- 6 TO 1/4 MILE OR LESS
LOWEST: 28 ON 14 3 = THUNDER
SNOW, ICE PELLETS, HAIL 4 = ICE PELLETS
TOTAL MONTH: 0.0 INCH 5 = HAIL
GRTST 24HR 0.0 6 = FREEZING RAIN OR DRIZZLE
GRTST DEPTH: 0 7 = DUSTSTORM OR SANDSTORM:
VSBY 1/2 MILE OR LESS
8 = SMOKE OR HAZE
[NO. OF DAYS WITH] [WEATHER - DAYS WITH] 9 = BLOWING SNOW
X = TORNADO
MAX 32 OR BELOW: 0 0.01 INCH OR MORE: 0
MAX 90 OR ABOVE: 0 0.10 INCH OR MORE: 0
MIN 32 OR BELOW: 3 0.50 INCH OR MORE: 0
MIN 0 OR BELOW: 0 1.00 INCH OR MORE: 0
[HDD (BASE 65) ]
TOTAL THIS MO. 183 CLEAR (SCALE 0-3) 28
DPTR FM NORMAL 4 PTCLDY (SCALE 4-7) 2
TOTAL FM JUL 1 3337 CLOUDY (SCALE 8-10) 0
DPTR FM NORMAL 97
[CDD (BASE 65) ]
TOTAL THIS MO. 36
DPTR FM NORMAL 0 [PRESSURE DATA]
TOTAL FM JAN 1 39 HIGHEST SLP 30.18 ON 29
DPTR FM NORMAL -3 LOWEST SLP 29.55 ON 12
[REMARKS]
#FINAL-04-20#