000
CXUS51 KPHI 010933
CF6GED
PRELIMINARY LOCAL CLIMATOLOGICAL DATA (WS FORM: F-6)
STATION: GEORGETOWN DE
MONTH: SEPTEMBER
YEAR: 2020
LATITUDE: 38 41 N
LONGITUDE: 75 22 W
TEMPERATURE IN F: :PCPN: SNOW: WIND :SUNSHINE: SKY :PK WND
================================================================================
1 2 3 4 5 6A 6B 7 8 9 10 11 12 13 14 15 16 17 18
12Z AVG MX 2MIN
DY MAX MIN AVG DEP HDD CDD WTR SNW DPTH SPD SPD DIR MIN PSBL S-S WX SPD DR
================================================================================
1 83 71 77 4 0 12 0.00 M M 7.2 16 120 M M 8 21 110
2 89 72 81 8 0 16 0.00 M M 6.0 20 340 M M 6 13 28 360
3 92 74 83 10 0 18 1.18 M M 6.3 14 10 M M 3 13 29 99
4 90 74 82 10 0 17 0.35 M M 5.3 10 280 M M 4 1 18 300
5 81 62 72 0 0 7 0.00 M M 4.7 18 40 M M 0 1 23 50
6 83 59 71 -1 0 6 0.00 M M 2.3 12 120 M M 0 15 130
7 82 59 71 -1 0 6 0.00 M M 3.4 15 120 M M 0 18 70
8 85 63 74 3 0 9 0.00 M M 4.7 14 60 M M 1 22 60
9 84 72 78 7 0 13 T M M 6.9 10 80 M M 9 1 M M
10 84 75 80 10 0 15 0.30 M M 4.5 10 120 M M 8 1 13 130
11 82 72 77 7 0 12 T M M 9.0 18 60 M M 10 1 23 50
12 76 65 71 1 0 6 0.00 M M 9.9 18 50 M M 8 25 70
13 80 66 73 3 0 8 T M M 4.0 12 120 M M 8 14 140
14 79 62 71 2 0 6 T M M 5.9 15 20 M M 3 21 20
15 71 52 62 -7 3 0 0.00 M M 5.7 16 50 M M 0 21 40
16 76 49 63 -5 2 0 0.00 M M 2.7 9 170 M M 2 12 110
17 79 61 70 2 0 5 0.30 M M 3.2 9 90 M M 8 1 12 160
18 73 61 67 -1 0 2 0.20 M M 7.6 18 20 M M 8 1 26 20
19 65 48 57 -10 8 0 0.00 M M 8.1 20 50 M M 0 26 50
20 68 46 57 -10 8 0 0.00 M M 9.1 22 40 M M 2 28 40
21 67 46 57 -10 8 0 0.00 M M 9.2 22 40 M M 5 30 50
22 72 45 59 -7 6 0 0.00 M M 5.7 14 280 M M 0 20 350
23 80 56 68 2 0 3 0.00 M M 5.1 12 270 M M 0 17 260
24 73 58 66 0 0 1 0.00 M M 3.9 13 220 M M 0 1 15 230
25 72 57 65 0 0 0 0.00 M M 3.5 13 230 M M 5 12 17 220
26 82 64 73 8 0 8 T M M 6.6 14 110 M M 7 1 21 140
27 80 68 74 10 0 9 T M M 5.4 9 190 M M 10 1 12 190
28 85 67 76 12 0 11 0.00 M M 8.0 17 170 M M 2 1 21 160
29 79 65 72 8 0 7 1.05 M M 9.3 22 180 M M 8 1 33 180
30 72 57 65 2 0 0 0.48 M M 7.7 17 290 M M 3 1 26 280
================================================================================
SM 2364 1846 35 197 3.86 M 180.9 M 128
================================================================================
AV 78.8 61.5 6.0 FASTST M M 4 MAX(MPH)
MISC ----> # 22 40 33 180
================================================================================
NOTES:
# LAST OF SEVERAL OCCURRENCES
COLUMN 17 PEAK WIND IN M.P.H.
PRELIMINARY LOCAL CLIMATOLOGICAL DATA (WS FORM: F-6) , PAGE 2
STATION: GEORGETOWN DE
MONTH: SEPTEMBER
YEAR: 2020
LATITUDE: 38 41 N
LONGITUDE: 75 22 W
[TEMPERATURE DATA] [PRECIPITATION DATA] SYMBOLS USED IN COLUMN 16
AVERAGE MONTHLY: 70.2 TOTAL FOR MONTH: 3.86 1 = FOG OR MIST
DPTR FM NORMAL: 1.7 DPTR FM NORMAL: -0.27 2 = FOG REDUCING VISIBILITY
HIGHEST: 92 ON 3 GRTST 24HR 1.53 ON 29-30 TO 1/4 MILE OR LESS
LOWEST: 45 ON 22 3 = THUNDER
SNOW, ICE PELLETS, HAIL 4 = ICE PELLETS
TOTAL MONTH: M 5 = HAIL
GRTST 24HR M ON M 6 = FREEZING RAIN OR DRIZZLE
GRTST DEPTH: M ON M 7 = DUSTSTORM OR SANDSTORM:
VSBY 1/2 MILE OR LESS
8 = SMOKE OR HAZE
[NO. OF DAYS WITH] [WEATHER - DAYS WITH] 9 = BLOWING SNOW
X = TORNADO
MAX 32 OR BELOW: 0 0.01 INCH OR MORE: 7
MAX 90 OR ABOVE: 2 0.10 INCH OR MORE: 7
MIN 32 OR BELOW: 0 0.50 INCH OR MORE: 2
MIN 0 OR BELOW: 0 1.00 INCH OR MORE: 2
[HDD (BASE 65) ]
TOTAL THIS MO. 35 CLEAR (SCALE 0-3) 14
DPTR FM NORMAL -2 PTCLDY (SCALE 4-7) 11
TOTAL FM JUL 1 35 CLOUDY (SCALE 8-10) 5
DPTR FM NORMAL -3
[CDD (BASE 65) ]
TOTAL THIS MO. 197
DPTR FM NORMAL 55 [PRESSURE DATA]
TOTAL FM JAN 1 1549 HIGHEST SLP 30.53 ON 21
DPTR FM NORMAL 378 LOWEST SLP 29.57 ON 30
[REMARKS]
#FINAL-09-20#