000
CXUS51 KPHI 022110
CLMGED
CLIMATE REPORT
NATIONAL WEATHER SERVICE MOUNT HOLLY NJ
410 PM EST FRI FEB 02 2024
...................................
...THE GEORGETOWN DE CLIMATE SUMMARY FOR THE MONTH OF JANUARY 2024...
CLIMATE NORMAL PERIOD: 1991 TO 2020
CLIMATE RECORD PERIOD: 1948 TO 2024
WEATHER OBSERVED NORMAL DEPART LAST YEAR`S
VALUE DATE(S) VALUE FROM VALUE
NORMAL
..............................................................
TEMPERATURE (F)
RECORD
HIGH 77 01/30/2002
LOW -13 01/28/1987
HIGHEST 73 MM MM 70
LOWEST 14 MM MM 26
AVG. MAXIMUM 47.3 45.2 2.1 54.9
AVG. MINIMUM 29.6 28.6 1.0 36.2
MEAN 38.5 36.9 1.6 45.5
DAYS MAX >= 90 0 0.0 0.0 0
DAYS MAX <= 32 3 5.1 -2.1 0
DAYS MIN <= 32 22 22.3 -0.3 12
DAYS MIN <= 0 0 0.1 -0.1 0
PRECIPITATION (INCHES)
RECORD
MAXIMUM 7.04 1987
MINIMUM 0.53 1981
TOTALS 5.64 3.01 2.63 1.80
DAILY AVG. 0.18 0.10 0.08 0.06
DAYS >= .01 11 9.4 1.6 12
DAYS >= .10 8 5.6 2.4 6
DAYS >= .50 3 2.3 0.7 1
DAYS >= 1.00 2 0.7 1.3 0
GREATEST
24 HR. TOTAL 2.55 01/09 TO 01/10 0.99
DEGREE DAYS
HEATING TOTAL 815 871 -56 594
SINCE 7/1 2203 2315 -112 MM
COOLING TOTAL 0 0 0 0
SINCE 1/1 0 0 0 MM
..............................................................
WIND (MPH)
AVERAGE WIND SPEED 6.8
HIGHEST WIND SPEED/DIRECTION 41/160 DATE 01/09
HIGHEST GUST SPEED/DIRECTION 57/160 DATE 01/09
SKY COVER
POSSIBLE SUNSHINE (PERCENT) MM
AVERAGE SKY COVER 0.49
NUMBER OF DAYS FAIR 11
NUMBER OF DAYS PC 10
NUMBER OF DAYS CLOUDY 8
AVERAGE RH (PERCENT) 74
WEATHER CONDITIONS. NUMBER OF DAYS WITH
THUNDERSTORM 0 MIXED PRECIP 0
HEAVY RAIN 4 RAIN 5
LIGHT RAIN 12 FREEZING RAIN 0
LT FREEZING RAIN 2 HEAVY SNOW 1
SNOW 1 LIGHT SNOW 3
SLEET 1 FOG 17
FOG W/VIS <= 1/4 MILE 4 HAZE 2
- INDICATES NEGATIVE NUMBERS.
R INDICATES RECORD WAS SET OR TIED.
MM INDICATES DATA IS MISSING.
T INDICATES TRACE AMOUNT.
$$