000
CXUS56 KOTX 010900
CF6GEG
PRELIMINARY LOCAL CLIMATOLOGICAL DATA (WS FORM: F-6)
STATION: SPOKANE WA AIRPORT
MONTH: MARCH
YEAR: 2020
LATITUDE: 47 37 N
LONGITUDE: 117 32 W
TEMPERATURE IN F: :PCPN: SNOW: WIND :SUNSHINE: SKY :PK WND
================================================================================
1 2 3 4 5 6A 6B 7 8 9 10 11 12 13 14 15 16 17 18
12Z AVG MX 2MIN
DY MAX MIN AVG DEP HDD CDD WTR SNW DPTH SPD SPD DIR MIN PSBL S-S WX SPD DR
================================================================================
1 45 22 34 -2 31 0 0.00 0.0 0 10.2 23 260 M M 5 27 270
2 50 29 40 4 25 0 0.00 0.0 0 17.2 30 220 M M 8 36 220
3 54 36 45 9 20 0 0.00 0.0 0 19.6 32 230 M M 5 38 230
4 48 32 40 3 25 0 0.00 0.0 0 18.4 36 220 M M 5 42 230
5 55 30 43 6 22 0 0.00 0.0 0 6.4 12 220 M M 9 13 200
6 51 39 45 8 20 0 0.13 0.0 0 6.6 14 250 M M 10 19 250
7 40 32 36 -2 29 0 0.20 T 0 8.6 20 260 M M 7 15 23 170
8 43 30 37 -1 28 0 0.00 0.0 0 8.2 21 250 M M 7 24 260
9 44 27 36 -2 29 0 T T 0 3.1 12 350 M M 5 8 13 340
10 48 28 38 -1 27 0 0.00 0.0 0 11.9 25 210 M M 7 32 210
11 53 29 41 2 24 0 0.00 0.0 0 12.8 28 270 M M 5 33 270
12 45 25 35 -4 30 0 0.00 0.0 0 6.1 15 240 M M 3 21 240
13 40 20 30 -10 35 0 0.17 3.4 3 11.8 24 70 M M 7 18 29 30
14 23 16 20 -20 45 0 0.04 2.4 4 18.0 25 20 M M 9 19 30 30
15 34 17 26 -14 39 0 0.00 0.0 4 9.4 20 20 M M 5 24 20
16 50 22 36 -4 29 0 0.00 0.0 4 5.0 13 30 M M 0 15 10
17 52 26 39 -2 26 0 0.00 0.0 2 3.4 10 360 M M 5 14 330
18 54 32 43 2 22 0 0.00 0.0 T 5.6 12 60 M M 3 16 80
19 56 30 43 2 22 0 0.00 0.0 0 4.4 13 70 M M 3 16 60
20 59 33 46 4 19 0 0.00 0.0 0 7.6 17 270 M M 3 23 260
21 58 35 47 5 18 0 0.00 0.0 0 8.0 17 270 M M 1 23 290
22 56 30 43 1 22 0 0.00 0.0 0 7.4 18 230 M M 5 23 230
23 50 35 43 1 22 0 T T 0 15.5 30 250 M M 6 36 270
24 47 31 39 -4 26 0 T T 0 9.3 23 230 M M 7 27 230
25 40 30 35 -8 30 0 0.06 0.3 T 5.9 12 210 M M 8 1 14 210
26 43 28 36 -7 29 0 0.00 0.0 0 10.8 23 230 M M 8 1 26 240
27 45 32 39 -4 26 0 0.00 0.0 0 11.2 18 230 M M 9 23 230
28 50 36 43 0 22 0 T 0.0 0 13.1 23 220 M M 8 29 200
29 54 40 47 3 18 0 0.03 T 0 14.0 32 270 M M 7 5 39 240
30 49 36 43 -1 22 0 0.07 0.0 0 18.2 41 240 M M 7 49 250
31 45 31 38 -6 27 0 0.11 0.3 0 9.4 29 310 M M 9 158 37 300
================================================================================
SM 1481 919 809 0 0.81 6.4 317.1 M 186
================================================================================
AV 47.8 29.7 10.2 FASTST M M 6 MAX(MPH)
MISC ----> # 41 240 # 49 250
================================================================================
NOTES:
# LAST OF SEVERAL OCCURRENCES
COLUMN 17 PEAK WIND IN M.P.H.
PRELIMINARY LOCAL CLIMATOLOGICAL DATA (WS FORM: F-6) , PAGE 2
STATION: SPOKANE WA AIRPORT
MONTH: MARCH
YEAR: 2020
LATITUDE: 47 37 N
LONGITUDE: 117 32 W
[TEMPERATURE DATA] [PRECIPITATION DATA] SYMBOLS USED IN COLUMN 16
AVERAGE MONTHLY: 38.7 TOTAL FOR MONTH: 0.81 1 = FOG OR MIST
DPTR FM NORMAL: -1.5 DPTR FM NORMAL: -0.80 2 = FOG REDUCING VISIBILITY
HIGHEST: 59 ON 20 GRTST 24HR 0.20 ON 7- 7 TO 1/4 MILE OR LESS
LOWEST: 16 ON 14 3 = THUNDER
SNOW, ICE PELLETS, HAIL 4 = ICE PELLETS
TOTAL MONTH: 6.4 INCHES 5 = HAIL
GRTST 24HR 3.4 ON 13-13 6 = FREEZING RAIN OR DRIZZLE
GRTST DEPTH: 4 ON 16,15 7 = DUSTSTORM OR SANDSTORM:
VSBY 1/2 MILE OR LESS
8 = SMOKE OR HAZE
[NO. OF DAYS WITH] [WEATHER - DAYS WITH] 9 = BLOWING SNOW
X = TORNADO
MAX 32 OR BELOW: 1 0.01 INCH OR MORE: 8
MAX 90 OR ABOVE: 0 0.10 INCH OR MORE: 4
MIN 32 OR BELOW: 23 0.50 INCH OR MORE: 0
MIN 0 OR BELOW: 0 1.00 INCH OR MORE: 0
[HDD (BASE 65) ]
TOTAL THIS MO. 809 CLEAR (SCALE 0-3) 5
DPTR FM NORMAL 42 PTCLDY (SCALE 4-7) 19
TOTAL FM JUL 1 5385 CLOUDY (SCALE 8-10) 7
DPTR FM NORMAL -211
[CDD (BASE 65) ]
TOTAL THIS MO. 0
DPTR FM NORMAL 0 [PRESSURE DATA]
TOTAL FM JAN 1 0 HIGHEST SLP 0.00 ON 28
DPTR FM NORMAL 0 LOWEST SLP 29.49 ON 13
[REMARKS]
#FINAL-03-20#