000
CXUS53 KFGF 011423
CF6GFK
PRELIMINARY LOCAL CLIMATOLOGICAL DATA (WS FORM: F-6)
STATION: GRAND FORKS INTL AP ND
MONTH: AUGUST
YEAR: 2023
LATITUDE: 47 57 N
LONGITUDE: 97 11 W
TEMPERATURE IN F: :PCPN: SNOW: WIND :SUNSHINE: SKY :PK WND
================================================================================
1 2 3 4 5 6A 6B 7 8 9 10 11 12 13 14 15 16 17 18
12Z AVG MX 2MIN
DY MAX MIN AVG DEP HDD CDD WTR SNW DPTH SPD SPD DIR MIN PSBL S-S WX SPD DR
================================================================================
1 96 66 81 12 0 16 0.00 0.0 0 9.9 22 180 M M 5 3 29 90
2 90 60 75 6 0 10 0.00 0.0 0 5.9 15 180 M M 3 18 20 190
3 88 61 75 6 0 10 0.00 0.0 0 6.5 15 20 M M 3 18 21 40
4 85 54 70 1 0 5 0.00 0.0 0 4.7 12 30 M M 6 18 16 150
5 86 63 75 6 0 10 T 0.0 0 5.0 10 290 M M 6 138 14 90
6 83 57 70 1 0 5 0.18 0.0 0 10.9 21 10 M M 5 1 27 360
7 85 54 70 1 0 5 0.00 0.0 0 4.8 15 70 M M 4 38 19 70
8 82 53 68 -1 0 3 0.02 0.0 0 6.5 16 300 M M 4 138 22 310
9 77 54 66 -2 0 1 0.00 0.0 0 6.2 17 20 M M 6 18 22 20
10 73 48 61 -7 4 0 0.06 0.0 0 7.5 17 110 M M 7 1 25 110
11 80 54 67 -1 0 2 0.24 0.0 0 7.7 31 260 M M 7 1238 44 280
12 77 53 65 -3 0 0 0.00 0.0 0 6.5 14 350 M M 5 20 330
13 67 52 60 -8 5 0 0.23 0.0 0 4.2 10 340 M M 8 1 13 350
14 81 53 67 -1 0 2 0.00 0.0 0 5.7 10 200 M M 4 12 14 260
15 91 58 75 7 0 10 0.00 0.0 0 8.8 18 260 M M 5 8 25 250
16 82 61 72 5 0 7 T 0.0 0 15.2 31 320 M M 6 8 44 320
17 78 54 66 -1 0 1 0.00 0.0 0 10.8 23 330 M M 2 18 30 340
18 87 53 70 3 0 5 0.00 0.0 0 15.3 30 190 M M 3 8 39 180
19 89 55 72 5 0 7 0.00 0.0 0 12.7 26 320 M M 2 8 33 320
20 69 52 61 -6 4 0 0.10 0.0 0 4.4 10 350 M M 7 1 14 330
21 70 58 64 -2 1 0 T 0.0 0 10.6 18 100 M M 10 25 90
22 67 61 64 -2 1 0 0.06 0.0 0 7.9 16 90 M M 10 1 20 100
23 72 63 68 2 0 3 T 0.0 0 4.6 10 90 M M 10 1 14 330
24 87 63 75 9 0 10 0.19 0.0 0 6.0 30 260 M M 8 123 43 260
25 75 56 66 1 0 1 0.04 0.0 0 13.2 25 350 M M 4 1 32 340
26 73 48 61 -4 4 0 0.00 0.0 0 6.3 15 360 M M 5 1 20 360
27 83 56 70 5 0 5 0.01 0.0 0 9.0 18 180 M M 6 3 25 180
28 80 52 66 1 0 1 0.00 0.0 0 7.0 14 360 M M 2 18 22 330
29 76 50 63 -1 2 0 0.00 0.0 0 10.0 23 360 M M 1 18 31 10
30 84 45 65 1 0 0 0.00 0.0 0 8.4 23 140 M M 3 128 30 140
31 86 68 77 13 0 12 0.01 0.0 0 19.4 33 190 M M 3 38 45 180
================================================================================
SM 2499 1735 21 131 1.14 0.0 261.6 M 160
================================================================================
AV 80.6 56.0 8.4 FASTST M M 5 MAX(MPH)
MISC ----> 33 190 45 180
================================================================================
NOTES:
# LAST OF SEVERAL OCCURRENCES
COLUMN 17 PEAK WIND IN M.P.H.
PRELIMINARY LOCAL CLIMATOLOGICAL DATA (WS FORM: F-6) , PAGE 2
STATION: GRAND FORKS INTL AP ND
MONTH: AUGUST
YEAR: 2023
LATITUDE: 47 57 N
LONGITUDE: 97 11 W
[TEMPERATURE DATA] [PRECIPITATION DATA] SYMBOLS USED IN COLUMN 16
AVERAGE MONTHLY: 68.3 TOTAL FOR MONTH: 1.14 1 = FOG OR MIST
DPTR FM NORMAL: 1.3 DPTR FM NORMAL: -1.67 2 = FOG REDUCING VISIBILITY
HIGHEST: 96 ON 1 GRTST 24HR 0.24 ON 11-11 TO 1/4 MILE OR LESS
LOWEST: 45 ON 30 3 = THUNDER
SNOW, ICE PELLETS, HAIL 4 = ICE PELLETS
TOTAL MONTH: 0.0 INCH 5 = HAIL
GRTST 24HR 0.0 6 = FREEZING RAIN OR DRIZZLE
GRTST DEPTH: 0 7 = DUSTSTORM OR SANDSTORM:
VSBY 1/2 MILE OR LESS
8 = SMOKE OR HAZE
[NO. OF DAYS WITH] [WEATHER - DAYS WITH] 9 = BLOWING SNOW
X = TORNADO
MAX 32 OR BELOW: 0 0.01 INCH OR MORE: 11
MAX 90 OR ABOVE: 3 0.10 INCH OR MORE: 5
MIN 32 OR BELOW: 0 0.50 INCH OR MORE: 0
MIN 0 OR BELOW: 0 1.00 INCH OR MORE: 0
[HDD (BASE 65) ]
TOTAL THIS MO. 21 CLEAR (SCALE 0-3) 8
DPTR FM NORMAL -28 PTCLDY (SCALE 4-7) 20
TOTAL FM JUL 1 62 CLOUDY (SCALE 8-10) 3
DPTR FM NORMAL -15
[CDD (BASE 65) ]
TOTAL THIS MO. 131
DPTR FM NORMAL 19 [PRESSURE DATA]
TOTAL FM JAN 1 547 HIGHEST SLP 30.35 ON 20
DPTR FM NORMAL 195 LOWEST SLP 29.45 ON 16
[REMARKS]
#FINAL-08-23#