205
CXUS51 KALY 021343 RRA
CLSGFL
ALBCLSGFL 000
TTAA00 ALY 010947
CLIMATE REPORT
NATIONAL WEATHER SERVICE ALBANY NY
547 AM EDT MON JUN 01 2020
...................................
...THE GLENS FALLS NY CLIMATE SUMMARY FOR THE SEASON, FROM
3/1/2020 TO 5/31/2020...
CLIMATE NORMAL PERIOD: 1981 TO 2010
CLIMATE RECORD PERIOD: 1893 TO 2020
WEATHER OBSERVED NORMAL DEPART LAST YEAR`S
VALUE DATE(S) VALUE FROM VALUE DATE(S)
NORMAL
................................................................
TEMPERATURE (F)
RECORD
HIGH 93 05/09/1979
LOW -24 03/04/1950
HIGHEST 88 05/27 86 05/26
LOWEST 5 03/01 -5 03/06
AVG. MAXIMUM 56.3 55.7 0.6 54.7
AVG. MINIMUM 33.7 31.8 1.9 33.1
MEAN 45.0 43.7 1.3 43.9
DAYS MAX >= 90 0 0.2 -0.2 0
DAYS MAX <= 32 0 4.6 -4.6 3
DAYS MIN <= 32 47 44.9 2.1 38
DAYS MIN <= 0 0 1.8 -1.8 4
PRECIPITATION (INCHES)
RECORD
MAXIMUM 17.77 1983
MINIMUM 2.59 1941
TOTALS 9.17 9.55 -0.38 11.91
DAILY AVG. 0.10 0.13
DAYS >= .01 19 34.6 -15.6 40
DAYS >= .10 11 21.3 -10.3 24
DAYS >= .50 5 6.4 -1.4 8
DAYS >= 1.00 2 1.9 0.1 2
GREATEST
24 HR. TOTAL 1.31 05/29 TO 05/30
04/13 TO 04/13
DEGREE DAYS
HEATING TOTAL 1868 1967 -99 1925
SINCE 7/1 7143 7586 -443 7261
COOLING TOTAL 45 13 32 9
SINCE 1/1 45 12 33 9
................................................................
WIND (MPH)
AVERAGE WIND SPEED 6.6
HIGHEST WIND SPEED/DIRECTION 29/300 DATE 05/09
HIGHEST GUST SPEED/DIRECTION 41/290 DATE 03/13
WEATHER CONDITIONS. NUMBER OF DAYS WITH
THUNDERSTORM 3 MIXED PRECIP 0
HEAVY RAIN 7 RAIN 10
LIGHT RAIN 34 FREEZING RAIN 0
LT FREEZING RAIN 0 HAIL 0
HEAVY SNOW 1 SNOW 1
LIGHT SNOW 9 SLEET 0
FOG 26 FOG W/VIS <= 1/4 MILE 5
HAZE 2
- INDICATES NEGATIVE NUMBERS.
R INDICATES RECORD WAS SET OR TIED.
MM INDICATES DATA IS MISSING.
T INDICATES TRACE AMOUNT.
$$