000
CXUS55 KGGW 010810
CF6GGW
PRELIMINARY LOCAL CLIMATOLOGICAL DATA (WS FORM: F-6)
STATION: GLASGOW MT
MONTH: JULY
YEAR: 2021
LATITUDE: 48 13 N
LONGITUDE: 106 37 W
TEMPERATURE IN F: :PCPN: SNOW: WIND :SUNSHINE: SKY :PK WND
================================================================================
1 2 3 4 5 6A 6B 7 8 9 10 11 12 13 14 15 16 17 18
12Z AVG MX 2MIN
DY MAX MIN AVG DEP HDD CDD WTR SNW DPTH SPD SPD DIR MIN PSBL S-S WX SPD DR
================================================================================
1 102 70 86 18 0 21 0.00 0.0 0 17.1 26 120 M M 0 37 120
2 101 72 87 18 0 22 0.00 0.0 0 13.4 23 150 M M 0 32 130
3 100 69 85 16 0 20 0.00 0.0 0 12.9 26 320 M M 0 36 310
4 95 62 79 10 0 14 0.00 0.0 0 10.0 23 100 M M 0 30 110
5 89 66 78 8 0 13 0.00 0.0 0 15.3 26 50 M M 1 33 20
6 80 59 70 0 0 5 0.01 0.0 0 13.0 23 110 M M 4 32 120
7 88 58 73 3 0 8 0.01 0.0 0 13.8 25 130 M M 3 3 34 120
8 88 59 74 4 0 9 T 0.0 0 10.2 41 320 M M 1 3 56 320
9 90 54 72 1 0 7 0.04 0.0 0 6.7 28 360 M M 1 3 39 360
10 92 58 75 4 0 10 0.00 0.0 0 6.7 15 190 M M 0 20 190
11 102 64 83 12 0 18 T 0.0 0 14.4 36 330 M M 0 3 48 340
12 90 56 73 2 0 8 0.00 0.0 0 10.4 22 340 M M 0 29 340
13 87 58 73 1 0 8 0.19 0.0 0 9.8 25 330 M M 2 35 340
14 89 57 73 1 0 8 0.00 0.0 0 6.1 14 100 M M 0 1 19 190
15 100 62 81 9 0 16 0.00 0.0 0 12.2 20 130 M M 0 31 130
16 102 67 85 13 0 20 0.00 0.0 0 8.5 18 110 M M 0 3 25 110
17 102 71 87 14 0 22 T 0.0 0 11.2 22 120 M M 0 3 27 130
18 104 69 87 14 0 22 0.00 0.0 0 8.4 15 110 M M 0 8 20 60
19 110 71 91 18 0 26 0.00 0.0 0 11.9 22 150 M M 0 30 140
20 87 68 78 5 0 13 T 0.0 0 7.4 20 70 M M 2 8 24 70
21 100 63 82 9 0 17 0.11 0.0 0 6.2 20 10 M M 0 138 26 320
22 96 69 83 9 0 18 0.30 0.0 0 7.3 51 290 M M 1 138 69 290
23 91 61 76 2 0 11 0.00 0.0 0 8.3 23 290 M M 1 3 30 280
24 93 54 74 0 0 9 0.00 0.0 0 8.9 18 290 M M 3 8 25 300
25 100 58 79 5 0 14 0.00 0.0 0 8.7 16 130 M M 0 22 170
26 99 60 80 6 0 15 0.00 0.0 0 4.5 15 350 M M 0 8 20 290
27 103 67 85 11 0 20 T 0.0 0 8.1 22 20 M M 0 8 30 20
28 93 73 83 9 0 18 0.00 0.0 0 12.5 26 30 M M 1 34 30
29 84 67 76 2 0 11 T 0.0 0 12.8 23 160 M M 3 29 170
30 98 62 80 6 0 15 0.00 0.0 0 10.8 21 50 M M 1 27 50
31 93 61 77 3 0 12 0.00 0.0 0 7.2 14 100 M M 1 18 110
================================================================================
SM 2948 1965 0 450 0.66 0.0 314.7 M 25
================================================================================
AV 95.1 63.4 10.2 FASTST M M 1 MAX(MPH)
MISC ----> 51 290 69 290
================================================================================
NOTES:
# LAST OF SEVERAL OCCURRENCES
COLUMN 17 PEAK WIND IN M.P.H.
PRELIMINARY LOCAL CLIMATOLOGICAL DATA (WS FORM: F-6) , PAGE 2
STATION: GLASGOW MT
MONTH: JULY
YEAR: 2021
LATITUDE: 48 13 N
LONGITUDE: 106 37 W
[TEMPERATURE DATA] [PRECIPITATION DATA] SYMBOLS USED IN COLUMN 16
AVERAGE MONTHLY: 79.2 TOTAL FOR MONTH: 0.66 1 = FOG OR MIST
DPTR FM NORMAL: 7.2 DPTR FM NORMAL: -1.29 2 = FOG REDUCING VISIBILITY
HIGHEST: 110 ON 19 GRTST 24HR 0.37 ON 21-22 TO 1/4 MILE OR LESS
LOWEST: 54 ON 24, 9 3 = THUNDER
SNOW, ICE PELLETS, HAIL 4 = ICE PELLETS
TOTAL MONTH: 0.0 INCH 5 = HAIL
GRTST 24HR 0.0 6 = FREEZING RAIN OR DRIZZLE
GRTST DEPTH: 0 7 = DUSTSTORM OR SANDSTORM:
VSBY 1/2 MILE OR LESS
8 = SMOKE OR HAZE
[NO. OF DAYS WITH] [WEATHER - DAYS WITH] 9 = BLOWING SNOW
X = TORNADO
MAX 32 OR BELOW: 0 0.01 INCH OR MORE: 6
MAX 90 OR ABOVE: 23 0.10 INCH OR MORE: 3
MIN 32 OR BELOW: 0 0.50 INCH OR MORE: 0
MIN 0 OR BELOW: 0 1.00 INCH OR MORE: 0
[HDD (BASE 65) ]
TOTAL THIS MO. 0 CLEAR (SCALE 0-3) 28
DPTR FM NORMAL -14 PTCLDY (SCALE 4-7) 3
TOTAL FM JUL 1 0 CLOUDY (SCALE 8-10) 0
DPTR FM NORMAL -10
[CDD (BASE 65) ]
TOTAL THIS MO. 450
DPTR FM NORMAL 220 [PRESSURE DATA]
TOTAL FM JAN 1 695 HIGHEST SLP M ON M
DPTR FM NORMAL 376 LOWEST SLP 29.62 ON 15
[REMARKS]
#FINAL-07-21#