000
CXUS55 KGJT 011924
CF6GJT
PRELIMINARY LOCAL CLIMATOLOGICAL DATA (WS FORM: F-6)
STATION: GRAND JUNCTION CO
MONTH: SEPTEMBER
YEAR: 2023
LATITUDE: 39 7 N
LONGITUDE: 108 32 W
TEMPERATURE IN F: :PCPN: SNOW: WIND :SUNSHINE: SKY :PK WND
================================================================================
1 2 3 4 5 6A 6B 7 8 9 10 11 12 13 14 15 16 17 18
12Z AVG MX 2MIN
DY MAX MIN AVG DEP HDD CDD WTR SNW DPTH SPD SPD DIR MIN PSBL S-S WX SPD DR
================================================================================
1 91 68 80 8 0 15 0.00 0.0 0 7.4 24 310 M M 1 29 310
2 86 62 74 2 0 9 0.04 0.0 0 7.3 18 330 M M 4 18 22 340
3 85 65 75 3 0 10 0.00 0.0 0 5.6 16 260 M M 3 21 300
4 82 60 71 -1 0 6 0.01 0.0 0 8.5 29 260 M M 3 35 250
5 85 52 69 -2 0 4 0.00 0.0 0 5.5 14 100 M M 0 8 17 270
6 91 56 74 3 0 9 0.00 0.0 0 7.6 15 320 M M 0 8 20 290
7 91 59 75 4 0 10 0.00 0.0 0 8.4 18 310 M M 0 8 23 310
8 93 57 75 5 0 10 0.00 0.0 0 8.3 18 270 M M 0 8 26 270
9 92 56 74 4 0 9 0.00 0.0 0 6.5 17 260 M M 0 27 270
10 87 60 74 4 0 9 T 0.0 0 9.3 23 310 M M 3 41 220
11 85 58 72 3 0 7 0.00 0.0 0 6.0 16 250 M M 2 22 270
12 86 58 72 3 0 7 0.00 0.0 0 7.6 18 120 M M 1 8 25 120
13 82 59 71 3 0 6 0.00 0.0 0 4.8 20 300 M M 1 3 25 300
14 79 53 66 -2 0 1 T 0.0 0 7.2 26 320 M M 3 38 36 310
15 79 56 68 0 0 3 0.01 0.0 0 7.0 22 50 M M 6 3 28 120
16 82 51 67 0 0 2 0.00 0.0 0 7.3 16 110 M M 0 20 120
17 84 53 69 2 0 4 0.00 0.0 0 7.5 17 300 M M 2 25 290
18 75 55 65 -1 0 0 0.01 0.0 0 7.8 18 260 M M 2 38 22 260
19 82 50 66 0 0 1 T 0.0 0 6.1 26 70 M M 1 36 60
20 83 54 69 4 0 4 T 0.0 0 10.6 24 100 M M 1 3 28 90
21 84 58 71 6 0 6 0.00 0.0 0 13.8 25 190 M M 0 8 35 210
22 83 55 69 5 0 4 0.00 0.0 0 8.9 24 260 M M 0 8 33 270
23 75 46 61 -3 4 0 0.00 0.0 0 5.6 17 300 M M 0 25 310
24 79 42 61 -3 4 0 0.00 0.0 0 4.6 13 300 M M 0 17 270
25 83 48 66 3 0 1 0.00 0.0 0 7.4 15 110 M M 0 8 19 110
26 84 48 66 3 0 1 0.00 0.0 0 7.4 16 110 M M 0 21 290
27 85 50 68 6 0 3 0.00 0.0 0 9.4 17 120 M M 0 21 290
28 85 54 70 8 0 5 0.00 0.0 0 9.2 22 120 M M 0 26 120
29 86 53 70 9 0 5 0.00 0.0 0 10.2 20 150 M M 0 27 160
30 89 57 73 12 0 8 0.00 0.0 0 14.1 26 180 M M 0 38 170
================================================================================
SM 2533 1653 8 159 0.07 0.0 236.9 M 33
================================================================================
AV 84.4 55.1 7.9 FASTST M M 1 MAX(MPH)
MISC ----> 29 260 41 220
================================================================================
NOTES:
# LAST OF SEVERAL OCCURRENCES
COLUMN 17 PEAK WIND IN M.P.H.
PRELIMINARY LOCAL CLIMATOLOGICAL DATA (WS FORM: F-6) , PAGE 2
STATION: GRAND JUNCTION CO
MONTH: SEPTEMBER
YEAR: 2023
LATITUDE: 39 7 N
LONGITUDE: 108 32 W
[TEMPERATURE DATA] [PRECIPITATION DATA] SYMBOLS USED IN COLUMN 16
AVERAGE MONTHLY: 69.8 TOTAL FOR MONTH: 0.07 1 = FOG OR MIST
DPTR FM NORMAL: 2.7 DPTR FM NORMAL: -1.12 2 = FOG REDUCING VISIBILITY
HIGHEST: 93 ON 8 GRTST 24HR 0.04 ON 2- 2 TO 1/4 MILE OR LESS
LOWEST: 42 ON 24 3 = THUNDER
SNOW, ICE PELLETS, HAIL 4 = ICE PELLETS
TOTAL MONTH: 0.0 INCH 5 = HAIL
GRTST 24HR 0.0 6 = FREEZING RAIN OR DRIZZLE
GRTST DEPTH: 0 7 = DUSTSTORM OR SANDSTORM:
VSBY 1/2 MILE OR LESS
8 = SMOKE OR HAZE
[NO. OF DAYS WITH] [WEATHER - DAYS WITH] 9 = BLOWING SNOW
X = TORNADO
MAX 32 OR BELOW: 0 0.01 INCH OR MORE: 4
MAX 90 OR ABOVE: 5 0.10 INCH OR MORE: 0
MIN 32 OR BELOW: 0 0.50 INCH OR MORE: 0
MIN 0 OR BELOW: 0 1.00 INCH OR MORE: 0
[HDD (BASE 65) ]
TOTAL THIS MO. 8 CLEAR (SCALE 0-3) 24
DPTR FM NORMAL -51 PTCLDY (SCALE 4-7) 6
TOTAL FM JUL 1 8 CLOUDY (SCALE 8-10) 0
DPTR FM NORMAL -50
[CDD (BASE 65) ]
TOTAL THIS MO. 159
DPTR FM NORMAL 37 [PRESSURE DATA]
TOTAL FM JAN 1 1450 HIGHEST SLP 30.22 ON 25
DPTR FM NORMAL 222 LOWEST SLP 29.54 ON 30
[REMARKS]
#FINAL-09-23#