000
CXUS54 KFWD 010830
CF6GKY
PRELIMINARY LOCAL CLIMATOLOGICAL DATA (WS FORM: F-6)
STATION: ARLINGTON
MONTH: JANUARY
YEAR: 2022
LATITUDE: 32 39 N
LONGITUDE: 97 6 W
TEMPERATURE IN F: :PCPN: SNOW: WIND :SUNSHINE: SKY :PK WND
================================================================================
1 2 3 4 5 6A 6B 7 8 9 10 11 12 13 14 15 16 17 18
12Z AVG MX 2MIN
DY MAX MIN AVG DEP HDD CDD WTR SNW DPTH SPD SPD DIR MIN PSBL S-S WX SPD DR
================================================================================
1 76 24 50 3 15 0 0.04 M M 11.3 29 330 M M 7 1 37 310
2 41 19 30 -17 35 0 0.00 M M 13.5 28 320 M M 1 40 320
3 56 19 38 -9 27 0 0.00 M M 5.3 15 140 M M 0 20 140
4 66 32 49 2 16 0 0.00 M M 10.3 22 170 M M 0 32 180
5 62 32 47 0 18 0 0.00 M M 7.0 17 360 M M 0 23 20
6 44 27 36 -11 29 0 0.00 M M 13.0 25 330 M M 0 32 330
7 49 23 36 -11 29 0 0.00 M M 8.2 17 150 M M 4 24 140
8 64 46 55 8 10 0 T M M 8.8 18 180 M M 10 1 31 180
9 63 43 53 6 12 0 T M M 14.5 26 360 M M 6 1 33 350
10 56 29 43 -4 22 0 0.00 M M 6.4 20 360 M M 0 25 350
11 60 24 42 -5 23 0 0.00 M M 4.8 17 160 M M 2 22 150
12 64 33 49 2 16 0 0.00 M M 4.1 12 180 M M 1 17 200
13 76 30 53 6 12 0 0.00 M M 2.8 13 330 M M 0 18 330
14 78 34 56 9 9 0 0.00 M M 9.1 33 300 M M 0 49 320
15 52 32 42 -5 23 0 T M M 23.1 38 320 M M 5 59 340
16 55 28 42 -5 23 0 0.00 M M 6.7 21 320 M M 1 30 320
17 66 25 46 -1 19 0 0.00 M M 4.2 14 160 M M 0 20 130
18 76 38 57 10 8 0 0.00 M M 15.2 25 150 M M 0 38 170
19 62 36 49 2 16 0 0.05 M M 13.7 32 350 M M 5 42 350
20 39 26 33 -14 32 0 0.00 M M 17.8 29 340 M M 7 38 340
21 45 19 32 -16 33 0 0.00 M M 5.5 14 10 M M 2 17 360
22 52 20 36 -12 29 0 0.00 M M 1.4 9 50 M M 0 12 50
23 67 24 46 -2 19 0 0.00 M M 3.6 14 310 M M 0 22 230
24 57 35 46 -2 19 0 0.13 M M 3.1 10 170 M M 9 1 15 170
25 59 39 49 1 16 0 0.00 M M 9.7 18 40 M M 3 1 24 50
26 51 32 42 -6 23 0 T M M 6.9 16 10 M M 2 21 360
27 52 29 41 -7 24 0 0.00 M M 4.9 15 330 M M 6 20 320
28 58 30 44 -4 21 0 0.00 M M 9.1 22 320 M M 0 29 300
29 69 24 47 -1 18 0 0.00 M M 4.6 14 230 M M 0 22 260
30 73 30 52 4 13 0 0.00 M M 6.2 15 140 M M 0 20 130
31 67 47 57 8 8 0 0.00 M M 8.8 20 150 M M 4 28 150
================================================================================
SM 1855 929 617 0 0.22 M 263.6 M 75
================================================================================
AV 59.8 30.0 8.5 FASTST M M 2 MAX(MPH)
MISC ----> 38 320 59 340
================================================================================
NOTES:
# LAST OF SEVERAL OCCURRENCES
COLUMN 17 PEAK WIND IN M.P.H.
PRELIMINARY LOCAL CLIMATOLOGICAL DATA (WS FORM: F-6) , PAGE 2
STATION: ARLINGTON
MONTH: JANUARY
YEAR: 2022
LATITUDE: 32 39 N
LONGITUDE: 97 6 W
[TEMPERATURE DATA] [PRECIPITATION DATA] SYMBOLS USED IN COLUMN 16
AVERAGE MONTHLY: 44.9 TOTAL FOR MONTH: 0.22 1 = FOG OR MIST
DPTR FM NORMAL: -2.4 DPTR FM NORMAL: -2.12 2 = FOG REDUCING VISIBILITY
HIGHEST: 78 ON 14 GRTST 24HR 0.13 ON 24-24 TO 1/4 MILE OR LESS
LOWEST: 19 ON 21, 3 3 = THUNDER
SNOW, ICE PELLETS, HAIL 4 = ICE PELLETS
TOTAL MONTH: M 5 = HAIL
GRTST 24HR M ON M 6 = FREEZING RAIN OR DRIZZLE
GRTST DEPTH: M ON M 7 = DUSTSTORM OR SANDSTORM:
VSBY 1/2 MILE OR LESS
8 = SMOKE OR HAZE
[NO. OF DAYS WITH] [WEATHER - DAYS WITH] 9 = BLOWING SNOW
X = TORNADO
MAX 32 OR BELOW: 0 0.01 INCH OR MORE: 3
MAX 90 OR ABOVE: 0 0.10 INCH OR MORE: 1
MIN 32 OR BELOW: 22 0.50 INCH OR MORE: 0
MIN 0 OR BELOW: 0 1.00 INCH OR MORE: 0
[HDD (BASE 65) ]
TOTAL THIS MO. 617 CLEAR (SCALE 0-3) 21
DPTR FM NORMAL 64 PTCLDY (SCALE 4-7) 8
TOTAL FM JUL 1 1002 CLOUDY (SCALE 8-10) 2
DPTR FM NORMAL -399
[CDD (BASE 65) ]
TOTAL THIS MO. 0
DPTR FM NORMAL -3 [PRESSURE DATA]
TOTAL FM JAN 1 0 HIGHEST SLP 30.73 ON 10
DPTR FM NORMAL -3 LOWEST SLP 29.60 ON 1
[REMARKS]
#FINAL-01-22#