000
CXUS52 KJAX 041214
CF6GNV
PRELIMINARY LOCAL CLIMATOLOGICAL DATA (WS FORM: F-6)
STATION: GAINESVILLE
MONTH: APRIL
YEAR: 2021
LATITUDE: 29 40 N
LONGITUDE: 82 16 W
TEMPERATURE IN F: :PCPN: SNOW: WIND :SUNSHINE: SKY :PK WND
================================================================================
1 2 3 4 5 6A 6B 7 8 9 10 11 12 13 14 15 16 17 18
12Z AVG MX 2MIN
DY MAX MIN AVG DEP HDD CDD WTR SNW DPTH SPD SPD DIR MIN PSBL S-S WX SPD DR
================================================================================
1 67 49 58 -7 7 0 T 0.0 0 9.1 22 350 M M 4 1 35 320
2 63 36 50 -15 15 0 0.00 0.0 0 8.8 20 30 M M 0 29 50
3 69 35 52 -13 13 0 0.00 0.0 0 6.6 17 20 M M 1 26 50
4 74 40 57 -8 8 0 0.00 0.0 0 3.1 14 170 M M 0 21 160
5 78 44 61 -5 4 0 0.00 0.0 0 2.7 10 280 M M 0 15 310
6 80 47 64 -2 1 0 0.00 0.0 0 2.0 12 190 M M 2 20 190
7 82 48 65 -1 0 0 0.00 0.0 0 2.4 13 150 M M 0 18 190
8 81 50 66 0 0 1 0.00 0.0 0 4.7 18 220 M M 0 25 180
9 83 54 69 3 0 4 0.00 0.0 0 4.0 15 140 M M 1 1 20 190
10 85 55 70 4 0 5 0.27 0.0 0 7.9 22 250 M M 2 123 32 180
11 67 53 60 -7 5 0 1.51 0.0 0 3.7 16 120 M M 5 123 20 280
12 83 59 71 4 0 6 0.00 0.0 0 5.3 12 10 M M 3 1 17 360
13 89 55 72 5 0 7 0.00 0.0 0 5.7 13 50 M M 0 19 50
14 87 59 73 6 0 8 0.00 0.0 0 5.2 16 270 M M 1 26 180
15 79 61 70 3 0 5 0.00 0.0 0 7.9 21 250 M M 4 1 28 270
16 75 62 69 1 0 4 0.50 0.0 0 4.9 17 310 M M 9 13 26 300
17 80 61 71 3 0 6 0.57 0.0 0 5.0 18 310 M M 9 13 35 300
18 77 65 71 3 0 6 1.10 0.0 0 3.2 13 160 M M 9 13 16 150
19 78 56 67 -1 0 2 T 0.0 0 5.5 15 330 M M 4 1 21 320
20 77 55 66 -2 0 1 0.00 0.0 0 5.3 15 110 M M 5 12 21 120
21 84 59 72 3 0 7 0.00 0.0 0 7.4 18 270 M M 1 12 24 270
22 75 50 63 -6 2 0 0.00 0.0 0 6.3 16 30 M M 0 24 10
23 79 47 63 -6 2 0 0.00 0.0 0 6.0 15 110 M M 0 20 120
24 87 61 74 5 0 9 0.00 0.0 0 11.7 25 210 M M 4 38 200
25 83 61 72 2 0 7 0.16 0.0 0 8.9 24 280 M M 3 13 33 290
26 83 54 69 -1 0 4 0.00 0.0 0 4.9 15 70 M M 1 25 70
27 82 59 71 1 0 6 0.00 0.0 0 6.2 15 120 M M 1 1 21 100
28 84 59 72 2 0 7 0.00 0.0 0 3.8 13 130 M M 2 1 18 130
29 88 59 74 4 0 9 0.00 0.0 0 5.6 20 250 M M 1 27 270
30 88 63 76 5 0 11 T 0.0 0 7.0 15 330 M M 4 12 20 340
================================================================================
SM 2387 1616 57 115 4.11 0.0 170.8 M 76
================================================================================
AV 79.6 53.9 5.7 FASTST M M 3 MAX(MPH)
MISC ----> 25 210 38 200
================================================================================
NOTES:
# LAST OF SEVERAL OCCURRENCES
COLUMN 17 PEAK WIND IN M.P.H.
PRELIMINARY LOCAL CLIMATOLOGICAL DATA (WS FORM: F-6) , PAGE 2
STATION: GAINESVILLE
MONTH: APRIL
YEAR: 2021
LATITUDE: 29 40 N
LONGITUDE: 82 16 W
[TEMPERATURE DATA] [PRECIPITATION DATA] SYMBOLS USED IN COLUMN 16
AVERAGE MONTHLY: 66.7 TOTAL FOR MONTH: 4.11 1 = FOG OR MIST
DPTR FM NORMAL: -0.9 DPTR FM NORMAL: 1.44 2 = FOG REDUCING VISIBILITY
HIGHEST: 89 ON 13 GRTST 24HR 1.78 ON 10-11 TO 1/4 MILE OR LESS
LOWEST: 35 ON 3 3 = THUNDER
SNOW, ICE PELLETS, HAIL 4 = ICE PELLETS
TOTAL MONTH: 0.0 INCH 5 = HAIL
GRTST 24HR 0.0 6 = FREEZING RAIN OR DRIZZLE
GRTST DEPTH: 0 7 = DUSTSTORM OR SANDSTORM:
VSBY 1/2 MILE OR LESS
8 = SMOKE OR HAZE
[NO. OF DAYS WITH] [WEATHER - DAYS WITH] 9 = BLOWING SNOW
X = TORNADO
MAX 32 OR BELOW: 0 0.01 INCH OR MORE: 6
MAX 90 OR ABOVE: 0 0.10 INCH OR MORE: 6
MIN 32 OR BELOW: 0 0.50 INCH OR MORE: 4
MIN 0 OR BELOW: 0 1.00 INCH OR MORE: 2
[HDD (BASE 65) ]
TOTAL THIS MO. 57 CLEAR (SCALE 0-3) 19
DPTR FM NORMAL 14 PTCLDY (SCALE 4-7) 8
TOTAL FM JUL 1 1068 CLOUDY (SCALE 8-10) 3
DPTR FM NORMAL -148
[CDD (BASE 65) ]
TOTAL THIS MO. 115
DPTR FM NORMAL -6 [PRESSURE DATA]
TOTAL FM JAN 1 294 HIGHEST SLP 30.47 ON 3
DPTR FM NORMAL 87 LOWEST SLP 29.72 ON 11
[REMARKS]
#FINAL-04-21#