000
CXUS54 KOUN 010810
CF6GOK
PRELIMINARY LOCAL CLIMATOLOGICAL DATA (WS FORM: F-6)
STATION: GUTHRIE MUNICIPAL
MONTH: MAY
YEAR: 2022
LATITUDE: 35 50 N
LONGITUDE: 97 25 W
TEMPERATURE IN F: :PCPN: SNOW: WIND :SUNSHINE: SKY :PK WND
================================================================================
1 2 3 4 5 6A 6B 7 8 9 10 11 12 13 14 15 16 17 18
12Z AVG MX 2MIN
DY MAX MIN AVG DEP HDD CDD WTR SNW DPTH SPD SPD DIR MIN PSBL S-S WX SPD DR
================================================================================
1 77 45 61 -3 4 0 T M M 6.7 16 120 M M 0 3 23 110
2 78 47 63 -2 2 0 1.06 M M 12.7 28 170 M M 6 13 39 170
3 62 45 54 -11 11 0 0.00 M M 7.7 15 50 M M 7 22 320
4 63 50 57 -8 8 0 1.02 0.0 0 7.3 24 300 M M 10 13 35 290
5 62 49 56 -10 9 0 1.39 M M 7.6 21 130 M M 8 13 27 130
6 75 47 61 -5 4 0 0.00 M M 5.4 12 130 M M 1 17 130
7 83 55 69 3 0 4 0.00 M M 12.2 25 160 M M 2 34 160
8 95 74 85 19 0 20 0.00 M M 19.4 28 190 M M 2 8 37 180
9 92 76 84 17 0 19 0.00 M M 19.3 28 170 M M 0 8 36 150
10 91 76 84 17 0 19 0.00 M M 16.1 24 190 M M 1 8 32 190
11 90 66 78 10 0 13 0.07 M M 12.1 28 240 M M 1 41 210
12 92 71 82 14 0 17 0.00 0.0 M 14.0 24 170 M M 0 30 180
13 85 70 78 10 0 13 0.01 0.0 M 9.4 16 180 M M 2 3 23 150
14 90 66 78 10 0 13 0.02 0.0 M 5.7 17 60 M M 1 3 23 60
15 92 65 79 10 0 14 T 0.0 M 9.4 22 50 M M 1 29 50
16 83 57 70 1 0 5 0.00 0.0 M 5.0 10 110 M M 0 46 90
17 88 67 78 8 0 13 T 0.0 M 13.0 43 210 M M 1 38 59 210
18 92 71 82 12 0 17 T 0.0 0 8.6 35 190 M M 1 48 180
19 92 65 79 9 0 14 0.02 M M 13.8 36 290 M M 1 3 50 300
20 82 67 75 5 0 10 0.00 M M 13.1 30 190 M M 5 42 180
21 67 51 59 -12 6 0 0.85 M M 9.5 23 50 M M 8 13 33 60
22 68 46 57 -14 8 0 0.00 M M 9.1 17 70 M M 0 25 70
23 60 52 56 -16 9 0 M M M 7.5 17 110 M M 10 13 22 110
24 65 58 62 -10 3 0 M M M 8.2 23 120 M M 8 123 29 120
25 58 52 55 -17 10 0 M M M 10.0 17 280 M M 10 1 23 290
26 73 52 63 -9 2 0 0.01 M M 8.4 21 300 M M 5 29 300
27 85 53 69 -4 0 4 0.00 M M 5.9 15 150 M M 0 23 160
28 87 67 77 4 0 12 0.00 M M 16.7 30 180 M M 0 41 170
29 89 75 82 9 0 17 M M M 19.3 30 160 M M 0 42 160
30 88 72 80 6 0 15 0.00 M M 19.6 32 190 M M 2 45 180
31 86 75 81 7 0 16 T M M 13.3 25 180 M M 4 38 170
================================================================================
SM 2490 1882 76 255 4.45 0.0 346.0 M 97
================================================================================
AV 80.3 60.7 11.2 FASTST M M 3 MAX(MPH)
MISC ----> 43 210 59 210
================================================================================
NOTES:
# LAST OF SEVERAL OCCURRENCES
COLUMN 17 PEAK WIND IN M.P.H.
PRELIMINARY LOCAL CLIMATOLOGICAL DATA (WS FORM: F-6) , PAGE 2
STATION: GUTHRIE MUNICIPAL
MONTH: MAY
YEAR: 2022
LATITUDE: 35 50 N
LONGITUDE: 97 25 W
[TEMPERATURE DATA] [PRECIPITATION DATA] SYMBOLS USED IN COLUMN 16
AVERAGE MONTHLY: 70.5 TOTAL FOR MONTH: 4.45 1 = FOG OR MIST
DPTR FM NORMAL: 1.4 DPTR FM NORMAL: 0.81 2 = FOG REDUCING VISIBILITY
HIGHEST: 95 ON 8 GRTST 24HR 3.10 ON 24-25 TO 1/4 MILE OR LESS
LOWEST: 45 ON 3, 1 3 = THUNDER
SNOW, ICE PELLETS, HAIL 4 = ICE PELLETS
TOTAL MONTH: 0.0 INCH 5 = HAIL
GRTST 24HR 0.0 6 = FREEZING RAIN OR DRIZZLE
GRTST DEPTH: 0 7 = DUSTSTORM OR SANDSTORM:
VSBY 1/2 MILE OR LESS
8 = SMOKE OR HAZE
[NO. OF DAYS WITH] [WEATHER - DAYS WITH] 9 = BLOWING SNOW
X = TORNADO
MAX 32 OR BELOW: 0 0.01 INCH OR MORE: 9
MAX 90 OR ABOVE: 9 0.10 INCH OR MORE: 4
MIN 32 OR BELOW: 0 0.50 INCH OR MORE: 4
MIN 0 OR BELOW: 0 1.00 INCH OR MORE: 3
[HDD (BASE 65) ]
TOTAL THIS MO. 76 CLEAR (SCALE 0-3) 20
DPTR FM NORMAL 28 PTCLDY (SCALE 4-7) 7
TOTAL FM JUL 1 3248 CLOUDY (SCALE 8-10) 4
DPTR FM NORMAL -314
[CDD (BASE 65) ]
TOTAL THIS MO. 255
DPTR FM NORMAL 78 [PRESSURE DATA]
TOTAL FM JAN 1 338 HIGHEST SLP M ON M
DPTR FM NORMAL 88 LOWEST SLP 29.30 ON 20
[REMARKS]
#FINAL-05-22#