000
CXUS54 KOUN 010910
CF6GOK
PRELIMINARY LOCAL CLIMATOLOGICAL DATA (WS FORM: F-6)
STATION: GUTHRIE MUNICIPAL
MONTH: DECEMBER
YEAR: 2023
LATITUDE: 35 50 N
LONGITUDE: 97 25 W
TEMPERATURE IN F: :PCPN: SNOW: WIND :SUNSHINE: SKY :PK WND
================================================================================
1 2 3 4 5 6A 6B 7 8 9 10 11 12 13 14 15 16 17 18
12Z AVG MX 2MIN
DY MAX MIN AVG DEP HDD CDD WTR SNW DPTH SPD SPD DIR MIN PSBL S-S WX SPD DR
================================================================================
1 45 37 41 -3 24 0 0.00 M M 7.1 15 310 M M 10 1 23 310
2 M M M M M M 0.00 M M M M M M M 6 M M
3 M M M M M M 0.00 M M M M M M M 0 M M
4 57 M M M M M 0.00 M M 6.6 12 190 M M 0 16 210
5 57 29 43 0 22 0 0.00 M M 3.9 12 20 M M 0 20 20
6 63 32 48 6 17 0 0.00 M M 10.3 18 190 M M 0 27 180
7 69 47 58 16 7 0 0.00 M M 18.5 28 190 M M 0 39 200
8 66 41 54 12 11 0 0.00 M M 10.8 22 200 M M 2 34 190
9 50 32 41 -1 24 0 0.00 M M 6.3 16 320 M M 1 29 320
10 49 19 34 -7 31 0 0.00 M M 6.0 12 170 M M 0 17 340
11 59 26 43 2 22 0 0.00 M M 4.4 12 190 M M 0 16 180
12 61 29 45 4 20 0 0.00 M M 6.3 16 180 M M 0 20 170
13 57 42 50 10 15 0 0.01 M M 6.9 13 100 M M 4 19 140
14 59 40 50 10 15 0 0.07 M M 7.5 16 160 M M 7 22 170
15 51 35 43 3 22 0 1.00 M M 7.4 20 130 M M 9 1 34 120
16 52 32 42 2 23 0 0.00 M M 6.1 16 290 M M 1 1 23 290
17 63 31 47 7 18 0 0.00 M M 5.1 9 260 M M 0 13 300
18 50 28 39 0 26 0 0.00 M M 4.2 13 50 M M 0 20 10
19 57 34 46 7 19 0 0.00 M M 14.8 28 190 M M 0 37 190
20 56 43 50 11 15 0 0.00 M M 13.2 22 190 M M 6 33 180
21 61 52 57 18 8 0 0.01 0.0 0 12.7 21 180 M M 9 1 30 190
22 66 49 58 19 7 0 0.00 0.0 0 7.9 14 190 M M 6 1 20 200
23 65 51 58 19 7 0 0.01 0.0 0 11.6 20 150 M M 9 1 28 150
24 61 37 49 11 16 0 2.13 0.0 0 11.5 22 310 M M 9 1 37 300
25 42 28 35 -3 30 0 0.00 M M 10.8 21 310 M M 7 34 320
26 47 27 37 -1 28 0 0.00 M M 10.5 26 280 M M 8 37 280
27 40 30 35 -3 30 0 0.00 M M 8.7 18 320 M M 7 34 320
28 42 27 35 -3 30 0 0.00 0.0 0 5.5 13 330 M M 5 20 340
29 50 26 38 0 27 0 0.00 0.0 0 6.7 14 310 M M 0 24 330
30 59 24 42 4 23 0 0.00 0.0 0 3.2 9 240 M M 0 13 240
31 44 31 38 0 27 0 0.00 0.0 0 6.8 13 20 M M 3 23 20
================================================================================
SM 1598 959 564 0 3.23 0.0 241.3 M 109
================================================================================
AV 55.1 34.3 8.3 FASTST M M 4 MAX(MPH)
MISC ----> # 28 190 39 200
================================================================================
NOTES:
# LAST OF SEVERAL OCCURRENCES
COLUMN 17 PEAK WIND IN M.P.H.
PRELIMINARY LOCAL CLIMATOLOGICAL DATA (WS FORM: F-6) , PAGE 2
STATION: GUTHRIE MUNICIPAL
MONTH: DECEMBER
YEAR: 2023
LATITUDE: 35 50 N
LONGITUDE: 97 25 W
[TEMPERATURE DATA] [PRECIPITATION DATA] SYMBOLS USED IN COLUMN 16
AVERAGE MONTHLY: 44.7 TOTAL FOR MONTH: 3.23 1 = FOG OR MIST
DPTR FM NORMAL: 4.5 DPTR FM NORMAL: 1.75 2 = FOG REDUCING VISIBILITY
HIGHEST: 69 ON 7 GRTST 24HR 2.14 ON 23-24 TO 1/4 MILE OR LESS
LOWEST: 19 ON 10 3 = THUNDER
SNOW, ICE PELLETS, HAIL 4 = ICE PELLETS
TOTAL MONTH: 0.0 INCH 5 = HAIL
GRTST 24HR 0.0 6 = FREEZING RAIN OR DRIZZLE
GRTST DEPTH: 0 7 = DUSTSTORM OR SANDSTORM:
VSBY 1/2 MILE OR LESS
8 = SMOKE OR HAZE
[NO. OF DAYS WITH] [WEATHER - DAYS WITH] 9 = BLOWING SNOW
X = TORNADO
MAX 32 OR BELOW: 0 0.01 INCH OR MORE: 6
MAX 90 OR ABOVE: 0 0.10 INCH OR MORE: 2
MIN 32 OR BELOW: 16 0.50 INCH OR MORE: 2
MIN 0 OR BELOW: 0 1.00 INCH OR MORE: 2
[HDD (BASE 65) ]
TOTAL THIS MO. 564 CLEAR (SCALE 0-3) 16
DPTR FM NORMAL -205 PTCLDY (SCALE 4-7) 10
TOTAL FM JUL 1 1191 CLOUDY (SCALE 8-10) 5
DPTR FM NORMAL -225
[CDD (BASE 65) ]
TOTAL THIS MO. 0
DPTR FM NORMAL 0 [PRESSURE DATA]
TOTAL FM JAN 1 2160 HIGHEST SLP 30.55 ON 14
DPTR FM NORMAL 68 LOWEST SLP 29.56 ON 8
[REMARKS]
#FINAL-12-23#