620
CXUS54 KFWD 010731
CF6GOP
PRELIMINARY LOCAL CLIMATOLOGICAL DATA (WS FORM: F-6)
STATION: GATESVILLE
MONTH: AUGUST
YEAR: 2020
LATITUDE: 31 25 N
LONGITUDE: 97 48 W
TEMPERATURE IN F: :PCPN: SNOW: WIND :SUNSHINE: SKY :PK WND
================================================================================
1 2 3 4 5 6A 6B 7 8 9 10 11 12 13 14 15 16 17 18
12Z AVG MX 2MIN
DY MAX MIN AVG DEP HDD CDD WTR SNW DPTH SPD SPD DIR MIN PSBL S-S WX SPD DR
================================================================================
1 95 68 82 -1 0 17 0.00 0.0 0 3.3 14 350 M M 0 14 99
2 99 68 84 1 0 19 0.00 0.0 0 4.4 13 10 M M 0 16 10
3 95 72 84 1 0 19 0.09 0.0 0 1.3 12 310 M M 0 3 17 310
4 99 72 86 3 0 21 0.00 0.0 0 0.6 10 220 M M 0 12 0
5 100 75 88 5 0 23 0.00 0.0 0 5.2 14 160 M M 0 18 220
6 99 75 87 4 0 22 0.00 0.0 0 9.1 14 170 M M 0 22 170
7 99 75 87 4 0 22 0.00 0.0 0 7.0 13 180 M M 0 22 170
8 99 73 86 3 0 21 0.00 0.0 0 7.7 13 190 M M 0 16 210
9 99 77 88 5 0 23 0.00 0.0 0 8.5 16 180 M M 0 23 180
10 99 77 88 5 0 23 0.00 0.0 0 10.2 16 190 M M 1 23 170
11 100 79 90 7 0 25 0.00 0.0 0 8.6 15 190 M M 1 21 180
12 102 79 91 8 0 26 0.00 0.0 0 7.4 13 190 M M 0 20 170
13 102 79 91 8 0 26 0.00 0.0 0 7.7 15 210 M M 0 17 170
14 106 79 93 10 0 28 0.00 0.0 0 7.7 13 210 M M 0 18 210
15 106 79 93 10 0 28 0.00 0.0 0 6.1 14 210 M M 0 15 99
16 102 79 91 8 0 26 0.00 0.0 0 4.4 14 360 M M 0 21 360
17 95 72 84 1 0 19 0.00 0.0 0 2.9 18 10 M M 0 25 10
18 97 70 84 1 0 19 0.00 0.0 0 3.8 10 40 M M 0 18 350
19 95 66 81 -2 0 16 0.00 0.0 0 2.2 9 60 M M 0 16 50
20 97 63 80 -3 0 15 0.00 0.0 0 1.4 8 60 M M 0 12 0
21 97 70 84 1 0 19 0.00 0.0 0 2.4 9 80 M M 1 14 90
22 93 68 81 -1 0 16 0.38 0.0 0 3.0 9 230 M M 1 3 13 99
23 95 68 82 0 0 17 0.00 0.0 0 1.6 7 150 M M 0 12 0
24 95 72 84 2 0 19 0.00 0.0 0 1.8 9 70 M M 0 14 70
25 95 68 82 0 0 17 0.00 0.0 0 2.3 12 40 M M 0 14 70
26 93 72 83 1 0 18 0.00 0.0 0 3.8 8 90 M M 1 17 100
27 95 72 84 2 0 19 0.00 0.0 0 2.8 9 80 M M 0 15 80
28 104 79 92 10 0 27 0.00 0.0 0 5.9 14 190 M M 0 8 17 170
29 104 79 92 11 0 27 0.00 0.0 0 5.8 10 210 M M 0 16 180
30 100 77 89 8 0 24 0.00 0.0 0 5.0 12 190 M M 0 17 180
31 100 81 91 10 0 26 0.00 0.0 0 10.6 16 160 M M 1 23 160
================================================================================
SM 3056 2283 0 667 0.47 0.0 154.5 M 6
================================================================================
AV 98.6 73.7 5.0 FASTST M M 0 MAX(MPH)
MISC ----> # 18 10 # 25 10
================================================================================
NOTES:
# LAST OF SEVERAL OCCURRENCES
COLUMN 17 PEAK WIND IN M.P.H.
PRELIMINARY LOCAL CLIMATOLOGICAL DATA (WS FORM: F-6) , PAGE 2
STATION: GATESVILLE
MONTH: AUGUST
YEAR: 2020
LATITUDE: 31 25 N
LONGITUDE: 97 48 W
[TEMPERATURE DATA] [PRECIPITATION DATA] SYMBOLS USED IN COLUMN 16
AVERAGE MONTHLY: 86.1 TOTAL FOR MONTH: 0.47 1 = FOG OR MIST
DPTR FM NORMAL: 3.5 DPTR FM NORMAL: M 2 = FOG REDUCING VISIBILITY
HIGHEST: 106 ON 15,14 GRTST 24HR 0.38 ON 22-22 TO 1/4 MILE OR LESS
LOWEST: 63 ON 20 3 = THUNDER
SNOW, ICE PELLETS, HAIL 4 = ICE PELLETS
TOTAL MONTH: 0.0 INCH 5 = HAIL
GRTST 24HR 0.0 6 = FREEZING RAIN OR DRIZZLE
GRTST DEPTH: 0 7 = DUSTSTORM OR SANDSTORM:
VSBY 1/2 MILE OR LESS
8 = SMOKE OR HAZE
[NO. OF DAYS WITH] [WEATHER - DAYS WITH] 9 = BLOWING SNOW
X = TORNADO
MAX 32 OR BELOW: 0 0.01 INCH OR MORE: 2
MAX 90 OR ABOVE: 31 0.10 INCH OR MORE: 1
MIN 32 OR BELOW: 0 0.50 INCH OR MORE: 0
MIN 0 OR BELOW: 0 1.00 INCH OR MORE: 0
[HDD (BASE 65) ]
TOTAL THIS MO. 0 CLEAR (SCALE 0-3) 31
DPTR FM NORMAL 0 PTCLDY (SCALE 4-7) 0
TOTAL FM JUL 1 0 CLOUDY (SCALE 8-10) 0
DPTR FM NORMAL 0
[CDD (BASE 65) ]
TOTAL THIS MO. 667
DPTR FM NORMAL 120 [PRESSURE DATA]
TOTAL FM JAN 1 2284 HIGHEST SLP M ON M
DPTR FM NORMAL 455 LOWEST SLP M ON M
[REMARKS]
#FINAL-08-20#