000
CXUS54 KFWD 010730
CF6GOP
PRELIMINARY LOCAL CLIMATOLOGICAL DATA (WS FORM: F-6)
STATION: GATESVILLE
MONTH: JULY
YEAR: 2023
LATITUDE: 31 25 N
LONGITUDE: 97 48 W
TEMPERATURE IN F: :PCPN: SNOW: WIND :SUNSHINE: SKY :PK WND
================================================================================
1 2 3 4 5 6A 6B 7 8 9 10 11 12 13 14 15 16 17 18
12Z AVG MX 2MIN
DY MAX MIN AVG DEP HDD CDD WTR SNW DPTH SPD SPD DIR MIN PSBL S-S WX SPD DR
================================================================================
1 95 73 84 3 0 19 0.00 M M 5.2 18 340 M M 2 31 360
2 95 73 84 3 0 19 0.00 M M 2.3 7 250 M M 1 M M
3 95 77 86 5 0 21 0.00 M M 4.7 10 200 M M 0 15 220
4 95 77 86 4 0 21 0.00 M M 6.8 13 190 M M 0 18 180
5 99 79 89 7 0 24 0.00 M M 7.7 14 220 M M 1 22 220
6 95 73 84 2 0 19 0.00 M M 6.0 17 150 M M 1 25 150
7 95 73 84 2 0 19 0.00 M M 7.9 13 150 M M 3 20 140
8 99 73 86 4 0 21 0.00 M M 6.7 13 200 M M 1 20 240
9 102 77 90 8 0 25 0.00 M M 6.7 14 200 M M 1 21 180
10 104 79 92 10 0 27 0.00 M M 5.0 12 150 M M 0 18 150
11 102 81 92 10 0 27 0.00 M M 8.6 15 190 M M 0 22 180
12 106 81 94 12 0 29 0.00 M M 9.8 16 210 M M 0 25 210
13 108 79 94 12 0 29 0.00 M M 9.7 13 190 M M 0 22 180
14 104 79 92 10 0 27 0.00 M M 9.3 15 160 M M 0 23 140
15 104 79 92 10 0 27 0.00 M M 6.3 14 190 M M 0 21 190
16 100 81 91 9 0 26 0.00 M M 4.4 12 350 M M 0 17 100
17 108 77 93 11 0 28 0.00 M M 7.1 14 210 M M 0 21 140
18 108 77 93 11 0 28 0.00 M M 9.0 13 190 M M 0 22 160
19 106 81 94 12 0 29 0.00 M M 9.8 16 190 M M 0 23 190
20 104 79 92 10 0 27 0.00 M M 7.1 13 190 M M 0 21 180
21 102 77 90 7 0 25 0.00 M M 4.9 12 220 M M 0 15 99
22 100 79 90 7 0 25 0.00 M M 5.4 9 50 M M 1 16 30
23 100 73 87 4 0 22 0.00 M M 4.1 9 70 M M 1 20 99
24 102 70 86 3 0 21 0.00 M M 3.1 9 80 M M 0 17 210
25 102 77 90 7 0 25 0.00 M M 6.2 13 180 M M 0 20 99
26 100 77 89 6 0 24 0.00 M M 6.3 12 190 M M 1 17 200
27 100 77 89 6 0 24 0.00 M M 5.5 13 140 M M 0 24 99
28 100 75 88 5 0 23 0.00 M M 5.2 10 150 M M 0 17 150
29 100 75 88 5 0 23 0.00 M M 4.6 9 170 M M 1 15 170
30 102 75 89 6 0 24 0.00 M M 3.6 8 240 M M 0 14 0
31 104 75 90 7 0 25 0.00 M M 5.0 9 150 M M 1 18 190
================================================================================
SM 3136 2378 0 753 0.00 M 194.0 M 15
================================================================================
AV101.2 76.7 6.3 FASTST M M 0 MAX(MPH)
MISC ----> 18 340 31 360
================================================================================
NOTES:
# LAST OF SEVERAL OCCURRENCES
COLUMN 17 PEAK WIND IN M.P.H.
PRELIMINARY LOCAL CLIMATOLOGICAL DATA (WS FORM: F-6) , PAGE 2
STATION: GATESVILLE
MONTH: JULY
YEAR: 2023
LATITUDE: 31 25 N
LONGITUDE: 97 48 W
[TEMPERATURE DATA] [PRECIPITATION DATA] SYMBOLS USED IN COLUMN 16
AVERAGE MONTHLY: 88.9 TOTAL FOR MONTH: 0.00 1 = FOG OR MIST
DPTR FM NORMAL: 6.7 DPTR FM NORMAL: M 2 = FOG REDUCING VISIBILITY
HIGHEST: 108 ON 18,17 GRTST 24HR 0.00 ON 1- 1 TO 1/4 MILE OR LESS
LOWEST: 70 ON 24 3 = THUNDER
SNOW, ICE PELLETS, HAIL 4 = ICE PELLETS
TOTAL MONTH: M 5 = HAIL
GRTST 24HR M ON M 6 = FREEZING RAIN OR DRIZZLE
GRTST DEPTH: M ON M 7 = DUSTSTORM OR SANDSTORM:
VSBY 1/2 MILE OR LESS
8 = SMOKE OR HAZE
[NO. OF DAYS WITH] [WEATHER - DAYS WITH] 9 = BLOWING SNOW
X = TORNADO
MAX 32 OR BELOW: 0 0.01 INCH OR MORE: 0
MAX 90 OR ABOVE: 31 0.10 INCH OR MORE: 0
MIN 32 OR BELOW: 0 0.50 INCH OR MORE: 0
MIN 0 OR BELOW: 0 1.00 INCH OR MORE: 0
[HDD (BASE 65) ]
TOTAL THIS MO. 0 CLEAR (SCALE 0-3) 30
DPTR FM NORMAL 0 PTCLDY (SCALE 4-7) 1
TOTAL FM JUL 1 0 CLOUDY (SCALE 8-10) 0
DPTR FM NORMAL 0
[CDD (BASE 65) ]
TOTAL THIS MO. 753
DPTR FM NORMAL 218 [PRESSURE DATA]
TOTAL FM JAN 1 1693 HIGHEST SLP M ON M
DPTR FM NORMAL 411 LOWEST SLP 9999.00 ON 1
[REMARKS]
#FINAL-07-23#