000
CXUS53 KGRB 161305
CF6GRB
PRELIMINARY LOCAL CLIMATOLOGICAL DATA (WS FORM: F-6)
STATION: GREEN BAY WI
MONTH: MAY
YEAR: 2021
LATITUDE: 44 28 N
LONGITUDE: 88 8 W
TEMPERATURE IN F: :PCPN: SNOW: WIND :SUNSHINE: SKY :PK WND
================================================================================
1 2 3 4 5 6A 6B 7 8 9 10 11 12 13 14 15 16 17 18
12Z AVG MX 2MIN
DY MAX MIN AVG DEP HDD CDD WTR SNW DPTH SPD SPD DIR MIN PSBL S-S WX SPD DR
================================================================================
1 84 39 62 11 3 0 T 0.0 0 11.7 28 200 M M 1 39 210
2 78 49 64 13 1 0 0.59 0.0 0 9.1 23 30 M M 3 13 33 20
3 54 49 52 0 13 0 0.21 0.0 0 8.6 16 40 M M 10 12 22 60
4 59 41 50 -2 15 0 0.00 0.0 0 11.0 21 330 M M 7 1 28 340
5 61 36 49 -3 16 0 0.00 0.0 0 6.9 15 360 M M 4 19 260
6 60 39 50 -3 15 0 0.00 0.0 0 7.0 23 340 M M 7 29 350
7 49 36 43 -10 22 0 0.07 T 0 8.3 22 30 M M 7 29 320
8 57 31 44 -10 21 0 0.00 0.0 0 6.6 17 150 M M 2 23 150
9 57 33 45 -9 20 0 0.00 0.0 0 7.3 20 40 M M 3 24 30
10 53 36 45 -9 20 0 0.01 0.0 0 6.2 22 50 M M 7 27 50
11 58 33 46 -9 19 0 0.00 0.0 0 6.9 17 350 M M 4 24 10
12 66 32 49 -6 16 0 0.00 0.0 0 4.2 17 140 M M 0 22 130
13 72 36 54 -2 11 0 0.00 0.0 0 4.8 14 200 M M 1 20 210
14 71 42 57 1 8 0 0.00 0.0 0 6.1 17 200 M M 3 24 200
15 67 50 59 3 6 0 0.01 0.0 0 6.0 18 220 M M 9 1 28 160
16 68 50 59 2 6 0 0.00 0.0 0 4.1 16 140 M M 7 18 22 120
17 78 46 62 5 3 0 0.00 0.0 0 4.9 17 160 M M 0 18 21 170
18 77 48 63 6 2 0 T 0.0 0 9.5 23 150 M M 3 18 30 150
19 72 60 66 8 0 1 0.35 0.0 0 9.3 17 170 M M 9 18 32 170
20 81 65 73 15 0 8 0.01 0.0 0 9.2 18 160 M M 5 28 220
21 80 68 74 16 0 9 0.16 0.0 0 9.7 18 230 M M 7 1 26 220
22 87 66 77 18 0 12 0.00 0.0 0 8.6 18 260 M M 5 18 27 280
23 73 53 63 4 2 0 0.00 0.0 0 11.7 23 40 M M 9 18 30 40
24 85 54 70 10 0 5 0.02 0.0 0 8.1 16 200 M M 6 25 200
25 85 62 74 14 0 9 0.08 0.0 0 12.0 33 270 M M 5 45 270
26 73 47 60 0 5 0 T 0.0 0 11.4 21 300 M M 2 30 300
27 48 41 45 -16 20 0 0.49 0.0 0 12.6 29 50 M M 8 37 60
28 55 39 47 -14 18 0 T 0.0 0 16.1 31 20 M M 4 40 30
29 64 35 50 -11 15 0 0.00 0.0 0 5.4 14 30 M M 0 19 40
30 69 37 53 -9 12 0 0.00 0.0 0 5.8 13 250 M M 2 19 190
31 75 54 65 3 0 0 0.16 0.0 0 8.6 32 360 M M 5 13 44 350
================================================================================
SM 2116 1407 289 44 2.16 T 257.7 M 145
================================================================================
AV 68.3 45.4 8.3 FASTST M M 5 MAX(MPH)
MISC ----> 33 270 45 270
================================================================================
NOTES:
# LAST OF SEVERAL OCCURRENCES
COLUMN 17 PEAK WIND IN M.P.H.
PRELIMINARY LOCAL CLIMATOLOGICAL DATA (WS FORM: F-6) , PAGE 2
STATION: GREEN BAY WI
MONTH: MAY
YEAR: 2021
LATITUDE: 44 28 N
LONGITUDE: 88 8 W
[TEMPERATURE DATA] [PRECIPITATION DATA] SYMBOLS USED IN COLUMN 16
AVERAGE MONTHLY: 56.8 TOTAL FOR MONTH: 2.16 1 = FOG OR MIST
DPTR FM NORMAL: 0.3 DPTR FM NORMAL: -1.19 2 = FOG REDUCING VISIBILITY
HIGHEST: 87 ON 22 GRTST 24HR 0.80 ON 2- 3 TO 1/4 MILE OR LESS
LOWEST: 31 ON 8 3 = THUNDER
SNOW, ICE PELLETS, HAIL 4 = ICE PELLETS
TOTAL MONTH: T 5 = HAIL
GRTST 24HR T ON 7- 7 6 = FREEZING RAIN OR DRIZZLE
GRTST DEPTH: 0 7 = DUSTSTORM OR SANDSTORM:
VSBY 1/2 MILE OR LESS
8 = SMOKE OR HAZE
[NO. OF DAYS WITH] [WEATHER - DAYS WITH] 9 = BLOWING SNOW
X = TORNADO
MAX 32 OR BELOW: 0 0.01 INCH OR MORE: 12
MAX 90 OR ABOVE: 0 0.10 INCH OR MORE: 6
MIN 32 OR BELOW: 2 0.50 INCH OR MORE: 1
MIN 0 OR BELOW: 0 1.00 INCH OR MORE: 0
[HDD (BASE 65) ]
TOTAL THIS MO. 289 CLEAR (SCALE 0-3) 10
DPTR FM NORMAL 1 PTCLDY (SCALE 4-7) 17
TOTAL FM JUL 1 7037 CLOUDY (SCALE 8-10) 4
DPTR FM NORMAL -401
[CDD (BASE 65) ]
TOTAL THIS MO. 44
DPTR FM NORMAL 18 [PRESSURE DATA]
TOTAL FM JAN 1 45 HIGHEST SLP 30.49 ON 12
DPTR FM NORMAL 18 LOWEST SLP 29.48 ON 2
[REMARKS]
#FINAL-05-21#