000
CXUS53 KGID 010930
CF6GRI
PRELIMINARY LOCAL CLIMATOLOGICAL DATA (WS FORM: F-6)
STATION: GRAND ISLAND NE
MONTH: DECEMBER
YEAR: 2023
LATITUDE: 40 58 N
LONGITUDE: 98 19 W
TEMPERATURE IN F: :PCPN: SNOW: WIND :SUNSHINE: SKY :PK WND
================================================================================
1 2 3 4 5 6A 6B 7 8 9 10 11 12 13 14 15 16 17 18
12Z AVG MX 2MIN
DY MAX MIN AVG DEP HDD CDD WTR SNW DPTH SPD SPD DIR MIN PSBL S-S WX SPD DR
================================================================================
1 36 20 28 -5 37 0 0.00 0.0 0 5.8 13 10 M M 0 18 20
2 35 20 28 -5 37 0 0.04 0.4 0 8.7 16 180 M M 5 1 22 210
3 42 22 32 0 33 0 0.00 0.0 0 8.7 23 350 M M 3 30 350
4 49 21 35 3 30 0 0.03 0.0 0 11.3 26 330 M M 2 35 330
5 46 28 37 5 28 0 0.00 0.0 0 8.6 15 300 M M 0 22 290
6 62 32 47 16 18 0 0.00 0.0 0 11.0 18 220 M M 0 25 210
7 55 27 41 10 24 0 0.00 0.0 0 8.9 18 270 M M 0 24 270
8 53 31 42 11 23 0 0.00 0.0 0 9.1 21 320 M M 2 31 310
9 43 24 34 4 31 0 0.00 0.0 0 19.8 37 330 M M 2 47 320
10 47 21 34 4 31 0 0.00 0.0 0 8.4 20 220 M M 1 26 220
11 57 18 38 8 27 0 0.00 0.0 0 7.4 18 300 M M 1 24 310
12 39 24 32 2 33 0 0.00 0.0 0 7.2 18 10 M M 5 28 10
13 43 18 31 2 34 0 0.00 0.0 0 3.6 10 170 M M 0 13 170
14 45 28 37 8 28 0 0.19 0.0 0 7.6 18 220 M M 7 1 26 220
15 40 36 38 9 27 0 0.29 0.0 0 4.2 13 340 M M 10 12 17 350
16 42 26 34 6 31 0 0.00 0.0 0 10.8 21 310 M M 7 27 310
17 54 27 41 13 24 0 0.00 0.0 0 10.1 22 330 M M 0 29 350
18 39 20 30 2 35 0 0.00 0.0 0 8.3 16 350 M M 0 25 350
19 49 28 39 11 26 0 0.00 0.0 0 10.7 22 200 M M 0 1 29 210
20 42 23 33 5 32 0 0.00 0.0 0 5.4 9 130 M M 0 12 11 130
21 47 25 36 9 29 0 0.00 0.0 0 4.9 13 220 M M 9 12 16 230
22 62 29 46 19 19 0 0.00 0.0 0 6.3 13 230 M M 2 1 15 240
23 54 33 44 17 21 0 0.06 0.0 0 11.5 21 170 M M 5 1 28 160
24 55 31 43 16 22 0 0.37 T 0 19.8 32 340 M M 10 1 41 350
25 31 24 28 1 37 0 0.26 2.5 1 18.9 29 350 M M 10 128 38 340
26 28 24 26 -1 39 0 T T 3 8.9 14 350 M M 10 1 19 30
27 30 24 27 1 38 0 0.02 0.2 2 9.3 15 340 M M 10 18 19 350
28 34 19 27 1 38 0 0.03 0.2 2 8.6 20 340 M M 9 128 24 320
29 39 18 29 3 36 0 0.00 0.0 2 10.1 15 300 M M 0 20 320
30 44 27 36 10 29 0 0.00 0.0 1 9.9 17 330 M M 1 24 320
31 30 16 23 -3 42 0 0.00 0.0 T 11.1 22 350 M M 8 26 350
================================================================================
SM 1372 764 939 0 1.29 3.3 294.9 M 119
================================================================================
AV 44.3 24.6 9.5 FASTST M M 4 MAX(MPH)
MISC ----> 37 330 47 320
================================================================================
NOTES:
# LAST OF SEVERAL OCCURRENCES
COLUMN 17 PEAK WIND IN M.P.H.
PRELIMINARY LOCAL CLIMATOLOGICAL DATA (WS FORM: F-6) , PAGE 2
STATION: GRAND ISLAND NE
MONTH: DECEMBER
YEAR: 2023
LATITUDE: 40 58 N
LONGITUDE: 98 19 W
[TEMPERATURE DATA] [PRECIPITATION DATA] SYMBOLS USED IN COLUMN 16
AVERAGE MONTHLY: 34.5 TOTAL FOR MONTH: 1.29 1 = FOG OR MIST
DPTR FM NORMAL: 5.6 DPTR FM NORMAL: 0.45 2 = FOG REDUCING VISIBILITY
HIGHEST: 62 ON 22, 6 GRTST 24HR 0.43 ON 23-24 TO 1/4 MILE OR LESS
LOWEST: 16 ON 31 3 = THUNDER
SNOW, ICE PELLETS, HAIL 4 = ICE PELLETS
TOTAL MONTH: 3.3 INCHES 5 = HAIL
GRTST 24HR 2.5 ON 25-25 6 = FREEZING RAIN OR DRIZZLE
GRTST DEPTH: 3 ON 26 7 = DUSTSTORM OR SANDSTORM:
VSBY 1/2 MILE OR LESS
8 = SMOKE OR HAZE
[NO. OF DAYS WITH] [WEATHER - DAYS WITH] 9 = BLOWING SNOW
X = TORNADO
MAX 32 OR BELOW: 4 0.01 INCH OR MORE: 9
MAX 90 OR ABOVE: 0 0.10 INCH OR MORE: 4
MIN 32 OR BELOW: 29 0.50 INCH OR MORE: 0
MIN 0 OR BELOW: 0 1.00 INCH OR MORE: 0
[HDD (BASE 65) ]
TOTAL THIS MO. 939 CLEAR (SCALE 0-3) 18
DPTR FM NORMAL -180 PTCLDY (SCALE 4-7) 6
TOTAL FM JUL 1 1982 CLOUDY (SCALE 8-10) 7
DPTR FM NORMAL -371
[CDD (BASE 65) ]
TOTAL THIS MO. 0
DPTR FM NORMAL 0 [PRESSURE DATA]
TOTAL FM JAN 1 1333 HIGHEST SLP 30.68 ON 13
DPTR FM NORMAL 179 LOWEST SLP 29.51 ON 7
[REMARKS]
#FINAL-12-23#