000
CXUS53 KGRR 011010
CF6GRR
PRELIMINARY LOCAL CLIMATOLOGICAL DATA (WS FORM: F-6)
STATION: GRAND RAPIDS
MONTH: FEBRUARY
YEAR: 2023
LATITUDE: 42 52 N
LONGITUDE: 85 31 W
TEMPERATURE IN F: :PCPN: SNOW: WIND :SUNSHINE: SKY :PK WND
================================================================================
1 2 3 4 5 6A 6B 7 8 9 10 11 12 13 14 15 16 17 18
12Z AVG MX 2MIN
DY MAX MIN AVG DEP HDD CDD WTR SNW DPTH SPD SPD DIR MIN PSBL S-S WX SPD DR
================================================================================
1 26 10 18 -6 47 0 T T 6 12.1 22 230 M M 5 31 240
2 33 15 24 0 41 0 T 0.3 5 15.2 26 250 M M 5 1 36 280
3 15 5 10 -14 55 0 0.01 0.1 5 10.3 22 340 M M 7 9 29 330
4 35 9 22 -2 43 0 0.00 0.0 5 12.0 21 210 M M 6 27 210
5 39 29 34 9 31 0 T T 5 13.9 24 240 M M 7 32 240
6 36 24 30 5 35 0 0.00 0.0 3 9.7 20 140 M M 8 29 140
7 45 33 39 14 26 0 T 0.0 2 16.1 31 250 M M 9 39 250
8 43 24 34 9 31 0 0.00 0.0 T 4.0 10 200 M M 5 1 13 230
9 43 33 38 13 27 0 1.10 T T 12.4 28 240 M M 10 18 37 230
10 37 25 31 6 34 0 0.04 T 0 13.4 23 280 M M 9 1 31 280
11 45 19 32 6 33 0 0.00 0.0 0 10.1 22 240 M M 1 29 240
12 48 28 38 12 27 0 0.00 0.0 0 9.3 18 250 M M 1 24 240
13 42 28 35 9 30 0 0.00 0.0 0 10.9 21 290 M M 2 1 27 260
14 54 26 40 14 25 0 0.01 0.0 0 12.9 29 170 M M 6 1 39 170
15 52 37 45 19 20 0 0.32 0.0 0 20.3 41 240 M M 10 1 56 230
16 37 22 30 3 35 0 0.63 1.8 0 13.8 25 50 M M 10 146 37 50
17 27 19 23 -4 42 0 0.04 1.1 3 12.5 21 340 M M 7 1 28 330
18 38 20 29 2 36 0 0.00 0.0 2 12.5 25 240 M M 5 34 230
19 47 34 41 14 24 0 0.00 0.0 1 14.1 29 240 M M 5 39 240
20 41 26 34 6 31 0 0.00 0.0 T 5.2 16 320 M M 7 1 20 310
21 39 26 33 5 32 0 0.01 0.1 T 15.3 30 260 M M 8 40 260
22 31 26 29 1 36 0 0.84 1.6 T 18.2 29 70 M M 10 146 39 90
23 37 26 32 3 33 0 T T 1 17.5 32 250 M M 10 16 44 270
24 29 22 26 -3 39 0 T T 1 7.7 24 300 M M 9 33 290
25 32 23 28 -1 37 0 0.02 0.7 1 9.3 18 240 M M 9 1 24 250
26 40 24 32 2 33 0 0.00 0.0 1 10.1 20 230 M M 2 1 26 270
27 34 23 29 -1 36 0 1.07 0.0 1 14.9 30 80 M M 8 16 41 80
28 43 33 38 8 27 0 0.01 T T 10.1 23 280 M M 9 1 33 300
================================================================================
SM 1068 669 946 0 4.10 5.7 343.8 M 190
================================================================================
AV 38.1 23.9 12.3 FASTST M M 7 MAX(MPH)
MISC ----> 41 240 56 230
================================================================================
NOTES:
# LAST OF SEVERAL OCCURRENCES
COLUMN 17 PEAK WIND IN M.P.H.
PRELIMINARY LOCAL CLIMATOLOGICAL DATA (WS FORM: F-6) , PAGE 2
STATION: GRAND RAPIDS
MONTH: FEBRUARY
YEAR: 2023
LATITUDE: 42 52 N
LONGITUDE: 85 31 W
[TEMPERATURE DATA] [PRECIPITATION DATA] SYMBOLS USED IN COLUMN 16
AVERAGE MONTHLY: 31.0 TOTAL FOR MONTH: 4.10 1 = FOG OR MIST
DPTR FM NORMAL: 4.4 DPTR FM NORMAL: 1.98 2 = FOG REDUCING VISIBILITY
HIGHEST: 54 ON 14 GRTST 24HR 1.14 ON 9-10 TO 1/4 MILE OR LESS
LOWEST: 5 ON 3 3 = THUNDER
SNOW, ICE PELLETS, HAIL 4 = ICE PELLETS
TOTAL MONTH: 5.8 INCHES 5 = HAIL
GRTST 24HR 1.8 ON 16-16 6 = FREEZING RAIN OR DRIZZLE
GRTST DEPTH: 6 ON 1 7 = DUSTSTORM OR SANDSTORM:
VSBY 1/2 MILE OR LESS
8 = SMOKE OR HAZE
[NO. OF DAYS WITH] [WEATHER - DAYS WITH] 9 = BLOWING SNOW
X = TORNADO
MAX 32 OR BELOW: 6 0.01 INCH OR MORE: 12
MAX 90 OR ABOVE: 0 0.10 INCH OR MORE: 5
MIN 32 OR BELOW: 23 0.50 INCH OR MORE: 4
MIN 0 OR BELOW: 0 1.00 INCH OR MORE: 2
[HDD (BASE 65) ]
TOTAL THIS MO. 946 CLEAR (SCALE 0-3) 4
DPTR FM NORMAL -129 PTCLDY (SCALE 4-7) 14
TOTAL FM JUL 1 4320 CLOUDY (SCALE 8-10) 10
DPTR FM NORMAL -387
[CDD (BASE 65) ]
TOTAL THIS MO. 0
DPTR FM NORMAL 0 [PRESSURE DATA]
TOTAL FM JAN 1 0 HIGHEST SLP 30.66 ON 24
DPTR FM NORMAL 0 LOWEST SLP 29.21 ON 27
[REMARKS]
#FINAL-02-23#