000
CXUS53 KGRR 010910
CF6GRR
PRELIMINARY LOCAL CLIMATOLOGICAL DATA (WS FORM: F-6)
STATION: GRAND RAPIDS
MONTH: MAY
YEAR: 2022
LATITUDE: 42 52 N
LONGITUDE: 85 31 W
TEMPERATURE IN F: :PCPN: SNOW: WIND :SUNSHINE: SKY :PK WND
================================================================================
1 2 3 4 5 6A 6B 7 8 9 10 11 12 13 14 15 16 17 18
12Z AVG MX 2MIN
DY MAX MIN AVG DEP HDD CDD WTR SNW DPTH SPD SPD DIR MIN PSBL S-S WX SPD DR
================================================================================
1 58 46 52 -2 13 0 0.17 0.0 0 12.4 24 240 M M 10 18 31 240
2 51 46 49 -5 16 0 0.00 0.0 0 9.6 17 250 M M 10 22 260
3 52 44 48 -6 17 0 0.68 0.0 0 11.4 22 60 M M 9 1 30 60
4 62 42 52 -3 13 0 0.00 0.0 0 6.3 16 50 M M 6 20 50
5 59 40 50 -5 15 0 0.00 0.0 0 5.0 13 90 M M 7 17 120
6 60 49 55 -1 10 0 0.17 0.0 0 13.6 26 40 M M 10 1 36 50
7 65 43 54 -2 11 0 0.00 0.0 0 13.0 24 60 M M 0 31 70
8 67 36 52 -4 13 0 0.00 0.0 0 9.5 20 120 M M 6 26 120
9 78 45 62 5 3 0 0.00 0.0 0 15.5 29 140 M M 3 37 140
10 84 61 73 16 0 8 0.00 0.0 0 10.2 17 170 M M 9 22 140
11 87 66 77 19 0 12 0.00 0.0 0 8.1 18 100 M M 6 8 22 90
12 87 62 75 17 0 10 0.00 0.0 0 8.4 18 160 M M 6 26 170
13 86 59 73 15 0 8 0.00 0.0 0 7.6 14 210 M M 4 20 180
14 85 60 73 14 0 8 0.00 0.0 0 8.8 18 300 M M 6 27 260
15 76 55 66 7 0 1 0.05 0.0 0 6.9 17 270 M M 7 22 290
16 73 53 63 4 2 0 0.00 0.0 0 11.2 26 270 M M 4 37 310
17 67 46 57 -3 8 0 0.00 0.0 0 7.8 18 270 M M 5 26 300
18 54 44 49 -11 16 0 0.23 0.0 0 6.8 14 80 M M 9 1 17 100
19 75 51 63 3 2 0 0.01 0.0 0 8.7 16 220 M M 8 18 21 210
20 86 62 74 13 0 9 0.00 0.0 0 12.7 31 250 M M 7 40 260
21 65 54 60 -1 5 0 0.86 0.0 0 7.6 20 290 M M 10 138 25 290
22 61 46 54 -7 11 0 0.01 0.0 0 10.0 24 270 M M 8 1 33 260
23 62 40 51 -11 14 0 0.00 0.0 0 7.1 17 80 M M 5 23 80
24 67 45 56 -6 9 0 0.00 0.0 0 9.0 17 90 M M 6 23 50
25 69 51 60 -2 5 0 0.56 0.0 0 12.4 18 120 M M 8 1 24 110
26 76 62 69 6 0 4 1.32 0.0 0 6.9 16 190 M M 9 123 23 190
27 69 54 62 -1 3 0 0.01 0.0 0 7.2 16 350 M M 8 12 21 350
28 73 49 61 -2 4 0 0.00 0.0 0 3.3 13 240 M M 5 17 260
29 81 55 68 4 0 3 0.00 0.0 0 10.1 18 140 M M 7 23 150
30 86 66 76 12 0 11 0.00 0.0 0 11.2 22 200 M M 5 31 210
31 87 70 79 15 0 14 0.00 0.0 0 11.7 22 220 M M 5 3 28 240
================================================================================
SM 2208 1602 190 88 4.07 0.0 290.0 M 208
================================================================================
AV 71.2 51.7 9.4 FASTST M M 7 MAX(MPH)
MISC ----> 31 250 40 260
================================================================================
NOTES:
# LAST OF SEVERAL OCCURRENCES
COLUMN 17 PEAK WIND IN M.P.H.
PRELIMINARY LOCAL CLIMATOLOGICAL DATA (WS FORM: F-6) , PAGE 2
STATION: GRAND RAPIDS
MONTH: MAY
YEAR: 2022
LATITUDE: 42 52 N
LONGITUDE: 85 31 W
[TEMPERATURE DATA] [PRECIPITATION DATA] SYMBOLS USED IN COLUMN 16
AVERAGE MONTHLY: 61.5 TOTAL FOR MONTH: 4.07 1 = FOG OR MIST
DPTR FM NORMAL: 2.3 DPTR FM NORMAL: 0.07 2 = FOG REDUCING VISIBILITY
HIGHEST: 87 ON 31,12 GRTST 24HR 1.35 ON 25-26 TO 1/4 MILE OR LESS
LOWEST: 36 ON 8 3 = THUNDER
SNOW, ICE PELLETS, HAIL 4 = ICE PELLETS
TOTAL MONTH: 0.0 INCH 5 = HAIL
GRTST 24HR 0.0 6 = FREEZING RAIN OR DRIZZLE
GRTST DEPTH: 0 7 = DUSTSTORM OR SANDSTORM:
VSBY 1/2 MILE OR LESS
8 = SMOKE OR HAZE
[NO. OF DAYS WITH] [WEATHER - DAYS WITH] 9 = BLOWING SNOW
X = TORNADO
MAX 32 OR BELOW: 0 0.01 INCH OR MORE: 11
MAX 90 OR ABOVE: 0 0.10 INCH OR MORE: 7
MIN 32 OR BELOW: 0 0.50 INCH OR MORE: 4
MIN 0 OR BELOW: 0 1.00 INCH OR MORE: 1
[HDD (BASE 65) ]
TOTAL THIS MO. 190 CLEAR (SCALE 0-3) 2
DPTR FM NORMAL -35 PTCLDY (SCALE 4-7) 19
TOTAL FM JUL 1 6255 CLOUDY (SCALE 8-10) 10
DPTR FM NORMAL -114
[CDD (BASE 65) ]
TOTAL THIS MO. 88
DPTR FM NORMAL 43 [PRESSURE DATA]
TOTAL FM JAN 1 88 HIGHEST SLP 30.41 ON 23
DPTR FM NORMAL 37 LOWEST SLP 29.41 ON 20
[REMARKS]
#FINAL-05-22#