000
CXUS53 KGRR 011010
CF6GRR
PRELIMINARY LOCAL CLIMATOLOGICAL DATA (WS FORM: F-6)
STATION: GRAND RAPIDS
MONTH: NOVEMBER
YEAR: 2021
LATITUDE: 42 52 N
LONGITUDE: 85 31 W
TEMPERATURE IN F: :PCPN: SNOW: WIND :SUNSHINE: SKY :PK WND
================================================================================
1 2 3 4 5 6A 6B 7 8 9 10 11 12 13 14 15 16 17 18
12Z AVG MX 2MIN
DY MAX MIN AVG DEP HDD CDD WTR SNW DPTH SPD SPD DIR MIN PSBL S-S WX SPD DR
================================================================================
1 47 36 42 -3 23 0 T 0.0 0 10.5 24 270 M M 6 34 270
2 44 34 39 -6 26 0 0.01 T 0 10.3 23 270 M M 8 1 31 280
3 45 25 35 -10 30 0 T T 0 3.9 13 290 M M 5 12 19 300
4 47 33 40 -4 25 0 0.00 0.0 0 2.8 13 250 M M 8 18 260
5 52 33 43 -1 22 0 0.00 0.0 0 7.1 16 220 M M 6 20 210
6 56 31 44 0 21 0 0.00 0.0 0 9.9 17 220 M M 3 23 240
7 65 37 51 8 14 0 0.00 0.0 0 7.5 13 260 M M 4 16 210
8 63 41 52 9 13 0 0.00 0.0 0 8.1 18 250 M M 1 1 25 230
9 59 37 48 6 17 0 0.00 0.0 0 4.7 14 50 M M 7 1 17 50
10 54 27 41 -1 24 0 T 0.0 0 7.0 18 110 M M 6 24 120
11 61 40 51 9 14 0 0.15 0.0 0 14.8 28 240 M M 8 1 38 240
12 45 33 39 -2 26 0 0.48 1.2 0 13.5 25 210 M M 8 1 37 210
13 42 33 38 -3 27 0 0.13 0.5 1 9.3 20 300 M M 9 1 28 300
14 38 32 35 -5 30 0 0.09 T 0 12.4 18 180 M M 10 1 26 170
15 38 31 35 -5 30 0 T T 0 7.6 14 260 M M 10 18 260
16 45 27 36 -4 29 0 0.00 0.0 0 7.3 18 130 M M 8 1 26 130
17 58 42 50 11 15 0 0.64 0.0 0 10.3 17 290 M M 10 1 23 300
18 44 30 37 -2 28 0 0.08 1.7 0 14.8 28 250 M M 9 1 40 270
19 40 31 36 -3 29 0 T T 2 5.9 14 290 M M 8 20 300
20 42 30 36 -2 29 0 0.00 0.0 0 8.8 17 180 M M 9 23 210
21 51 32 42 4 23 0 0.04 0.0 0 12.7 35 300 M M 7 1 49 300
22 36 27 32 -6 33 0 0.00 0.0 0 13.7 25 300 M M 6 36 300
23 40 18 29 -8 36 0 0.00 0.0 0 6.6 16 180 M M 2 23 190
24 50 34 42 5 23 0 0.00 0.0 0 12.5 23 210 M M 7 32 190
25 47 28 38 2 27 0 0.06 0.1 0 10.5 24 320 M M 10 1 32 320
26 31 23 27 -9 38 0 T T 0 9.8 22 330 M M 9 1 29 330
27 29 22 26 -10 39 0 0.27 2.7 0 6.8 14 120 M M 9 16 18 120
28 37 28 33 -3 32 0 T T 2 10.9 25 310 M M 8 1 39 300
29 38 21 30 -5 35 0 0.27 3.5 1 6.8 18 220 M M 7 12 23 220
30 41 27 34 -1 31 0 T T 4 8.5 21 270 M M 8 1 31 270
================================================================================
SM 1385 923 789 0 2.22 9.7 275.3 M 216
================================================================================
AV 46.2 30.8 9.2 FASTST M M 7 MAX(MPH)
MISC ----> 35 300 49 300
================================================================================
NOTES:
# LAST OF SEVERAL OCCURRENCES
COLUMN 17 PEAK WIND IN M.P.H.
PRELIMINARY LOCAL CLIMATOLOGICAL DATA (WS FORM: F-6) , PAGE 2
STATION: GRAND RAPIDS
MONTH: NOVEMBER
YEAR: 2021
LATITUDE: 42 52 N
LONGITUDE: 85 31 W
[TEMPERATURE DATA] [PRECIPITATION DATA] SYMBOLS USED IN COLUMN 16
AVERAGE MONTHLY: 38.5 TOTAL FOR MONTH: 2.22 1 = FOG OR MIST
DPTR FM NORMAL: -1.5 DPTR FM NORMAL: -0.88 2 = FOG REDUCING VISIBILITY
HIGHEST: 65 ON 7 GRTST 24HR 0.64 ON 17-17 TO 1/4 MILE OR LESS
LOWEST: 18 ON 23 3 = THUNDER
SNOW, ICE PELLETS, HAIL 4 = ICE PELLETS
TOTAL MONTH: 9.7 INCHES 5 = HAIL
GRTST 24HR 3.5 ON 29-29 6 = FREEZING RAIN OR DRIZZLE
GRTST DEPTH: 4 ON 30 7 = DUSTSTORM OR SANDSTORM:
VSBY 1/2 MILE OR LESS
8 = SMOKE OR HAZE
[NO. OF DAYS WITH] [WEATHER - DAYS WITH] 9 = BLOWING SNOW
X = TORNADO
MAX 32 OR BELOW: 2 0.01 INCH OR MORE: 11
MAX 90 OR ABOVE: 0 0.10 INCH OR MORE: 6
MIN 32 OR BELOW: 18 0.50 INCH OR MORE: 1
MIN 0 OR BELOW: 0 1.00 INCH OR MORE: 0
[HDD (BASE 65) ]
TOTAL THIS MO. 789 CLEAR (SCALE 0-3) 3
DPTR FM NORMAL 39 PTCLDY (SCALE 4-7) 14
TOTAL FM JUL 1 1101 CLOUDY (SCALE 8-10) 13
DPTR FM NORMAL -212
[CDD (BASE 65) ]
TOTAL THIS MO. 0
DPTR FM NORMAL 0 [PRESSURE DATA]
TOTAL FM JAN 1 893 HIGHEST SLP 30.50 ON 19
DPTR FM NORMAL 160 LOWEST SLP 29.52 ON 11
[REMARKS]
#FINAL-11-21#