000
CDUS43 KGRR 230521
CLIGRR


CLIMATE REPORT
NATIONAL WEATHER SERVICE GRAND RAPIDS, MI
119 AM EDT WED MAY 23 2018


...................................

...THE GRAND RAPIDS MI CLIMATE SUMMARY FOR MAY 22 2018...

CLIMATE NORMAL PERIOD 1981 TO 2010
CLIMATE RECORD PERIOD 1892 TO 2018


WEATHER ITEM   OBSERVED TIME   RECORD YEAR NORMAL DEPARTURE LAST
                VALUE   (LST)  VALUE       VALUE  FROM      YEAR
                                                  NORMAL
..................................................................
TEMPERATURE (F)
 YESTERDAY
  MAXIMUM         65    550 PM  91    1925  71     -6       68
  MINIMUM         50   1159 PM  34    1917  50      0       50
  AVERAGE         58                        61     -3       59

PRECIPITATION (IN)
  YESTERDAY        0.01          1.10 1917   0.14  -0.13     0.00
  MONTH TO DATE    4.18                      2.82   1.36     1.09
  SINCE MAR 1      8.19                      8.54  -0.35    10.63
  SINCE JAN 1     15.24                     12.42   2.82    16.19

SNOWFALL (IN)
  YESTERDAY        0.0           0.0  2007   0.0    0.0      0.0
  MONTH TO DATE    0.0                       0.0    0.0      0.0
  SINCE MAR 1     10.9                      10.1    0.8      5.1
  SINCE JUL 1     77.7                      74.9    2.8     60.1
  SNOW DEPTH       0

DEGREE DAYS
 HEATING
  YESTERDAY        7                         6      1        6
  MONTH TO DATE  104                       191    -87      222
  SINCE MAR 1   1787                      1619    168     1534
  SINCE JUL 1   6443                      6396     47     5588

 COOLING
  YESTERDAY        0                         2     -2        0
  MONTH TO DATE   20                        19      1       21
  SINCE MAR 1     20                        27     -7       26
  SINCE JAN 1     20                        27     -7       26
..................................................................


WIND (MPH)
  RESULTANT WIND SPEED   4   RESULTANT WIND DIRECTION   W (280)
  HIGHEST WIND SPEED    10   HIGHEST WIND DIRECTION    SW (240)
  HIGHEST GUST SPEED    13   HIGHEST GUST DIRECTION     W (290)
  AVERAGE WIND SPEED     6.0


SKY COVER
  POSSIBLE SUNSHINE  16 PERCENT
  AVERAGE SKY COVER 0.7


WEATHER CONDITIONS
 THE FOLLOWING WEATHER WAS RECORDED YESTERDAY.
  LIGHT RAIN
  FOG
  FOG W/VISIBILITY <= 1/4 MILE


RELATIVE HUMIDITY (PERCENT)
 HIGHEST   100           300 AM
 LOWEST     78           600 PM
 AVERAGE    89

..........................................................


THE GRAND RAPIDS MI CLIMATE NORMALS FOR TODAY
                         NORMAL    RECORD    YEAR
 MAXIMUM TEMPERATURE (F)   72        90      1977
 MINIMUM TEMPERATURE (F)   50        30      1963


SUNRISE AND SUNSET
MAY 23 2018...........SUNRISE   612 AM EDT   SUNSET   906 PM EDT
MAY 24 2018...........SUNRISE   611 AM EDT   SUNSET   907 PM EDT


-  INDICATES NEGATIVE NUMBERS.
R  INDICATES RECORD WAS SET OR TIED.
MM INDICATES DATA IS MISSING.
T  INDICATES TRACE AMOUNT.




$$
