000
CDUS43 KGRR 140520
CLIGRR


CLIMATE REPORT
NATIONAL WEATHER SERVICE GRAND RAPIDS, MI
119 AM EDT SAT APR 14 2018


...................................

...THE GRAND RAPIDS MI CLIMATE SUMMARY FOR APRIL 13 2018...

CLIMATE NORMAL PERIOD 1981 TO 2010
CLIMATE RECORD PERIOD 1892 TO 2018


WEATHER ITEM   OBSERVED TIME   RECORD YEAR NORMAL DEPARTURE LAST
                VALUE   (LST)  VALUE       VALUE  FROM      YEAR
                                                  NORMAL
..................................................................
TEMPERATURE (F)
 YESTERDAY
  MAXIMUM         47    118 PM  80    1941  57    -10       49
  MINIMUM         38   1159 PM  16    1957  37      1       44
  AVERAGE         43                        47     -4       47

PRECIPITATION (IN)
  YESTERDAY        0.02          1.09 1983   0.12  -0.10     0.04
  MONTH TO DATE    1.16                      1.42  -0.26     3.06
  SINCE MAR 1      2.32                      3.79  -1.47     6.33
  SINCE JAN 1      9.37                      7.67   1.70    11.89

SNOWFALL (IN)
  YESTERDAY        0.0           2.8  1962   0.1   -0.1      0.0
  MONTH TO DATE    3.0                       1.3    1.7      0.4
  SINCE MAR 1      7.9                       9.6   -1.7      5.1
  SINCE JUL 1     74.7                      74.4    0.3     60.1
  SNOW DEPTH       0

DEGREE DAYS
 HEATING
  YESTERDAY       22                        18      4       18
  MONTH TO DATE  391                       266    125      225
  SINCE MAR 1   1334                      1176    158     1146
  SINCE JUL 1   5990                      5953     37     5200

 COOLING
  YESTERDAY        0                         0      0        0
  MONTH TO DATE    0                         0      0        0
  SINCE MAR 1      0                         1     -1        0
  SINCE JAN 1      0                         1     -1        0
..................................................................


WIND (MPH)
  RESULTANT WIND SPEED  16   RESULTANT WIND DIRECTION   E (80)
  HIGHEST WIND SPEED    28   HIGHEST WIND DIRECTION    NE (60)
  HIGHEST GUST SPEED    33   HIGHEST GUST DIRECTION    NE (60)
  AVERAGE WIND SPEED    16.7


SKY COVER
  POSSIBLE SUNSHINE  14 PERCENT
  AVERAGE SKY COVER 1.0


WEATHER CONDITIONS
 THE FOLLOWING WEATHER WAS RECORDED YESTERDAY.
  LIGHT RAIN
  FOG
  HAZE


RELATIVE HUMIDITY (PERCENT)
 HIGHEST    92          1100 PM
 LOWEST     71          1100 AM
 AVERAGE    82

..........................................................


THE GRAND RAPIDS MI CLIMATE NORMALS FOR TODAY
                         NORMAL    RECORD    YEAR
 MAXIMUM TEMPERATURE (F)   58        80      2006
                                             1941
 MINIMUM TEMPERATURE (F)   37        21      1953
                                             1943


SUNRISE AND SUNSET
APRIL 14 2018.........SUNRISE   702 AM EDT   SUNSET   823 PM EDT
APRIL 15 2018.........SUNRISE   700 AM EDT   SUNSET   824 PM EDT


-  INDICATES NEGATIVE NUMBERS.
R  INDICATES RECORD WAS SET OR TIED.
MM INDICATES DATA IS MISSING.
T  INDICATES TRACE AMOUNT.




$$
