000
CDUS43 KGRR 260531
CLIGRR


CLIMATE REPORT
NATIONAL WEATHER SERVICE GRAND RAPIDS, MI
131 AM EDT THU APR 26 2018


...................................

...THE GRAND RAPIDS MI CLIMATE SUMMARY FOR APRIL 25 2018...

CLIMATE NORMAL PERIOD 1981 TO 2010
CLIMATE RECORD PERIOD 1892 TO 2018


WEATHER ITEM   OBSERVED TIME   RECORD YEAR NORMAL DEPARTURE LAST
                VALUE   (LST)  VALUE       VALUE  FROM      YEAR
                                                  NORMAL
..................................................................
TEMPERATURE (F)
 YESTERDAY
  MAXIMUM         61    436 PM  86    1915  62     -1       73
  MINIMUM         43   1159 PM  22    1967  41      2       49
  AVERAGE         52                        52      0       61

PRECIPITATION (IN)
  YESTERDAY        T             1.40 2009   0.10  -0.10     0.00
  MONTH TO DATE    2.85                      2.76   0.09     4.04
  SINCE MAR 1      4.01                      5.13  -1.12     7.31
  SINCE JAN 1     11.06                      9.01   2.05    12.87

SNOWFALL (IN)
  YESTERDAY        0.0           3.0  1976   0.0    0.0      0.0
  MONTH TO DATE    6.0                       1.8    4.2      0.4
  SINCE MAR 1     10.9                      10.1    0.8      5.1
  SINCE JUL 1     77.7                      74.9    2.8     60.1
  SNOW DEPTH       0

DEGREE DAYS
 HEATING
  YESTERDAY       13                        14     -1        4
  MONTH TO DATE  658                       455    203      329
  SINCE MAR 1   1601                      1365    236     1250
  SINCE JUL 1   6257                      6142    115     5304

 COOLING
  YESTERDAY        0                         0      0        0
  MONTH TO DATE    0                         0      0        0
  SINCE MAR 1      0                         1     -1        0
  SINCE JAN 1      0                         1     -1        0
..................................................................


WIND (MPH)
  RESULTANT WIND SPEED   9   RESULTANT WIND DIRECTION   N (340)
  HIGHEST WIND SPEED    20   HIGHEST WIND DIRECTION     N (360)
  HIGHEST GUST SPEED    25   HIGHEST GUST DIRECTION     N (360)
  AVERAGE WIND SPEED    10.4


SKY COVER
  POSSIBLE SUNSHINE  93 PERCENT
  AVERAGE SKY COVER 0.3


WEATHER CONDITIONS
 THE FOLLOWING WEATHER WAS RECORDED YESTERDAY.
  LIGHT RAIN
  FOG


RELATIVE HUMIDITY (PERCENT)
 HIGHEST    93           200 AM
 LOWEST     33           200 PM
 AVERAGE    63

..........................................................


THE GRAND RAPIDS MI CLIMATE NORMALS FOR TODAY
                         NORMAL    RECORD    YEAR
 MAXIMUM TEMPERATURE (F)   63        88      1915
 MINIMUM TEMPERATURE (F)   41        24      1907


SUNRISE AND SUNSET
APRIL 26 2018.........SUNRISE   643 AM EDT   SUNSET   837 PM EDT
APRIL 27 2018.........SUNRISE   642 AM EDT   SUNSET   838 PM EDT


-  INDICATES NEGATIVE NUMBERS.
R  INDICATES RECORD WAS SET OR TIED.
MM INDICATES DATA IS MISSING.
T  INDICATES TRACE AMOUNT.




$$
