219
CDUS43 KGRR 262137
CLIGRR


CLIMATE REPORT
NATIONAL WEATHER SERVICE GRAND RAPIDS, MI
535 PM EDT SAT MAY 26 2018


...................................

...THE GRAND RAPIDS MI CLIMATE SUMMARY FOR MAY 26 2018...
VALID TODAY AS OF 0500 PM LOCAL TIME.

CLIMATE NORMAL PERIOD 1981 TO 2010
CLIMATE RECORD PERIOD 1892 TO 2018


WEATHER ITEM   OBSERVED TIME   RECORD YEAR NORMAL DEPARTURE LAST
                VALUE   (LST)  VALUE       VALUE  FROM      YEAR
                                                  NORMAL
..................................................................
TEMPERATURE (F)
 TODAY
  MAXIMUM         84    359 PM  90    2010  73     11       71
  MINIMUM         68    707 AM  34    1974  51     17       51
                                      1897
  AVERAGE         76                        62     14       61

PRECIPITATION (IN)
  TODAY            0.07          1.19 1940   0.12  -0.05     0.03
  MONTH TO DATE    4.25                      3.35   0.90     1.37
  SINCE MAR 1      8.26                      9.07  -0.81    10.91
  SINCE JAN 1     15.31                     12.95   2.36    16.47

SNOWFALL (IN)
  TODAY            0.0           T    1961   0.0    0.0      0.0
  MONTH TO DATE    0.0                       0.0    0.0      0.0
  SINCE MAR 1     10.9                      10.1    0.8      5.1
  SINCE JUL 1     77.7                      74.9    2.8     60.1
  SNOW DEPTH       0

DEGREE DAYS
 HEATING
  TODAY            0                         5     -5        4
  MONTH TO DATE  105                       213   -108      234
  SINCE MAR 1   1788                      1641    147     1546
  SINCE JUL 1   6444                      6418     26     5600

 COOLING
  TODAY           11                         2      9        0
  MONTH TO DATE   41                        27     14       21
  SINCE MAR 1     41                        35      6       26
  SINCE JAN 1     41                        35      6       26
..................................................................


WIND (MPH)
  RESULTANT WIND SPEED   8   RESULTANT WIND DIRECTION  SW (230)
  HIGHEST WIND SPEED    16   HIGHEST WIND DIRECTION    SW (240)
  HIGHEST GUST SPEED    21   HIGHEST GUST DIRECTION    SW (230)
  AVERAGE WIND SPEED     8.9


SKY COVER
  AVERAGE SKY COVER 0.5


WEATHER CONDITIONS
 THE FOLLOWING WEATHER WAS RECORDED TODAY.
  LIGHT RAIN
  FOG


RELATIVE HUMIDITY (PERCENT)
 HIGHEST    93           500 AM
 LOWEST     51           400 PM
 AVERAGE    72

..........................................................


THE GRAND RAPIDS MI CLIMATE NORMALS FOR TOMORROW
                         NORMAL    RECORD    YEAR
 MAXIMUM TEMPERATURE (F)   73        92      1911
 MINIMUM TEMPERATURE (F)   51        30      1961


SUNRISE AND SUNSET
MAY 26 2018...........SUNRISE   610 AM EDT   SUNSET   909 PM EDT
MAY 27 2018...........SUNRISE   609 AM EDT   SUNSET   910 PM EDT


-  INDICATES NEGATIVE NUMBERS.
R  INDICATES RECORD WAS SET OR TIED.
MM INDICATES DATA IS MISSING.
T  INDICATES TRACE AMOUNT.




$$

63
