000
CDUS43 KGRR 150520
CLIGRR


CLIMATE REPORT
NATIONAL WEATHER SERVICE GRAND RAPIDS, MI
119 AM EDT SUN APR 15 2018


...................................

...THE GRAND RAPIDS MI CLIMATE SUMMARY FOR APRIL 14 2018...

CLIMATE NORMAL PERIOD 1981 TO 2010
CLIMATE RECORD PERIOD 1892 TO 2018


WEATHER ITEM   OBSERVED TIME   RECORD YEAR NORMAL DEPARTURE LAST
                VALUE   (LST)  VALUE       VALUE  FROM      YEAR
                                                  NORMAL
..................................................................
TEMPERATURE (F)
 YESTERDAY
  MAXIMUM         39    121 AM  80    2006  58    -19       65
                                      1941
  MINIMUM         28   1159 PM  21    1953  37     -9       40
                                      1943
  AVERAGE         34                        48    -14       53

PRECIPITATION (IN)
  YESTERDAY        0.87          1.07 1987   0.11   0.76      T
  MONTH TO DATE    2.03                      1.53   0.50     3.06
  SINCE MAR 1      3.19                      3.90  -0.71     6.33
  SINCE JAN 1     10.24                      7.78   2.46    11.89

SNOWFALL (IN)
  YESTERDAY        0.1           1.6  2014   0.1    0.0      0.0
  MONTH TO DATE    3.1                       1.4    1.7      0.4
  SINCE MAR 1      8.0                       9.7   -1.7      5.1
  SINCE JUL 1     74.8                      74.5    0.3     60.1
  SNOW DEPTH       0

DEGREE DAYS
 HEATING
  YESTERDAY       31                        18     13       12
  MONTH TO DATE  422                       284    138      237
  SINCE MAR 1   1365                      1194    171     1158
  SINCE JUL 1   6021                      5971     50     5212

 COOLING
  YESTERDAY        0                         0      0        0
  MONTH TO DATE    0                         0      0        0
  SINCE MAR 1      0                         1     -1        0
  SINCE JAN 1      0                         1     -1        0
..................................................................


WIND (MPH)
  RESULTANT WIND SPEED  26   RESULTANT WIND DIRECTION   E (70)
  HIGHEST WIND SPEED    37   HIGHEST WIND DIRECTION     E (70)
  HIGHEST GUST SPEED    48   HIGHEST GUST DIRECTION     E (80)
  AVERAGE WIND SPEED    26.5


SKY COVER
  POSSIBLE SUNSHINE   0 PERCENT
  AVERAGE SKY COVER 0.9


WEATHER CONDITIONS
 THE FOLLOWING WEATHER WAS RECORDED YESTERDAY.
  HEAVY RAIN
  RAIN
  LIGHT RAIN
  LT FREEZING RAIN
  SNOW
  LIGHT SNOW
  SLEET
  FOG


RELATIVE HUMIDITY (PERCENT)
 HIGHEST    92           200 AM
 LOWEST     85           500 AM
 AVERAGE    89

..........................................................


THE GRAND RAPIDS MI CLIMATE NORMALS FOR TODAY
                         NORMAL    RECORD    YEAR
 MAXIMUM TEMPERATURE (F)   58        84      2003
                                             2002
 MINIMUM TEMPERATURE (F)   38        18      1943


SUNRISE AND SUNSET
APRIL 15 2018.........SUNRISE   700 AM EDT   SUNSET   824 PM EDT
APRIL 16 2018.........SUNRISE   659 AM EDT   SUNSET   826 PM EDT


-  INDICATES NEGATIVE NUMBERS.
R  INDICATES RECORD WAS SET OR TIED.
MM INDICATES DATA IS MISSING.
T  INDICATES TRACE AMOUNT.




$$
