000
CDUS43 KGRR 240520
CLIGRR


CLIMATE REPORT
NATIONAL WEATHER SERVICE GRAND RAPIDS, MI
120 AM EDT TUE APR 24 2018


...................................

...THE GRAND RAPIDS MI CLIMATE SUMMARY FOR APRIL 23 2018...

CLIMATE NORMAL PERIOD 1981 TO 2010
CLIMATE RECORD PERIOD 1892 TO 2018


WEATHER ITEM   OBSERVED TIME   RECORD YEAR NORMAL DEPARTURE LAST
                VALUE   (LST)  VALUE       VALUE  FROM      YEAR
                                                  NORMAL
..................................................................
TEMPERATURE (F)
 YESTERDAY
  MAXIMUM         74    451 PM  84    1925  62     12       69
                                      1915
  MINIMUM         37    515 AM  20    1986  40     -3       35
  AVERAGE         56                        51      5       52

PRECIPITATION (IN)
  YESTERDAY        0.00          1.44 1999   0.10  -0.10     0.00
  MONTH TO DATE    2.80                      2.55   0.25     4.04
  SINCE MAR 1      3.96                      4.92  -0.96     7.31
  SINCE JAN 1     11.01                      8.80   2.21    12.87

SNOWFALL (IN)
  YESTERDAY        0.0           0.7  2005   0.0    0.0      0.0
  MONTH TO DATE    6.0                       1.7    4.3      0.4
  SINCE MAR 1     10.9                      10.0    0.9      5.1
  SINCE JUL 1     77.7                      74.8    2.9     60.1
  SNOW DEPTH       0

DEGREE DAYS
 HEATING
  YESTERDAY        9                        14     -5       13
  MONTH TO DATE  637                       427    210      316
  SINCE MAR 1   1580                      1337    243     1237
  SINCE JUL 1   6236                      6114    122     5291

 COOLING
  YESTERDAY        0                         0      0        0
  MONTH TO DATE    0                         0      0        0
  SINCE MAR 1      0                         1     -1        0
  SINCE JAN 1      0                         1     -1        0
..................................................................


WIND (MPH)
  RESULTANT WIND SPEED   8   RESULTANT WIND DIRECTION   E (80)
  HIGHEST WIND SPEED    20   HIGHEST WIND DIRECTION     S (190)
  HIGHEST GUST SPEED    28   HIGHEST GUST DIRECTION     E (70)
  AVERAGE WIND SPEED     9.9


SKY COVER
  POSSIBLE SUNSHINE  90 PERCENT
  AVERAGE SKY COVER 0.6


WEATHER CONDITIONS
 THE FOLLOWING WEATHER WAS RECORDED YESTERDAY.
  NO SIGNIFICANT WEATHER WAS OBSERVED.


RELATIVE HUMIDITY (PERCENT)
 HIGHEST    67          1100 PM
 LOWEST     29           500 PM
 AVERAGE    48

..........................................................


THE GRAND RAPIDS MI CLIMATE NORMALS FOR TODAY
                         NORMAL    RECORD    YEAR
 MAXIMUM TEMPERATURE (F)   62        86      1915
 MINIMUM TEMPERATURE (F)   41        25      2015


SUNRISE AND SUNSET
APRIL 24 2018.........SUNRISE   646 AM EDT   SUNSET   835 PM EDT
APRIL 25 2018.........SUNRISE   645 AM EDT   SUNSET   836 PM EDT


-  INDICATES NEGATIVE NUMBERS.
R  INDICATES RECORD WAS SET OR TIED.
MM INDICATES DATA IS MISSING.
T  INDICATES TRACE AMOUNT.




$$
