000
CDUS43 KGRR 090519
CLIGRR


CLIMATE REPORT
NATIONAL WEATHER SERVICE GRAND RAPIDS, MI
118 AM EDT MON APR 9 2018


...................................

...THE GRAND RAPIDS MI CLIMATE SUMMARY FOR APRIL 8 2018...

CLIMATE NORMAL PERIOD 1981 TO 2010
CLIMATE RECORD PERIOD 1892 TO 2018


WEATHER ITEM   OBSERVED TIME   RECORD YEAR NORMAL DEPARTURE LAST
                VALUE   (LST)  VALUE       VALUE  FROM      YEAR
                                                  NORMAL
..................................................................
TEMPERATURE (F)
 YESTERDAY
  MAXIMUM         41    430 PM  74    1931  55    -14       62
  MINIMUM         16    435 AM   7    1982  35    -19       27
  AVERAGE         29                        45    -16       45

PRECIPITATION (IN)
  YESTERDAY        0.00          1.47 2002   0.11  -0.11     0.00
  MONTH TO DATE    0.81                      0.84  -0.03     1.98
  SINCE MAR 1      1.97                      3.21  -1.24     5.25
  SINCE JAN 1      9.02                      7.09   1.93    10.81

SNOWFALL (IN)
  YESTERDAY        0.0           5.4  2016   0.1   -0.1      0.0
  MONTH TO DATE    3.0                       0.9    2.1      0.4
  SINCE MAR 1      7.9                       9.2   -1.3      5.1
  SINCE JUL 1     74.7                      74.0    0.7     60.1
  SNOW DEPTH       0

DEGREE DAYS
 HEATING
  YESTERDAY       36                        20     16       20
  MONTH TO DATE  277                       172    105      174
  SINCE MAR 1   1220                      1082    138     1095
  SINCE JUL 1   5876                      5859     17     5149

 COOLING
  YESTERDAY        0                         0      0        0
  MONTH TO DATE    0                         0      0        0
  SINCE MAR 1      0                         1     -1        0
  SINCE JAN 1      0                         1     -1        0
..................................................................


WIND (MPH)
  RESULTANT WIND SPEED   2   RESULTANT WIND DIRECTION   W (290)
  HIGHEST WIND SPEED    13   HIGHEST WIND DIRECTION     W (290)
  HIGHEST GUST SPEED    18   HIGHEST GUST DIRECTION     W (290)
  AVERAGE WIND SPEED     5.0


SKY COVER
  POSSIBLE SUNSHINE  84 PERCENT
  AVERAGE SKY COVER 0.4


WEATHER CONDITIONS
 THE FOLLOWING WEATHER WAS RECORDED YESTERDAY.
  NO SIGNIFICANT WEATHER WAS OBSERVED.


RELATIVE HUMIDITY (PERCENT)
 HIGHEST    81           800 AM
 LOWEST     27           600 PM
 AVERAGE    54

..........................................................


THE GRAND RAPIDS MI CLIMATE NORMALS FOR TODAY
                         NORMAL    RECORD    YEAR
 MAXIMUM TEMPERATURE (F)   55        79      1931
 MINIMUM TEMPERATURE (F)   35        18      1997


SUNRISE AND SUNSET
APRIL  9 2018.........SUNRISE   710 AM EDT   SUNSET   818 PM EDT
APRIL 10 2018.........SUNRISE   709 AM EDT   SUNSET   819 PM EDT


-  INDICATES NEGATIVE NUMBERS.
R  INDICATES RECORD WAS SET OR TIED.
MM INDICATES DATA IS MISSING.
T  INDICATES TRACE AMOUNT.




$$
