000
CDUS43 KGRR 160524
CLIGRR


CLIMATE REPORT
NATIONAL WEATHER SERVICE GRAND RAPIDS, MI
123 AM EDT MON APR 16 2018


...................................

...THE GRAND RAPIDS MI CLIMATE SUMMARY FOR APRIL 15 2018...

CLIMATE NORMAL PERIOD 1981 TO 2010
CLIMATE RECORD PERIOD 1892 TO 2018


WEATHER ITEM   OBSERVED TIME   RECORD YEAR NORMAL DEPARTURE LAST
                VALUE   (LST)  VALUE       VALUE  FROM      YEAR
                                                  NORMAL
..................................................................
TEMPERATURE (F)
 YESTERDAY
  MAXIMUM         35    413 PM  84    2003  58    -23       80
                                      2002
  MINIMUM         28    301 AM  18    1943  38    -10       50
  AVERAGE         32                        48    -16       65

PRECIPITATION (IN)
  YESTERDAY        0.63          1.40 1991   0.12   0.51     0.21
  MONTH TO DATE    2.66                      1.65   1.01     3.27
  SINCE MAR 1      3.82                      4.02  -0.20     6.54
  SINCE JAN 1     10.87                      7.90   2.97    12.10

SNOWFALL (IN)
  YESTERDAY        0.7           4.0  1919   0.0    0.7      0.0
  MONTH TO DATE    3.8                       1.4    2.4      0.4
  SINCE MAR 1      8.7                       9.7   -1.0      5.1
  SINCE JUL 1     75.5                      74.5    1.0     60.1
  SNOW DEPTH       0

DEGREE DAYS
 HEATING
  YESTERDAY       33                        17     16        0
  MONTH TO DATE  455                       301    154      237
  SINCE MAR 1   1398                      1211    187     1158
  SINCE JUL 1   6054                      5988     66     5212

 COOLING
  YESTERDAY        0                         0      0        0
  MONTH TO DATE    0                         0      0        0
  SINCE MAR 1      0                         1     -1        0
  SINCE JAN 1      0                         1     -1        0
..................................................................


WIND (MPH)
  RESULTANT WIND SPEED  17   RESULTANT WIND DIRECTION   E (70)
  HIGHEST WIND SPEED    35   HIGHEST WIND DIRECTION     E (70)
  HIGHEST GUST SPEED    43   HIGHEST GUST DIRECTION     E (70)
  AVERAGE WIND SPEED    14.7


SKY COVER
  POSSIBLE SUNSHINE   0 PERCENT
  AVERAGE SKY COVER 1.0


WEATHER CONDITIONS
 THE FOLLOWING WEATHER WAS RECORDED YESTERDAY.
  LIGHT RAIN
  FREEZING RAIN
  LT FREEZING RAIN
  SNOW
  LIGHT SNOW
  SLEET
  FOG


RELATIVE HUMIDITY (PERCENT)
 HIGHEST    92           200 AM
 LOWEST     85          1200 AM
 AVERAGE    89

..........................................................


THE GRAND RAPIDS MI CLIMATE NORMALS FOR TODAY
                         NORMAL    RECORD    YEAR
 MAXIMUM TEMPERATURE (F)   59        86      2002
 MINIMUM TEMPERATURE (F)   38        21      1904


SUNRISE AND SUNSET
APRIL 16 2018.........SUNRISE   659 AM EDT   SUNSET   826 PM EDT
APRIL 17 2018.........SUNRISE   657 AM EDT   SUNSET   827 PM EDT


-  INDICATES NEGATIVE NUMBERS.
R  INDICATES RECORD WAS SET OR TIED.
MM INDICATES DATA IS MISSING.
T  INDICATES TRACE AMOUNT.




$$
