000
CDUS43 KGRR 041006 CCA
CLIGRR

CLIMATE REPORT
NATIONAL WEATHER SERVICE GRAND RAPIDS, MI
119 AM EDT WED APR 4 2018


...................................

...THE GRAND RAPIDS MI CLIMATE SUMMARY FOR APRIL 3 2018...

CLIMATE NORMAL PERIOD 1981 TO 2010
CLIMATE RECORD PERIOD 1892 TO 2018


WEATHER ITEM   OBSERVED TIME   RECORD YEAR NORMAL DEPARTURE LAST
                VALUE   (LST)  VALUE       VALUE  FROM      YEAR
                                                  NORMAL
..................................................................
TEMPERATURE (F)
 YESTERDAY
  MAXIMUM         38   1148 AM  80    1999  53    -15       52
  MINIMUM         33   1159 PM  10    1965  33      0       45
  AVERAGE         36                        43     -7       49

PRECIPITATION (IN)
  YESTERDAY        0.62          1.16 2007   0.10   0.52     0.47
  MONTH TO DATE    0.62                      0.31   0.31     0.48
  SINCE MAR 1      1.78                      2.68  -0.90     3.75
  SINCE JAN 1      8.83                      6.56   2.27     9.31

SNOWFALL (IN)
  YESTERDAY        T             6.0  1926   0.1   -0.1      0.0
  MONTH TO DATE    T                         0.4   -0.4      0.0
  SINCE MAR 1      4.9                       8.7   -3.8      4.7
  SINCE JUL 1     71.7                      73.5   -1.8     59.7
  SNOW DEPTH       0

DEGREE DAYS
 HEATING
  YESTERDAY       29                        22      7       16
  MONTH TO DATE   98                        68     30       57
  SINCE MAR 1   1041                       978     63      978
  SINCE JUL 1   5697                      5755    -58     5032

 COOLING
  YESTERDAY        0                         0      0        0
  MONTH TO DATE    0                         0      0        0
  SINCE MAR 1      0                         1     -1        0
  SINCE JAN 1      0                         1     -1        0
..................................................................


WIND (MPH)
  RESULTANT WIND SPEED  13   RESULTANT WIND DIRECTION   E (80)
  HIGHEST WIND SPEED    26   HIGHEST WIND DIRECTION    NE (60)
  HIGHEST GUST SPEED    33   HIGHEST GUST DIRECTION    NE (60)
  AVERAGE WIND SPEED    13.7


SKY COVER
  POSSIBLE SUNSHINE   0 PERCENT
  AVERAGE SKY COVER 1.0


WEATHER CONDITIONS
 THE FOLLOWING WEATHER WAS RECORDED YESTERDAY.
  THUNDERSTORM
  HEAVY RAIN
  RAIN
  LIGHT RAIN
  HAIL
  FOG
  HAZE


RELATIVE HUMIDITY (PERCENT)
 HIGHEST    92           300 PM
 LOWEST     52          1200 AM
 AVERAGE    72

..........................................................


THE GRAND RAPIDS MI CLIMATE NORMALS FOR TODAY
                         NORMAL    RECORD    YEAR
 MAXIMUM TEMPERATURE (F)   53        77      1921
 MINIMUM TEMPERATURE (F)   34        13      1971


SUNRISE AND SUNSET
APRIL  4 2018.........SUNRISE   719 AM EDT   SUNSET   812 PM EDT
APRIL  5 2018.........SUNRISE   717 AM EDT   SUNSET   813 PM EDT


-  INDICATES NEGATIVE NUMBERS.
R  INDICATES RECORD WAS SET OR TIED.
MM INDICATES DATA IS MISSING.
T  INDICATES TRACE AMOUNT.




$$
