000
CXUS52 KRAH 031012 RRB
CLSGSO
CLIMATE REPORT
NATIONAL WEATHER SERVICE RALEIGH NC
507 AM EST FRI DEC 03 2021
...................................
...THE GREENSBORO NC CLIMATE SUMMARY FOR THE SEASON, FROM
9/1/2021 TO 11/30/2021...
CLIMATE NORMAL PERIOD 1991 TO 2020
CLIMATE RECORD PERIOD 1903 TO 2021
WEATHER OBSERVED NORMAL DEPART LAST YEAR`S
VALUE DATE(S) VALUE FROM VALUE
NORMAL
..............................................................
TEMPERATURE (F)
RECORD
HIGH 101 09/03/1921
09/02/1921
09/10/1897
LOW 10 11/25/1970
11/30/1929
HIGHEST 88 09/19
LOWEST 24 11/24
AVG. MAXIMUM 71.4 70.7 0.7
AVG. MINIMUM 50.0 49.9 0.1
MEAN 60.7 60.3 0.4
DAYS MAX >= 90 0 2.7 -2.7
DAYS MAX <= 32 0 0.0 0.0
DAYS MIN <= 32 12 8.2 3.8
DAYS MIN <= 0 0 0.0 0.0
PRECIPITATION (INCHES)
RECORD
MAXIMUM 22.85 2018
MINIMUM 1.33 1931
TOTALS 6.78 10.96 -4.18
DAYS >= .01 20 24.0 -4.0
DAYS >= 1.00 2 3.1 -1.1
GREATEST
24 HR. TOTAL 1.33 09/21 TO 09/22
DEGREE DAYS
HEATING TOTAL 622 670 -48
SINCE 7/1 622 669 -47
COOLING TOTAL 260 242 18
SINCE 1/1 1544 1552 -8
..............................................................
WIND (MPH)
AVERAGE WIND SPEED 6.1
HIGHEST WIND SPEED/DIRECTION 30/310 DATE 10/26
HIGHEST GUST SPEED/DIRECTION 37/270 DATE 10/25
SKY COVER
POSSIBLE SUNSHINE (PERCENT) MM
AVERAGE SKY COVER 0.50
NUMBER OF DAYS FAIR 31
NUMBER OF DAYS PC 37
NUMBER OF DAYS CLOUDY 23
AVERAGE RH (PERCENT) 67
WEATHER CONDITIONS. NUMBER OF DAYS WITH
THUNDERSTORM 7 MIXED PRECIP 0
HEAVY RAIN 9 RAIN 10
LIGHT RAIN 28 FREEZING RAIN 0
LT FREEZING RAIN 0 HAIL 0
HEAVY SNOW 0 SNOW 0
LIGHT SNOW 0 SLEET 0
FOG 31 FOG W/VIS <= 1/4 MILE 1
HAZE 8
- INDICATES NEGATIVE NUMBERS.
R INDICATES RECORD WAS SET OR TIED.
MM INDICATES DATA IS MISSING.
T INDICATES TRACE AMOUNT.
$$