000
CXGM50 PGUM 010109
CF6GUM
PRELIMINARY LOCAL CLIMATOLOGICAL DATA (WS FORM: F-6)
STATION: GUAM INTERNATIONAL AIRPORT
MONTH: FEBRUARY
YEAR: 2023
LATITUDE: 13 29 N
LONGITUDE: 144-48 E
TEMPERATURE IN F: :PCPN: SNOW: WIND :SUNSHINE: SKY :PK WND
================================================================================
1 2 3 4 5 6A 6B 7 8 9 10 11 12 13 14 15 16 17 18
12Z AVG MX 2MIN
DY MAX MIN AVG DEP HDD CDD WTR SNW DPTH SPD SPD DIR MIN PSBL S-S WX SPD DR
================================================================================
1 86 77 82 2 0 17 T 0.0 0 16.0 26 70 M M 3 35 80
2 85 76 81 1 0 16 0.16 0.0 0 15.3 26 80 M M 5 32 100
3 85 77 81 1 0 16 0.21 0.0 0 12.7 23 80 M M 3 28 60
4 85 76 81 1 0 16 0.03 0.0 0 13.2 23 60 M M 3 30 70
5 86 78 82 2 0 17 0.00 0.0 0 13.5 22 70 M M 1 28 60
6 86 77 82 2 0 17 0.06 0.0 0 15.6 26 70 M M 3 33 70
7 86 73 80 0 0 15 0.23 0.0 0 13.7 25 90 M M 3 36 100
8 87 76 82 2 0 17 0.01 0.0 0 13.1 22 40 M M 3 29 60
9 86 75 81 1 0 16 0.08 0.0 0 14.5 25 50 M M 3 30 80
10 86 74 80 0 0 15 0.72 0.0 0 15.3 29 60 M M 5 37 70
11 86 75 81 1 0 16 T 0.0 0 13.3 24 70 M M 4 29 70
12 85 78 82 2 0 17 0.01 0.0 0 13.3 23 60 M M 4 27 60
13 85 78 82 2 0 17 0.00 0.0 0 13.9 24 70 M M 2 30 60
14 87 76 82 2 0 17 0.31 0.0 0 15.0 24 80 M M 5 31 60
15 80 75 78 -2 0 13 1.84 0.0 0 9.9 23 80 M M 8 30 80
16 83 75 79 -1 0 14 0.64 0.0 0 12.0 23 90 M M 6 30 90
17 85 79 82 2 0 17 T 0.0 0 14.4 23 80 M M 4 30 70
18 85 76 81 1 0 16 0.06 0.0 0 14.4 23 50 M M 4 29 60
19 85 75 80 0 0 15 0.16 0.0 0 17.4 29 70 M M 4 37 70
20 85 77 81 1 0 16 0.06 0.0 0 14.5 24 70 M M 6 30 80
21 84 76 80 0 0 15 0.39 0.0 0 12.5 23 80 M M 6 29 80
22 83 75 79 -1 0 14 0.17 0.0 0 12.8 25 50 M M 6 32 30
23 86 74 80 0 0 15 0.05 0.0 0 14.5 25 70 M M 6 32 70
24 85 75 80 0 0 15 0.24 0.0 0 12.5 23 90 M M 6 29 80
25 85 78 82 2 0 17 T 0.0 0 13.0 21 80 M M 4 29 90
26 85 75 80 0 0 15 0.05 0.0 0 10.5 21 70 M M 5 24 60
27 84 74 79 -1 0 14 0.20 0.0 0 12.8 25 50 M M 5 31 50
28 86 76 81 1 0 16 0.01 0.0 0 13.8 23 50 M M 2 27 60
================================================================================
SM 2382 2126 0 441 5.69 0.0 383.4 M 119
================================================================================
AV 85.1 75.9 13.7 FASTST M M 4 MAX(MPH)
MISC ----> # 29 60 # 37 70
================================================================================
NOTES:
# LAST OF SEVERAL OCCURRENCES
COLUMN 17 PEAK WIND IN M.P.H.
PRELIMINARY LOCAL CLIMATOLOGICAL DATA (WS FORM: F-6) , PAGE 2
STATION: GUAM INTERNATIONAL AIRPORT
MONTH: FEBRUARY
YEAR: 2023
LATITUDE: 13 29 N
LONGITUDE: 144-48 E
[TEMPERATURE DATA] [PRECIPITATION DATA] SYMBOLS USED IN COLUMN 16
AVERAGE MONTHLY: 80.5 TOTAL FOR MONTH: 5.69 1 = FOG OR MIST
DPTR FM NORMAL: 0.4 DPTR FM NORMAL: 1.54 2 = FOG REDUCING VISIBILITY
HIGHEST: 87 ON 14, 8 GRTST 24HR 2.17 ON 14-15 TO 1/4 MILE OR LESS
LOWEST: 73 ON 7 3 = THUNDER
SNOW, ICE PELLETS, HAIL 4 = ICE PELLETS
TOTAL MONTH: 0.0 INCH 5 = HAIL
GRTST 24HR 0.0 6 = FREEZING RAIN OR DRIZZLE
GRTST DEPTH: 0 7 = DUSTSTORM OR SANDSTORM:
VSBY 1/2 MILE OR LESS
8 = SMOKE OR HAZE
[NO. OF DAYS WITH] [WEATHER - DAYS WITH] 9 = BLOWING SNOW
X = TORNADO
MAX 32 OR BELOW: 0 0.01 INCH OR MORE: 22
MAX 90 OR ABOVE: 0 0.10 INCH OR MORE: 12
MIN 32 OR BELOW: 0 0.50 INCH OR MORE: 3
MIN 0 OR BELOW: 0 1.00 INCH OR MORE: 1
[HDD (BASE 65) ]
TOTAL THIS MO. 0 CLEAR (SCALE 0-3) 8
DPTR FM NORMAL 0 PTCLDY (SCALE 4-7) 19
TOTAL FM JUL 1 0 CLOUDY (SCALE 8-10) 1
DPTR FM NORMAL 0
[CDD (BASE 65) ]
TOTAL THIS MO. 441
DPTR FM NORMAL 17 [PRESSURE DATA]
TOTAL FM JAN 1 921 HIGHEST SLP 29.94 ON 1
DPTR FM NORMAL 25 LOWEST SLP 29.83 ON 1
[REMARKS]
#FINAL-02-23#