000
CXUS52 KFFC 011110
CF6GVL
PRELIMINARY LOCAL CLIMATOLOGICAL DATA (WS FORM: F-6)
STATION: GAINESVILLE
MONTH: FEBRUARY
YEAR: 2022
LATITUDE: 34 16 N
LONGITUDE: 83 50 W
TEMPERATURE IN F: :PCPN: SNOW: WIND :SUNSHINE: SKY :PK WND
================================================================================
1 2 3 4 5 6A 6B 7 8 9 10 11 12 13 14 15 16 17 18
12Z AVG MX 2MIN
DY MAX MIN AVG DEP HDD CDD WTR SNW DPTH SPD SPD DIR MIN PSBL S-S WX SPD DR
================================================================================
1 56 34 45 2 20 0 0.00 M M M M M M M 0 M M
2 49 42 46 3 19 0 0.26 M M M 17 80 M M 9 24 80
3 62 44 53 9 12 0 1.86 M M 7.7 16 90 M M 10 123 31 200
4 63 35 49 5 16 0 0.81 M M 10.7 20 260 M M 9 1 33 270
5 48 28 38 -6 27 0 0.00 M M 9.3 18 330 M M 0 33 290
6 47 29 38 -6 27 0 0.00 M M 9.1 17 90 M M 3 32 110
7 51 39 45 1 20 0 0.00 M M 6.5 13 260 M M 4 17 280
8 56 33 45 1 20 0 0.00 M M 6.6 12 360 M M 0 21 350
9 59 30 45 1 20 0 0.00 M M 5.5 17 260 M M 0 25 270
10 64 36 50 5 15 0 0.00 M M 7.9 21 260 M M 0 8 35 270
11 67 36 52 7 13 0 0.00 M M 4.5 17 280 M M 0 23 280
12 68 43 56 11 9 0 0.00 M M 6.8 15 270 M M 0 21 260
13 50 35 43 -2 22 0 T M M 9.7 18 330 M M 2 32 300
14 53 30 42 -3 23 0 0.00 M M 9.1 21 270 M M 0 32 260
15 58 33 46 0 19 0 0.00 M M 5.9 12 90 M M 0 17 70
16 64 41 53 7 12 0 0.00 M M 8.2 14 90 M M 5 21 100
17 68 52 60 14 5 0 0.80 M M 7.2 20 250 M M 9 1 37 160
18 61 31 46 0 19 0 0.12 M M 11.9 22 270 M M 4 1 35 300
19 58 28 43 -3 22 0 0.00 M M 8.6 18 310 M M 0 28 360
20 57 32 45 -2 20 0 0.00 M M 6.3 15 90 M M 0 21 140
21 53 38 46 -1 19 0 0.68 M M 5.1 12 80 M M 6 1 17 110
22 69 51 60 13 5 0 0.09 M M 3.9 8 190 M M 8 128 13 200
23 74 57 66 19 0 1 0.37 M M 5.3 14 320 M M 5 1 18 330
24 74 57 66 18 0 1 0.00 M M 3.8 13 250 M M 5 1 17 260
25 65 43 54 6 11 0 T M M 10.4 20 260 M M 3 18 32 270
26 64 39 52 4 13 0 0.00 M M 6.9 14 80 M M 7 19 110
27 54 47 51 3 14 0 0.95 M M 4.7 12 90 M M 10 1 16 130
28 62 44 53 4 12 0 0.01 M M 2.6 9 80 M M 4 1 13 80
================================================================================
SM 1674 1087 434 2 5.95 M 184.2 M 103
================================================================================
AV 59.8 38.8 7.1 FASTST M M 4 MAX(MPH)
MISC ----> 22 270 37 160
================================================================================
NOTES:
# LAST OF SEVERAL OCCURRENCES
COLUMN 17 PEAK WIND IN M.P.H.
PRELIMINARY LOCAL CLIMATOLOGICAL DATA (WS FORM: F-6) , PAGE 2
STATION: GAINESVILLE
MONTH: FEBRUARY
YEAR: 2022
LATITUDE: 34 16 N
LONGITUDE: 83 50 W
[TEMPERATURE DATA] [PRECIPITATION DATA] SYMBOLS USED IN COLUMN 16
AVERAGE MONTHLY: 49.3 TOTAL FOR MONTH: 5.95 1 = FOG OR MIST
DPTR FM NORMAL: 3.6 DPTR FM NORMAL: 1.30 2 = FOG REDUCING VISIBILITY
HIGHEST: 74 ON 24,23 GRTST 24HR 2.44 ON 3- 4 TO 1/4 MILE OR LESS
LOWEST: 28 ON 19, 5 3 = THUNDER
SNOW, ICE PELLETS, HAIL 4 = ICE PELLETS
TOTAL MONTH: M 5 = HAIL
GRTST 24HR M ON M 6 = FREEZING RAIN OR DRIZZLE
GRTST DEPTH: M ON M 7 = DUSTSTORM OR SANDSTORM:
VSBY 1/2 MILE OR LESS
8 = SMOKE OR HAZE
[NO. OF DAYS WITH] [WEATHER - DAYS WITH] 9 = BLOWING SNOW
X = TORNADO
MAX 32 OR BELOW: 0 0.01 INCH OR MORE: 10
MAX 90 OR ABOVE: 0 0.10 INCH OR MORE: 8
MIN 32 OR BELOW: 7 0.50 INCH OR MORE: 5
MIN 0 OR BELOW: 0 1.00 INCH OR MORE: 1
[HDD (BASE 65) ]
TOTAL THIS MO. 434 CLEAR (SCALE 0-3) 13
DPTR FM NORMAL -108 PTCLDY (SCALE 4-7) 10
TOTAL FM JUL 1 1925 CLOUDY (SCALE 8-10) 5
DPTR FM NORMAL -491
[CDD (BASE 65) ]
TOTAL THIS MO. 2
DPTR FM NORMAL 2 [PRESSURE DATA]
TOTAL FM JAN 1 6 HIGHEST SLP 30.59 ON 15
DPTR FM NORMAL 6 LOWEST SLP 29.78 ON 17
[REMARKS]
#FINAL-02-22#